{"id":7239,"date":"2025-05-08T16:05:45","date_gmt":"2025-05-08T14:05:45","guid":{"rendered":"https:\/\/ugwp.cfolks.pl\/bwb\/?post_type=product&#038;p=7239"},"modified":"2025-05-08T16:31:51","modified_gmt":"2025-05-08T14:31:51","slug":"kotew-srubowa-tuleja-gwintowana-z-zacisnieta-sruba-z-lbem-szesciokatnym-z-kolnierzem","status":"publish","type":"product","link":"https:\/\/ugwp.cfolks.pl\/bwb\/produkt\/kotew-srubowa-tuleja-gwintowana-z-zacisnieta-sruba-z-lbem-szesciokatnym-z-kolnierzem\/","title":{"rendered":"Kotew \u015brubowa \u2013 tuleja gwintowana z zaci\u015bni\u0119t\u0105 \u015brub\u0105 z \u0142bem sze\u015bciok\u0105tnym z ko\u0142nierzem"},"content":{"rendered":"","protected":false},"excerpt":{"rendered":"","protected":false},"featured_media":7240,"template":"","meta":{"_acf_changed":false},"product_cat":[130],"product_tag":[],"class_list":{"0":"post-7239","1":"product","2":"type-product","3":"status-publish","4":"has-post-thumbnail","6":"product_cat-systemy-transportowo-montazowe","8":"first","9":"instock","10":"shipping-taxable","11":"product-type-simple"},"acf":[],"yoast_head":"<!-- This site is optimized with the Yoast SEO plugin v27.3 - https:\/\/yoast.com\/product\/yoast-seo-wordpress\/ -->\n<title>Tuleja Gwintowana z Zaci\u015bni\u0119t\u0105 \u015arub\u0105 z \u0141bem - z Ko\u0142nierzem<\/title>\n<meta name=\"description\" content=\"Kotew \u015brubowa - tuleja gwintowana z zaci\u015bni\u0119t\u0105 \u015brub\u0105 z \u0142bem sze\u015bciok\u0105tnym z ko\u0142nierzem. Trwa\u0142e mocowanie. Sprawd\u017a ofert\u0119 i zam\u00f3w online!\" \/>\n<meta name=\"robots\" content=\"noindex, follow, max-snippet:-1, max-image-preview:large, max-video-preview:-1\" \/>\n<meta property=\"og:locale\" content=\"pl_PL\" \/>\n<meta property=\"og:type\" content=\"article\" \/>\n<meta property=\"og:title\" content=\"Tuleja Gwintowana z Zaci\u015bni\u0119t\u0105 \u015arub\u0105 z \u0141bem - z Ko\u0142nierzem\" \/>\n<meta property=\"og:description\" content=\"Kotew \u015brubowa - tuleja gwintowana z zaci\u015bni\u0119t\u0105 \u015brub\u0105 z \u0142bem sze\u015bciok\u0105tnym z ko\u0142nierzem. Trwa\u0142e mocowanie. Sprawd\u017a ofert\u0119 i zam\u00f3w online!\" \/>\n<meta property=\"og:url\" content=\"https:\/\/ugwp.cfolks.pl\/bwb\/produkt\/kotew-srubowa-tuleja-gwintowana-z-zacisnieta-sruba-z-lbem-szesciokatnym-z-kolnierzem\/\" \/>\n<meta property=\"og:site_name\" content=\"BWB technology\" \/>\n<meta property=\"article:modified_time\" content=\"2025-05-08T14:31:51+00:00\" \/>\n<meta property=\"og:image\" content=\"https:\/\/ugwp.cfolks.pl\/bwb\/wp-content\/uploads\/Kotew-srubowa-\u2013-tuleja-gwintowana-z-zacisnieta-sruba-z-lbem-szesciokatnym-z-kolnierzem.jpg\" \/>\n\t<meta property=\"og:image:width\" content=\"1100\" \/>\n\t<meta property=\"og:image:height\" content=\"810\" \/>\n\t<meta property=\"og:image:type\" content=\"image\/jpeg\" \/>\n<meta name=\"twitter:card\" content=\"summary_large_image\" \/>\n<meta name=\"twitter:label1\" content=\"Szacowany czas czytania\" \/>\n\t<meta name=\"twitter:data1\" content=\"1 minuta\" \/>\n<script type=\"application\/ld+json\" class=\"yoast-schema-graph\">{\"@context\":\"https:\\\/\\\/schema.org\",\"@graph\":[{\"@type\":\"WebPage\",\"@id\":\"https:\\\/\\\/ugwp.cfolks.pl\\\/bwb\\\/produkt\\\/kotew-srubowa-tuleja-gwintowana-z-zacisnieta-sruba-z-lbem-szesciokatnym-z-kolnierzem\\\/\",\"url\":\"https:\\\/\\\/ugwp.cfolks.pl\\\/bwb\\\/produkt\\\/kotew-srubowa-tuleja-gwintowana-z-zacisnieta-sruba-z-lbem-szesciokatnym-z-kolnierzem\\\/\",\"name\":\"Tuleja Gwintowana z Zaci\u015bni\u0119t\u0105 \u015arub\u0105 z \u0141bem - z Ko\u0142nierzem\",\"isPartOf\":{\"@id\":\"https:\\\/\\\/ugwp.cfolks.pl\\\/bwb\\\/#website\"},\"primaryImageOfPage\":{\"@id\":\"https:\\\/\\\/ugwp.cfolks.pl\\\/bwb\\\/produkt\\\/kotew-srubowa-tuleja-gwintowana-z-zacisnieta-sruba-z-lbem-szesciokatnym-z-kolnierzem\\\/#primaryimage\"},\"image\":{\"@id\":\"https:\\\/\\\/ugwp.cfolks.pl\\\/bwb\\\/produkt\\\/kotew-srubowa-tuleja-gwintowana-z-zacisnieta-sruba-z-lbem-szesciokatnym-z-kolnierzem\\\/#primaryimage\"},\"thumbnailUrl\":\"https:\\\/\\\/ugwp.cfolks.pl\\\/bwb\\\/wp-content\\\/uploads\\\/Kotew-srubowa-\u2013-tuleja-gwintowana-z-zacisnieta-sruba-z-lbem-szesciokatnym-z-kolnierzem.jpg\",\"datePublished\":\"2025-05-08T14:05:45+00:00\",\"dateModified\":\"2025-05-08T14:31:51+00:00\",\"description\":\"Kotew \u015brubowa - tuleja gwintowana z zaci\u015bni\u0119t\u0105 \u015brub\u0105 z \u0142bem sze\u015bciok\u0105tnym z ko\u0142nierzem. Trwa\u0142e mocowanie. Sprawd\u017a ofert\u0119 i zam\u00f3w online!\",\"breadcrumb\":{\"@id\":\"https:\\\/\\\/ugwp.cfolks.pl\\\/bwb\\\/produkt\\\/kotew-srubowa-tuleja-gwintowana-z-zacisnieta-sruba-z-lbem-szesciokatnym-z-kolnierzem\\\/#breadcrumb\"},\"inLanguage\":\"pl-PL\",\"potentialAction\":[{\"@type\":\"ReadAction\",\"target\":[\"https:\\\/\\\/ugwp.cfolks.pl\\\/bwb\\\/produkt\\\/kotew-srubowa-tuleja-gwintowana-z-zacisnieta-sruba-z-lbem-szesciokatnym-z-kolnierzem\\\/\"]}]},{\"@type\":\"ImageObject\",\"inLanguage\":\"pl-PL\",\"@id\":\"https:\\\/\\\/ugwp.cfolks.pl\\\/bwb\\\/produkt\\\/kotew-srubowa-tuleja-gwintowana-z-zacisnieta-sruba-z-lbem-szesciokatnym-z-kolnierzem\\\/#primaryimage\",\"url\":\"https:\\\/\\\/ugwp.cfolks.pl\\\/bwb\\\/wp-content\\\/uploads\\\/Kotew-srubowa-\u2013-tuleja-gwintowana-z-zacisnieta-sruba-z-lbem-szesciokatnym-z-kolnierzem.jpg\",\"contentUrl\":\"https:\\\/\\\/ugwp.cfolks.pl\\\/bwb\\\/wp-content\\\/uploads\\\/Kotew-srubowa-\u2013-tuleja-gwintowana-z-zacisnieta-sruba-z-lbem-szesciokatnym-z-kolnierzem.jpg\",\"width\":1100,\"height\":810,\"caption\":\"Kotew \u015brubowa \u2013 tuleja gwintowana z zaci\u015bni\u0119t\u0105 \u015brub\u0105 z \u0142bem sze\u015bciok\u0105tnym z ko\u0142nierzem\"},{\"@type\":\"BreadcrumbList\",\"@id\":\"https:\\\/\\\/ugwp.cfolks.pl\\\/bwb\\\/produkt\\\/kotew-srubowa-tuleja-gwintowana-z-zacisnieta-sruba-z-lbem-szesciokatnym-z-kolnierzem\\\/#breadcrumb\",\"itemListElement\":[{\"@type\":\"ListItem\",\"position\":1,\"name\":\"Strona g\u0142\u00f3wna\",\"item\":\"https:\\\/\\\/ugwp.cfolks.pl\\\/bwb\\\/\"},{\"@type\":\"ListItem\",\"position\":2,\"name\":\"Systemy transportowo-monta\u017cowe\",\"item\":\"https:\\\/\\\/ugwp.cfolks.pl\\\/bwb\\\/kategoria\\\/systemy-transportowo-montazowe\\\/\"},{\"@type\":\"ListItem\",\"position\":3,\"name\":\"Kotew \u015brubowa \u2013 tuleja gwintowana z zaci\u015bni\u0119t\u0105 \u015brub\u0105 z \u0142bem sze\u015bciok\u0105tnym z ko\u0142nierzem\"}]},{\"@type\":\"WebSite\",\"@id\":\"https:\\\/\\\/ugwp.cfolks.pl\\\/bwb\\\/#website\",\"url\":\"https:\\\/\\\/ugwp.cfolks.pl\\\/bwb\\\/\",\"name\":\"BWB technology\",\"description\":\"Kolejna witryna oparta na WordPressie\",\"potentialAction\":[{\"@type\":\"SearchAction\",\"target\":{\"@type\":\"EntryPoint\",\"urlTemplate\":\"https:\\\/\\\/ugwp.cfolks.pl\\\/bwb\\\/?s={search_term_string}\"},\"query-input\":{\"@type\":\"PropertyValueSpecification\",\"valueRequired\":true,\"valueName\":\"search_term_string\"}}],\"inLanguage\":\"pl-PL\"}]}<\/script>\n<!-- \/ Yoast SEO plugin. -->","yoast_head_json":{"title":"Tuleja Gwintowana z Zaci\u015bni\u0119t\u0105 \u015arub\u0105 z \u0141bem - z Ko\u0142nierzem","description":"Kotew \u015brubowa - tuleja gwintowana z zaci\u015bni\u0119t\u0105 \u015brub\u0105 z \u0142bem sze\u015bciok\u0105tnym z ko\u0142nierzem. Trwa\u0142e mocowanie. Sprawd\u017a ofert\u0119 i zam\u00f3w online!","robots":{"index":"noindex","follow":"follow","max-snippet":"max-snippet:-1","max-image-preview":"max-image-preview:large","max-video-preview":"max-video-preview:-1"},"og_locale":"pl_PL","og_type":"article","og_title":"Tuleja Gwintowana z Zaci\u015bni\u0119t\u0105 \u015arub\u0105 z \u0141bem - z Ko\u0142nierzem","og_description":"Kotew \u015brubowa - tuleja gwintowana z zaci\u015bni\u0119t\u0105 \u015brub\u0105 z \u0142bem sze\u015bciok\u0105tnym z ko\u0142nierzem. Trwa\u0142e mocowanie. Sprawd\u017a ofert\u0119 i zam\u00f3w online!","og_url":"https:\/\/ugwp.cfolks.pl\/bwb\/produkt\/kotew-srubowa-tuleja-gwintowana-z-zacisnieta-sruba-z-lbem-szesciokatnym-z-kolnierzem\/","og_site_name":"BWB technology","article_modified_time":"2025-05-08T14:31:51+00:00","og_image":[{"width":1100,"height":810,"url":"https:\/\/ugwp.cfolks.pl\/bwb\/wp-content\/uploads\/Kotew-srubowa-\u2013-tuleja-gwintowana-z-zacisnieta-sruba-z-lbem-szesciokatnym-z-kolnierzem.jpg","type":"image\/jpeg"}],"twitter_card":"summary_large_image","twitter_misc":{"Szacowany czas czytania":"1 minuta"},"schema":{"@context":"https:\/\/schema.org","@graph":[{"@type":"WebPage","@id":"https:\/\/ugwp.cfolks.pl\/bwb\/produkt\/kotew-srubowa-tuleja-gwintowana-z-zacisnieta-sruba-z-lbem-szesciokatnym-z-kolnierzem\/","url":"https:\/\/ugwp.cfolks.pl\/bwb\/produkt\/kotew-srubowa-tuleja-gwintowana-z-zacisnieta-sruba-z-lbem-szesciokatnym-z-kolnierzem\/","name":"Tuleja Gwintowana z Zaci\u015bni\u0119t\u0105 \u015arub\u0105 z \u0141bem - z Ko\u0142nierzem","isPartOf":{"@id":"https:\/\/ugwp.cfolks.pl\/bwb\/#website"},"primaryImageOfPage":{"@id":"https:\/\/ugwp.cfolks.pl\/bwb\/produkt\/kotew-srubowa-tuleja-gwintowana-z-zacisnieta-sruba-z-lbem-szesciokatnym-z-kolnierzem\/#primaryimage"},"image":{"@id":"https:\/\/ugwp.cfolks.pl\/bwb\/produkt\/kotew-srubowa-tuleja-gwintowana-z-zacisnieta-sruba-z-lbem-szesciokatnym-z-kolnierzem\/#primaryimage"},"thumbnailUrl":"https:\/\/ugwp.cfolks.pl\/bwb\/wp-content\/uploads\/Kotew-srubowa-\u2013-tuleja-gwintowana-z-zacisnieta-sruba-z-lbem-szesciokatnym-z-kolnierzem.jpg","datePublished":"2025-05-08T14:05:45+00:00","dateModified":"2025-05-08T14:31:51+00:00","description":"Kotew \u015brubowa - tuleja gwintowana z zaci\u015bni\u0119t\u0105 \u015brub\u0105 z \u0142bem sze\u015bciok\u0105tnym z ko\u0142nierzem. Trwa\u0142e mocowanie. Sprawd\u017a ofert\u0119 i zam\u00f3w online!","breadcrumb":{"@id":"https:\/\/ugwp.cfolks.pl\/bwb\/produkt\/kotew-srubowa-tuleja-gwintowana-z-zacisnieta-sruba-z-lbem-szesciokatnym-z-kolnierzem\/#breadcrumb"},"inLanguage":"pl-PL","potentialAction":[{"@type":"ReadAction","target":["https:\/\/ugwp.cfolks.pl\/bwb\/produkt\/kotew-srubowa-tuleja-gwintowana-z-zacisnieta-sruba-z-lbem-szesciokatnym-z-kolnierzem\/"]}]},{"@type":"ImageObject","inLanguage":"pl-PL","@id":"https:\/\/ugwp.cfolks.pl\/bwb\/produkt\/kotew-srubowa-tuleja-gwintowana-z-zacisnieta-sruba-z-lbem-szesciokatnym-z-kolnierzem\/#primaryimage","url":"https:\/\/ugwp.cfolks.pl\/bwb\/wp-content\/uploads\/Kotew-srubowa-\u2013-tuleja-gwintowana-z-zacisnieta-sruba-z-lbem-szesciokatnym-z-kolnierzem.jpg","contentUrl":"https:\/\/ugwp.cfolks.pl\/bwb\/wp-content\/uploads\/Kotew-srubowa-\u2013-tuleja-gwintowana-z-zacisnieta-sruba-z-lbem-szesciokatnym-z-kolnierzem.jpg","width":1100,"height":810,"caption":"Kotew \u015brubowa \u2013 tuleja gwintowana z zaci\u015bni\u0119t\u0105 \u015brub\u0105 z \u0142bem sze\u015bciok\u0105tnym z ko\u0142nierzem"},{"@type":"BreadcrumbList","@id":"https:\/\/ugwp.cfolks.pl\/bwb\/produkt\/kotew-srubowa-tuleja-gwintowana-z-zacisnieta-sruba-z-lbem-szesciokatnym-z-kolnierzem\/#breadcrumb","itemListElement":[{"@type":"ListItem","position":1,"name":"Strona g\u0142\u00f3wna","item":"https:\/\/ugwp.cfolks.pl\/bwb\/"},{"@type":"ListItem","position":2,"name":"Systemy transportowo-monta\u017cowe","item":"https:\/\/ugwp.cfolks.pl\/bwb\/kategoria\/systemy-transportowo-montazowe\/"},{"@type":"ListItem","position":3,"name":"Kotew \u015brubowa \u2013 tuleja gwintowana z zaci\u015bni\u0119t\u0105 \u015brub\u0105 z \u0142bem sze\u015bciok\u0105tnym z ko\u0142nierzem"}]},{"@type":"WebSite","@id":"https:\/\/ugwp.cfolks.pl\/bwb\/#website","url":"https:\/\/ugwp.cfolks.pl\/bwb\/","name":"BWB technology","description":"Kolejna witryna oparta na WordPressie","potentialAction":[{"@type":"SearchAction","target":{"@type":"EntryPoint","urlTemplate":"https:\/\/ugwp.cfolks.pl\/bwb\/?s={search_term_string}"},"query-input":{"@type":"PropertyValueSpecification","valueRequired":true,"valueName":"search_term_string"}}],"inLanguage":"pl-PL"}]}},"_links":{"self":[{"href":"https:\/\/ugwp.cfolks.pl\/bwb\/wp-json\/wp\/v2\/product\/7239","targetHints":{"allow":["GET"]}}],"collection":[{"href":"https:\/\/ugwp.cfolks.pl\/bwb\/wp-json\/wp\/v2\/product"}],"about":[{"href":"https:\/\/ugwp.cfolks.pl\/bwb\/wp-json\/wp\/v2\/types\/product"}],"wp:featuredmedia":[{"embeddable":true,"href":"https:\/\/ugwp.cfolks.pl\/bwb\/wp-json\/wp\/v2\/media\/7240"}],"wp:attachment":[{"href":"https:\/\/ugwp.cfolks.pl\/bwb\/wp-json\/wp\/v2\/media?parent=7239"}],"wp:term":[{"taxonomy":"product_cat","embeddable":true,"href":"https:\/\/ugwp.cfolks.pl\/bwb\/wp-json\/wp\/v2\/product_cat?post=7239"},{"taxonomy":"product_tag","embeddable":true,"href":"https:\/\/ugwp.cfolks.pl\/bwb\/wp-json\/wp\/v2\/product_tag?post=7239"}],"curies":[{"name":"wp","href":"https:\/\/api.w.org\/{rel}","templated":true}]}}