{"id":6801,"date":"2024-09-30T15:42:10","date_gmt":"2024-09-30T13:42:10","guid":{"rendered":"https:\/\/ugwp.cfolks.pl\/bwb\/?post_type=product&#038;p=6801"},"modified":"2024-11-06T16:48:58","modified_gmt":"2024-11-06T15:48:58","slug":"system-rur-ogrodowych-kraso-bkp","status":"publish","type":"product","link":"https:\/\/ugwp.cfolks.pl\/bwb\/produkt\/system-rur-ogrodowych-kraso-bkp\/","title":{"rendered":"System rur ogrodowych KRASO\u00ae BKP"},"content":{"rendered":"","protected":false},"excerpt":{"rendered":"<p>System rur elastycznych s\u0142u\u017c\u0105cy do ochrony przewod\u00f3w, jako przed\u0142u\u017cenie systemu przy\u0142\u0105czy \u015bciennych i pod\u0142ogowych Kraso\u00ae \u2013 ogr\u00f3d, 10 metr\u00f3w w\u0119\u017ca ochronnego kabla DN 75<\/p>\n","protected":false},"featured_media":6923,"template":"","meta":{"_acf_changed":false},"product_cat":[142,129],"product_tag":[],"class_list":{"0":"post-6801","1":"product","2":"type-product","3":"status-publish","4":"has-post-thumbnail","6":"product_cat-systemy-przylaczy-domowych","7":"product_cat-wodoszczelne-przejscia-instalacyjne","9":"first","10":"instock","11":"shipping-taxable","12":"product-type-simple"},"acf":[],"yoast_head":"<!-- This site is optimized with the Yoast SEO plugin v27.3 - https:\/\/yoast.com\/product\/yoast-seo-wordpress\/ -->\n<title>System Rur Ogrodowych KRASO\u00ae BKP Niezawodne Rozwi\u0105zania!<\/title>\n<meta name=\"description\" content=\"System rur ogrodowych KRASO\u00ae BKP \u2013 do przy\u0142\u0105czy \u015bciennych i pod\u0142ogowych. Zainwestuj w solidne rozwi\u0105zania. Sprawd\u017a nasz\u0105 ofert\u0119!\" \/>\n<meta name=\"robots\" content=\"noindex, follow, max-snippet:-1, max-image-preview:large, max-video-preview:-1\" \/>\n<meta property=\"og:locale\" content=\"pl_PL\" \/>\n<meta property=\"og:type\" content=\"article\" \/>\n<meta property=\"og:title\" content=\"System Rur Ogrodowych KRASO\u00ae BKP Niezawodne Rozwi\u0105zania!\" \/>\n<meta property=\"og:description\" content=\"System rur ogrodowych KRASO\u00ae BKP \u2013 do przy\u0142\u0105czy \u015bciennych i pod\u0142ogowych. Zainwestuj w solidne rozwi\u0105zania. Sprawd\u017a nasz\u0105 ofert\u0119!\" \/>\n<meta property=\"og:url\" content=\"https:\/\/ugwp.cfolks.pl\/bwb\/produkt\/system-rur-ogrodowych-kraso-bkp\/\" \/>\n<meta property=\"og:site_name\" content=\"BWB technology\" \/>\n<meta property=\"article:modified_time\" content=\"2024-11-06T15:48:58+00:00\" \/>\n<meta property=\"og:image\" content=\"https:\/\/ugwp.cfolks.pl\/bwb\/wp-content\/uploads\/System-rur-ogrodowych-KRASO\u00ae-BKP.jpg\" \/>\n\t<meta property=\"og:image:width\" content=\"1100\" \/>\n\t<meta property=\"og:image:height\" content=\"810\" \/>\n\t<meta property=\"og:image:type\" content=\"image\/jpeg\" \/>\n<meta name=\"twitter:card\" content=\"summary_large_image\" \/>\n<script type=\"application\/ld+json\" class=\"yoast-schema-graph\">{\"@context\":\"https:\\\/\\\/schema.org\",\"@graph\":[{\"@type\":\"WebPage\",\"@id\":\"https:\\\/\\\/ugwp.cfolks.pl\\\/bwb\\\/produkt\\\/system-rur-ogrodowych-kraso-bkp\\\/\",\"url\":\"https:\\\/\\\/ugwp.cfolks.pl\\\/bwb\\\/produkt\\\/system-rur-ogrodowych-kraso-bkp\\\/\",\"name\":\"System Rur Ogrodowych KRASO\u00ae BKP Niezawodne Rozwi\u0105zania!\",\"isPartOf\":{\"@id\":\"https:\\\/\\\/ugwp.cfolks.pl\\\/bwb\\\/#website\"},\"primaryImageOfPage\":{\"@id\":\"https:\\\/\\\/ugwp.cfolks.pl\\\/bwb\\\/produkt\\\/system-rur-ogrodowych-kraso-bkp\\\/#primaryimage\"},\"image\":{\"@id\":\"https:\\\/\\\/ugwp.cfolks.pl\\\/bwb\\\/produkt\\\/system-rur-ogrodowych-kraso-bkp\\\/#primaryimage\"},\"thumbnailUrl\":\"https:\\\/\\\/ugwp.cfolks.pl\\\/bwb\\\/wp-content\\\/uploads\\\/System-rur-ogrodowych-KRASO\u00ae-BKP.jpg\",\"datePublished\":\"2024-09-30T13:42:10+00:00\",\"dateModified\":\"2024-11-06T15:48:58+00:00\",\"description\":\"System rur ogrodowych KRASO\u00ae BKP \u2013 do przy\u0142\u0105czy \u015bciennych i pod\u0142ogowych. Zainwestuj w solidne rozwi\u0105zania. Sprawd\u017a nasz\u0105 ofert\u0119!\",\"breadcrumb\":{\"@id\":\"https:\\\/\\\/ugwp.cfolks.pl\\\/bwb\\\/produkt\\\/system-rur-ogrodowych-kraso-bkp\\\/#breadcrumb\"},\"inLanguage\":\"pl-PL\",\"potentialAction\":[{\"@type\":\"ReadAction\",\"target\":[\"https:\\\/\\\/ugwp.cfolks.pl\\\/bwb\\\/produkt\\\/system-rur-ogrodowych-kraso-bkp\\\/\"]}]},{\"@type\":\"ImageObject\",\"inLanguage\":\"pl-PL\",\"@id\":\"https:\\\/\\\/ugwp.cfolks.pl\\\/bwb\\\/produkt\\\/system-rur-ogrodowych-kraso-bkp\\\/#primaryimage\",\"url\":\"https:\\\/\\\/ugwp.cfolks.pl\\\/bwb\\\/wp-content\\\/uploads\\\/System-rur-ogrodowych-KRASO\u00ae-BKP.jpg\",\"contentUrl\":\"https:\\\/\\\/ugwp.cfolks.pl\\\/bwb\\\/wp-content\\\/uploads\\\/System-rur-ogrodowych-KRASO\u00ae-BKP.jpg\",\"width\":1100,\"height\":810,\"caption\":\"System rur ogrodowych KRASO\u00ae BKP\"},{\"@type\":\"BreadcrumbList\",\"@id\":\"https:\\\/\\\/ugwp.cfolks.pl\\\/bwb\\\/produkt\\\/system-rur-ogrodowych-kraso-bkp\\\/#breadcrumb\",\"itemListElement\":[{\"@type\":\"ListItem\",\"position\":1,\"name\":\"Strona g\u0142\u00f3wna\",\"item\":\"https:\\\/\\\/ugwp.cfolks.pl\\\/bwb\\\/\"},{\"@type\":\"ListItem\",\"position\":2,\"name\":\"Wodoszczelne Przej\u015bcia Instalacyjne\",\"item\":\"https:\\\/\\\/ugwp.cfolks.pl\\\/bwb\\\/kategoria\\\/wodoszczelne-przejscia-instalacyjne\\\/\"},{\"@type\":\"ListItem\",\"position\":3,\"name\":\"Systemy Przy\u0142\u0105czy Domowych\",\"item\":\"https:\\\/\\\/ugwp.cfolks.pl\\\/bwb\\\/kategoria\\\/wodoszczelne-przejscia-instalacyjne\\\/systemy-przylaczy-domowych\\\/\"},{\"@type\":\"ListItem\",\"position\":4,\"name\":\"System rur ogrodowych KRASO\u00ae BKP\"}]},{\"@type\":\"WebSite\",\"@id\":\"https:\\\/\\\/ugwp.cfolks.pl\\\/bwb\\\/#website\",\"url\":\"https:\\\/\\\/ugwp.cfolks.pl\\\/bwb\\\/\",\"name\":\"BWB technology\",\"description\":\"Kolejna witryna oparta na WordPressie\",\"potentialAction\":[{\"@type\":\"SearchAction\",\"target\":{\"@type\":\"EntryPoint\",\"urlTemplate\":\"https:\\\/\\\/ugwp.cfolks.pl\\\/bwb\\\/?s={search_term_string}\"},\"query-input\":{\"@type\":\"PropertyValueSpecification\",\"valueRequired\":true,\"valueName\":\"search_term_string\"}}],\"inLanguage\":\"pl-PL\"}]}<\/script>\n<!-- \/ Yoast SEO plugin. -->","yoast_head_json":{"title":"System Rur Ogrodowych KRASO\u00ae BKP Niezawodne Rozwi\u0105zania!","description":"System rur ogrodowych KRASO\u00ae BKP \u2013 do przy\u0142\u0105czy \u015bciennych i pod\u0142ogowych. Zainwestuj w solidne rozwi\u0105zania. Sprawd\u017a nasz\u0105 ofert\u0119!","robots":{"index":"noindex","follow":"follow","max-snippet":"max-snippet:-1","max-image-preview":"max-image-preview:large","max-video-preview":"max-video-preview:-1"},"og_locale":"pl_PL","og_type":"article","og_title":"System Rur Ogrodowych KRASO\u00ae BKP Niezawodne Rozwi\u0105zania!","og_description":"System rur ogrodowych KRASO\u00ae BKP \u2013 do przy\u0142\u0105czy \u015bciennych i pod\u0142ogowych. Zainwestuj w solidne rozwi\u0105zania. Sprawd\u017a nasz\u0105 ofert\u0119!","og_url":"https:\/\/ugwp.cfolks.pl\/bwb\/produkt\/system-rur-ogrodowych-kraso-bkp\/","og_site_name":"BWB technology","article_modified_time":"2024-11-06T15:48:58+00:00","og_image":[{"width":1100,"height":810,"url":"https:\/\/ugwp.cfolks.pl\/bwb\/wp-content\/uploads\/System-rur-ogrodowych-KRASO\u00ae-BKP.jpg","type":"image\/jpeg"}],"twitter_card":"summary_large_image","schema":{"@context":"https:\/\/schema.org","@graph":[{"@type":"WebPage","@id":"https:\/\/ugwp.cfolks.pl\/bwb\/produkt\/system-rur-ogrodowych-kraso-bkp\/","url":"https:\/\/ugwp.cfolks.pl\/bwb\/produkt\/system-rur-ogrodowych-kraso-bkp\/","name":"System Rur Ogrodowych KRASO\u00ae BKP Niezawodne Rozwi\u0105zania!","isPartOf":{"@id":"https:\/\/ugwp.cfolks.pl\/bwb\/#website"},"primaryImageOfPage":{"@id":"https:\/\/ugwp.cfolks.pl\/bwb\/produkt\/system-rur-ogrodowych-kraso-bkp\/#primaryimage"},"image":{"@id":"https:\/\/ugwp.cfolks.pl\/bwb\/produkt\/system-rur-ogrodowych-kraso-bkp\/#primaryimage"},"thumbnailUrl":"https:\/\/ugwp.cfolks.pl\/bwb\/wp-content\/uploads\/System-rur-ogrodowych-KRASO\u00ae-BKP.jpg","datePublished":"2024-09-30T13:42:10+00:00","dateModified":"2024-11-06T15:48:58+00:00","description":"System rur ogrodowych KRASO\u00ae BKP \u2013 do przy\u0142\u0105czy \u015bciennych i pod\u0142ogowych. Zainwestuj w solidne rozwi\u0105zania. Sprawd\u017a nasz\u0105 ofert\u0119!","breadcrumb":{"@id":"https:\/\/ugwp.cfolks.pl\/bwb\/produkt\/system-rur-ogrodowych-kraso-bkp\/#breadcrumb"},"inLanguage":"pl-PL","potentialAction":[{"@type":"ReadAction","target":["https:\/\/ugwp.cfolks.pl\/bwb\/produkt\/system-rur-ogrodowych-kraso-bkp\/"]}]},{"@type":"ImageObject","inLanguage":"pl-PL","@id":"https:\/\/ugwp.cfolks.pl\/bwb\/produkt\/system-rur-ogrodowych-kraso-bkp\/#primaryimage","url":"https:\/\/ugwp.cfolks.pl\/bwb\/wp-content\/uploads\/System-rur-ogrodowych-KRASO\u00ae-BKP.jpg","contentUrl":"https:\/\/ugwp.cfolks.pl\/bwb\/wp-content\/uploads\/System-rur-ogrodowych-KRASO\u00ae-BKP.jpg","width":1100,"height":810,"caption":"System rur ogrodowych KRASO\u00ae BKP"},{"@type":"BreadcrumbList","@id":"https:\/\/ugwp.cfolks.pl\/bwb\/produkt\/system-rur-ogrodowych-kraso-bkp\/#breadcrumb","itemListElement":[{"@type":"ListItem","position":1,"name":"Strona g\u0142\u00f3wna","item":"https:\/\/ugwp.cfolks.pl\/bwb\/"},{"@type":"ListItem","position":2,"name":"Wodoszczelne Przej\u015bcia Instalacyjne","item":"https:\/\/ugwp.cfolks.pl\/bwb\/kategoria\/wodoszczelne-przejscia-instalacyjne\/"},{"@type":"ListItem","position":3,"name":"Systemy Przy\u0142\u0105czy Domowych","item":"https:\/\/ugwp.cfolks.pl\/bwb\/kategoria\/wodoszczelne-przejscia-instalacyjne\/systemy-przylaczy-domowych\/"},{"@type":"ListItem","position":4,"name":"System rur ogrodowych KRASO\u00ae BKP"}]},{"@type":"WebSite","@id":"https:\/\/ugwp.cfolks.pl\/bwb\/#website","url":"https:\/\/ugwp.cfolks.pl\/bwb\/","name":"BWB technology","description":"Kolejna witryna oparta na WordPressie","potentialAction":[{"@type":"SearchAction","target":{"@type":"EntryPoint","urlTemplate":"https:\/\/ugwp.cfolks.pl\/bwb\/?s={search_term_string}"},"query-input":{"@type":"PropertyValueSpecification","valueRequired":true,"valueName":"search_term_string"}}],"inLanguage":"pl-PL"}]}},"_links":{"self":[{"href":"https:\/\/ugwp.cfolks.pl\/bwb\/wp-json\/wp\/v2\/product\/6801","targetHints":{"allow":["GET"]}}],"collection":[{"href":"https:\/\/ugwp.cfolks.pl\/bwb\/wp-json\/wp\/v2\/product"}],"about":[{"href":"https:\/\/ugwp.cfolks.pl\/bwb\/wp-json\/wp\/v2\/types\/product"}],"wp:featuredmedia":[{"embeddable":true,"href":"https:\/\/ugwp.cfolks.pl\/bwb\/wp-json\/wp\/v2\/media\/6923"}],"wp:attachment":[{"href":"https:\/\/ugwp.cfolks.pl\/bwb\/wp-json\/wp\/v2\/media?parent=6801"}],"wp:term":[{"taxonomy":"product_cat","embeddable":true,"href":"https:\/\/ugwp.cfolks.pl\/bwb\/wp-json\/wp\/v2\/product_cat?post=6801"},{"taxonomy":"product_tag","embeddable":true,"href":"https:\/\/ugwp.cfolks.pl\/bwb\/wp-json\/wp\/v2\/product_tag?post=6801"}],"curies":[{"name":"wp","href":"https:\/\/api.w.org\/{rel}","templated":true}]}}