{"id":6798,"date":"2024-09-30T15:30:27","date_gmt":"2024-09-30T13:30:27","guid":{"rendered":"https:\/\/ugwp.cfolks.pl\/bwb\/?post_type=product&#038;p=6798"},"modified":"2024-10-21T15:03:14","modified_gmt":"2024-10-21T13:03:14","slug":"systemowe-przylacze-podlogowe-kraso-ogrod","status":"publish","type":"product","link":"https:\/\/ugwp.cfolks.pl\/bwb\/produkt\/systemowe-przylacze-podlogowe-kraso-ogrod\/","title":{"rendered":"Systemowe przy\u0142\u0105cze pod\u0142ogowe  KRASO\u00ae \u2013 ogr\u00f3d"},"content":{"rendered":"","protected":false},"excerpt":{"rendered":"<p>Dzi\u0119ki systemowemu przy\u0142\u0105czu pod\u0142ogowemu KRASO \u2013 ogr\u00f3d, mo\u017cna \u0142atwo zrealizowa\u0107 projekty na podw\u00f3rku i w ogrodzie: o\u015bwietlenie, basen, sauna ogrodowa, stacja \u0142adowania dla pojazd\u00f3w nap\u0119dzanych pr\u0105dem elektrycznym i wiele wi\u0119cej.<\/p>\n<p>Do zastosowania w budynkach niepodpiwniczonych: mo\u017cliwo\u015b\u0107 \u0142atwego i szczelnego przeprowadzenia przewod\u00f3w energetycznych, wodoci\u0105g\u00f3w i telekomunikacji z domu do ogrodu.<\/p>\n<p>Zewn\u0119trzna cztero\u017cebrowa uszczelka KRASO\u00ae w po\u0142\u0105czeniu z betonem zapewnia szczelno\u015b\u0107 do 10 bar\u00f3w. System nie przepuszcza radonu, odporny jest r\u00f3wnie\u017c na metan.<\/p>\n<p>\u0141atwy monta\u017c dzi\u0119ki stabilnemu urz\u0105dzeniu monta\u017cowemu i kontroli tulei blokuj\u0105cych \u2013 unikniesz b\u0142\u0119du podczas monta\u017cu<\/p>\n<p>Monta\u017c do poziomu podbudowy z betonu eliminuje potkni\u0119cie i uszkodzenia podczas budowy.<\/p>\n<p>Chropowaty ko\u0142nierz szpachlowy do po\u0142\u0105czenia z izolacj\u0105 poziom\u0105.<\/p>\n<p>Regulowana wysoko\u015b\u0107 zar\u00f3wno podbudowy, jak i warstw pod\u0142ogowych.<\/p>\n<p>Kompatybilne z systemowym przy\u0142\u0105czem pod\u0142ogowym Kraso BKP jako pod\u0142\u0105czenie medi\u00f3w.<\/p>\n<p>Zawiera KRASO BKP &#8211; wk\u0142ad uszczelniaj\u0105cy &#8211; pr\u0105d + telekomunikacja<br \/>\nZakres zastosowania: pr\u0105d 25 &#8211; 36 mm,<br \/>\nTelekomunikacja 2 x 5 &#8211; 10 mm, 3 x 7 &#8211; 14 mm +<br \/>\nOpcjonalnie dost\u0119pne wk\u0142ady uszczelniaj\u0105ce KRASO BKP:<br \/>\nKRASO BKP &#8211; wk\u0142ad uszczelniaj\u0105cy- pr\u0105d\/woda<br \/>\nKRASO BKP &#8211; wk\u0142ad uszczelniaj\u0105cy &#8211; telekomunikacja<br \/>\nwytyczne WU: klasa napr\u0119\u017ce\u0144 1 + 2, DIN 18533 W1.1 -E<\/p>\n<p><strong>Systemowe przy\u0142\u0105cze pod\u0142ogowe KRASO\u00ae \u2013 ogr\u00f3d<\/strong><br \/>\npojedyncze przy\u0142\u0105cze\/wyj\u015bcie do pr\u0105du, wody lub telekomunikacji dla budynk\u00f3w bez piwnic, zawiera w\u0105\u017c ochronny na kabel oraz zestawy instalacyjne do elektryczno\u015bci + telekomunikacji<\/p>\n","protected":false},"featured_media":6913,"template":"","meta":{"_acf_changed":false},"product_cat":[142,129],"product_tag":[],"class_list":{"0":"post-6798","1":"product","2":"type-product","3":"status-publish","4":"has-post-thumbnail","6":"product_cat-systemy-przylaczy-domowych","7":"product_cat-wodoszczelne-przejscia-instalacyjne","9":"first","10":"instock","11":"shipping-taxable","12":"product-type-simple"},"acf":[],"yoast_head":"<!-- This site is optimized with the Yoast SEO plugin v27.3 - https:\/\/yoast.com\/product\/yoast-seo-wordpress\/ -->\n<title>Systemowe Przy\u0142\u0105cze Pod\u0142ogowe KRASO\u00ae - Ogr\u00f3d Ca\u0142y Zestaw!<\/title>\n<meta name=\"description\" content=\"Zabezpiecz swoje instalacje dzi\u0119ki wk\u0142adowi uszczelniaj\u0105cemu KRASO\u00ae typ FBV\/GF. Skuteczna ochrona przed wod\u0105 i gazami. Sprawd\u017a nasze produkty!\" \/>\n<meta name=\"robots\" content=\"noindex, follow, max-snippet:-1, max-image-preview:large, max-video-preview:-1\" \/>\n<meta property=\"og:locale\" content=\"pl_PL\" \/>\n<meta property=\"og:type\" content=\"article\" \/>\n<meta property=\"og:title\" content=\"Systemowe Przy\u0142\u0105cze Pod\u0142ogowe KRASO\u00ae - Ogr\u00f3d Ca\u0142y Zestaw!\" \/>\n<meta property=\"og:description\" content=\"Zabezpiecz swoje instalacje dzi\u0119ki wk\u0142adowi uszczelniaj\u0105cemu KRASO\u00ae typ FBV\/GF. Skuteczna ochrona przed wod\u0105 i gazami. Sprawd\u017a nasze produkty!\" \/>\n<meta property=\"og:url\" content=\"https:\/\/ugwp.cfolks.pl\/bwb\/produkt\/systemowe-przylacze-podlogowe-kraso-ogrod\/\" \/>\n<meta property=\"og:site_name\" content=\"BWB technology\" \/>\n<meta property=\"article:modified_time\" content=\"2024-10-21T13:03:14+00:00\" \/>\n<meta property=\"og:image\" content=\"https:\/\/ugwp.cfolks.pl\/bwb\/wp-content\/uploads\/Systemowe-przylacze-podlogowe-KRASO\u00ae-\u2013-ogrod-1.jpg\" \/>\n\t<meta property=\"og:image:width\" content=\"1100\" \/>\n\t<meta property=\"og:image:height\" content=\"810\" \/>\n\t<meta property=\"og:image:type\" content=\"image\/jpeg\" \/>\n<meta name=\"twitter:card\" content=\"summary_large_image\" \/>\n<meta name=\"twitter:label1\" content=\"Szacowany czas czytania\" \/>\n\t<meta name=\"twitter:data1\" content=\"1 minuta\" \/>\n<script type=\"application\/ld+json\" class=\"yoast-schema-graph\">{\"@context\":\"https:\\\/\\\/schema.org\",\"@graph\":[{\"@type\":\"WebPage\",\"@id\":\"https:\\\/\\\/ugwp.cfolks.pl\\\/bwb\\\/produkt\\\/systemowe-przylacze-podlogowe-kraso-ogrod\\\/\",\"url\":\"https:\\\/\\\/ugwp.cfolks.pl\\\/bwb\\\/produkt\\\/systemowe-przylacze-podlogowe-kraso-ogrod\\\/\",\"name\":\"Systemowe Przy\u0142\u0105cze Pod\u0142ogowe KRASO\u00ae - Ogr\u00f3d Ca\u0142y Zestaw!\",\"isPartOf\":{\"@id\":\"https:\\\/\\\/ugwp.cfolks.pl\\\/bwb\\\/#website\"},\"primaryImageOfPage\":{\"@id\":\"https:\\\/\\\/ugwp.cfolks.pl\\\/bwb\\\/produkt\\\/systemowe-przylacze-podlogowe-kraso-ogrod\\\/#primaryimage\"},\"image\":{\"@id\":\"https:\\\/\\\/ugwp.cfolks.pl\\\/bwb\\\/produkt\\\/systemowe-przylacze-podlogowe-kraso-ogrod\\\/#primaryimage\"},\"thumbnailUrl\":\"https:\\\/\\\/ugwp.cfolks.pl\\\/bwb\\\/wp-content\\\/uploads\\\/Systemowe-przylacze-podlogowe-KRASO\u00ae-\u2013-ogrod-1.jpg\",\"datePublished\":\"2024-09-30T13:30:27+00:00\",\"dateModified\":\"2024-10-21T13:03:14+00:00\",\"description\":\"Zabezpiecz swoje instalacje dzi\u0119ki wk\u0142adowi uszczelniaj\u0105cemu KRASO\u00ae typ FBV\\\/GF. Skuteczna ochrona przed wod\u0105 i gazami. Sprawd\u017a nasze produkty!\",\"breadcrumb\":{\"@id\":\"https:\\\/\\\/ugwp.cfolks.pl\\\/bwb\\\/produkt\\\/systemowe-przylacze-podlogowe-kraso-ogrod\\\/#breadcrumb\"},\"inLanguage\":\"pl-PL\",\"potentialAction\":[{\"@type\":\"ReadAction\",\"target\":[\"https:\\\/\\\/ugwp.cfolks.pl\\\/bwb\\\/produkt\\\/systemowe-przylacze-podlogowe-kraso-ogrod\\\/\"]}]},{\"@type\":\"ImageObject\",\"inLanguage\":\"pl-PL\",\"@id\":\"https:\\\/\\\/ugwp.cfolks.pl\\\/bwb\\\/produkt\\\/systemowe-przylacze-podlogowe-kraso-ogrod\\\/#primaryimage\",\"url\":\"https:\\\/\\\/ugwp.cfolks.pl\\\/bwb\\\/wp-content\\\/uploads\\\/Systemowe-przylacze-podlogowe-KRASO\u00ae-\u2013-ogrod-1.jpg\",\"contentUrl\":\"https:\\\/\\\/ugwp.cfolks.pl\\\/bwb\\\/wp-content\\\/uploads\\\/Systemowe-przylacze-podlogowe-KRASO\u00ae-\u2013-ogrod-1.jpg\",\"width\":1100,\"height\":810,\"caption\":\"Systemowe przy\u0142\u0105cze pod\u0142ogowe KRASO\u00ae \u2013 ogr\u00f3d\"},{\"@type\":\"BreadcrumbList\",\"@id\":\"https:\\\/\\\/ugwp.cfolks.pl\\\/bwb\\\/produkt\\\/systemowe-przylacze-podlogowe-kraso-ogrod\\\/#breadcrumb\",\"itemListElement\":[{\"@type\":\"ListItem\",\"position\":1,\"name\":\"Strona g\u0142\u00f3wna\",\"item\":\"https:\\\/\\\/ugwp.cfolks.pl\\\/bwb\\\/\"},{\"@type\":\"ListItem\",\"position\":2,\"name\":\"Wodoszczelne Przej\u015bcia Instalacyjne\",\"item\":\"https:\\\/\\\/ugwp.cfolks.pl\\\/bwb\\\/kategoria\\\/wodoszczelne-przejscia-instalacyjne\\\/\"},{\"@type\":\"ListItem\",\"position\":3,\"name\":\"Systemy Przy\u0142\u0105czy Domowych\",\"item\":\"https:\\\/\\\/ugwp.cfolks.pl\\\/bwb\\\/kategoria\\\/wodoszczelne-przejscia-instalacyjne\\\/systemy-przylaczy-domowych\\\/\"},{\"@type\":\"ListItem\",\"position\":4,\"name\":\"Systemowe przy\u0142\u0105cze pod\u0142ogowe KRASO\u00ae \u2013 ogr\u00f3d\"}]},{\"@type\":\"WebSite\",\"@id\":\"https:\\\/\\\/ugwp.cfolks.pl\\\/bwb\\\/#website\",\"url\":\"https:\\\/\\\/ugwp.cfolks.pl\\\/bwb\\\/\",\"name\":\"BWB technology\",\"description\":\"Kolejna witryna oparta na WordPressie\",\"potentialAction\":[{\"@type\":\"SearchAction\",\"target\":{\"@type\":\"EntryPoint\",\"urlTemplate\":\"https:\\\/\\\/ugwp.cfolks.pl\\\/bwb\\\/?s={search_term_string}\"},\"query-input\":{\"@type\":\"PropertyValueSpecification\",\"valueRequired\":true,\"valueName\":\"search_term_string\"}}],\"inLanguage\":\"pl-PL\"}]}<\/script>\n<!-- \/ Yoast SEO plugin. -->","yoast_head_json":{"title":"Systemowe Przy\u0142\u0105cze Pod\u0142ogowe KRASO\u00ae - Ogr\u00f3d Ca\u0142y Zestaw!","description":"Zabezpiecz swoje instalacje dzi\u0119ki wk\u0142adowi uszczelniaj\u0105cemu KRASO\u00ae typ FBV\/GF. Skuteczna ochrona przed wod\u0105 i gazami. Sprawd\u017a nasze produkty!","robots":{"index":"noindex","follow":"follow","max-snippet":"max-snippet:-1","max-image-preview":"max-image-preview:large","max-video-preview":"max-video-preview:-1"},"og_locale":"pl_PL","og_type":"article","og_title":"Systemowe Przy\u0142\u0105cze Pod\u0142ogowe KRASO\u00ae - Ogr\u00f3d Ca\u0142y Zestaw!","og_description":"Zabezpiecz swoje instalacje dzi\u0119ki wk\u0142adowi uszczelniaj\u0105cemu KRASO\u00ae typ FBV\/GF. Skuteczna ochrona przed wod\u0105 i gazami. Sprawd\u017a nasze produkty!","og_url":"https:\/\/ugwp.cfolks.pl\/bwb\/produkt\/systemowe-przylacze-podlogowe-kraso-ogrod\/","og_site_name":"BWB technology","article_modified_time":"2024-10-21T13:03:14+00:00","og_image":[{"width":1100,"height":810,"url":"https:\/\/ugwp.cfolks.pl\/bwb\/wp-content\/uploads\/Systemowe-przylacze-podlogowe-KRASO\u00ae-\u2013-ogrod-1.jpg","type":"image\/jpeg"}],"twitter_card":"summary_large_image","twitter_misc":{"Szacowany czas czytania":"1 minuta"},"schema":{"@context":"https:\/\/schema.org","@graph":[{"@type":"WebPage","@id":"https:\/\/ugwp.cfolks.pl\/bwb\/produkt\/systemowe-przylacze-podlogowe-kraso-ogrod\/","url":"https:\/\/ugwp.cfolks.pl\/bwb\/produkt\/systemowe-przylacze-podlogowe-kraso-ogrod\/","name":"Systemowe Przy\u0142\u0105cze Pod\u0142ogowe KRASO\u00ae - Ogr\u00f3d Ca\u0142y Zestaw!","isPartOf":{"@id":"https:\/\/ugwp.cfolks.pl\/bwb\/#website"},"primaryImageOfPage":{"@id":"https:\/\/ugwp.cfolks.pl\/bwb\/produkt\/systemowe-przylacze-podlogowe-kraso-ogrod\/#primaryimage"},"image":{"@id":"https:\/\/ugwp.cfolks.pl\/bwb\/produkt\/systemowe-przylacze-podlogowe-kraso-ogrod\/#primaryimage"},"thumbnailUrl":"https:\/\/ugwp.cfolks.pl\/bwb\/wp-content\/uploads\/Systemowe-przylacze-podlogowe-KRASO\u00ae-\u2013-ogrod-1.jpg","datePublished":"2024-09-30T13:30:27+00:00","dateModified":"2024-10-21T13:03:14+00:00","description":"Zabezpiecz swoje instalacje dzi\u0119ki wk\u0142adowi uszczelniaj\u0105cemu KRASO\u00ae typ FBV\/GF. Skuteczna ochrona przed wod\u0105 i gazami. Sprawd\u017a nasze produkty!","breadcrumb":{"@id":"https:\/\/ugwp.cfolks.pl\/bwb\/produkt\/systemowe-przylacze-podlogowe-kraso-ogrod\/#breadcrumb"},"inLanguage":"pl-PL","potentialAction":[{"@type":"ReadAction","target":["https:\/\/ugwp.cfolks.pl\/bwb\/produkt\/systemowe-przylacze-podlogowe-kraso-ogrod\/"]}]},{"@type":"ImageObject","inLanguage":"pl-PL","@id":"https:\/\/ugwp.cfolks.pl\/bwb\/produkt\/systemowe-przylacze-podlogowe-kraso-ogrod\/#primaryimage","url":"https:\/\/ugwp.cfolks.pl\/bwb\/wp-content\/uploads\/Systemowe-przylacze-podlogowe-KRASO\u00ae-\u2013-ogrod-1.jpg","contentUrl":"https:\/\/ugwp.cfolks.pl\/bwb\/wp-content\/uploads\/Systemowe-przylacze-podlogowe-KRASO\u00ae-\u2013-ogrod-1.jpg","width":1100,"height":810,"caption":"Systemowe przy\u0142\u0105cze pod\u0142ogowe KRASO\u00ae \u2013 ogr\u00f3d"},{"@type":"BreadcrumbList","@id":"https:\/\/ugwp.cfolks.pl\/bwb\/produkt\/systemowe-przylacze-podlogowe-kraso-ogrod\/#breadcrumb","itemListElement":[{"@type":"ListItem","position":1,"name":"Strona g\u0142\u00f3wna","item":"https:\/\/ugwp.cfolks.pl\/bwb\/"},{"@type":"ListItem","position":2,"name":"Wodoszczelne Przej\u015bcia Instalacyjne","item":"https:\/\/ugwp.cfolks.pl\/bwb\/kategoria\/wodoszczelne-przejscia-instalacyjne\/"},{"@type":"ListItem","position":3,"name":"Systemy Przy\u0142\u0105czy Domowych","item":"https:\/\/ugwp.cfolks.pl\/bwb\/kategoria\/wodoszczelne-przejscia-instalacyjne\/systemy-przylaczy-domowych\/"},{"@type":"ListItem","position":4,"name":"Systemowe przy\u0142\u0105cze pod\u0142ogowe KRASO\u00ae \u2013 ogr\u00f3d"}]},{"@type":"WebSite","@id":"https:\/\/ugwp.cfolks.pl\/bwb\/#website","url":"https:\/\/ugwp.cfolks.pl\/bwb\/","name":"BWB technology","description":"Kolejna witryna oparta na WordPressie","potentialAction":[{"@type":"SearchAction","target":{"@type":"EntryPoint","urlTemplate":"https:\/\/ugwp.cfolks.pl\/bwb\/?s={search_term_string}"},"query-input":{"@type":"PropertyValueSpecification","valueRequired":true,"valueName":"search_term_string"}}],"inLanguage":"pl-PL"}]}},"_links":{"self":[{"href":"https:\/\/ugwp.cfolks.pl\/bwb\/wp-json\/wp\/v2\/product\/6798","targetHints":{"allow":["GET"]}}],"collection":[{"href":"https:\/\/ugwp.cfolks.pl\/bwb\/wp-json\/wp\/v2\/product"}],"about":[{"href":"https:\/\/ugwp.cfolks.pl\/bwb\/wp-json\/wp\/v2\/types\/product"}],"wp:featuredmedia":[{"embeddable":true,"href":"https:\/\/ugwp.cfolks.pl\/bwb\/wp-json\/wp\/v2\/media\/6913"}],"wp:attachment":[{"href":"https:\/\/ugwp.cfolks.pl\/bwb\/wp-json\/wp\/v2\/media?parent=6798"}],"wp:term":[{"taxonomy":"product_cat","embeddable":true,"href":"https:\/\/ugwp.cfolks.pl\/bwb\/wp-json\/wp\/v2\/product_cat?post=6798"},{"taxonomy":"product_tag","embeddable":true,"href":"https:\/\/ugwp.cfolks.pl\/bwb\/wp-json\/wp\/v2\/product_tag?post=6798"}],"curies":[{"name":"wp","href":"https:\/\/api.w.org\/{rel}","templated":true}]}}