{"id":6672,"date":"2024-09-23T13:34:14","date_gmt":"2024-09-23T11:34:14","guid":{"rendered":"https:\/\/ugwp.cfolks.pl\/bwb\/?post_type=product&#038;p=6672"},"modified":"2024-10-10T13:09:47","modified_gmt":"2024-10-10T11:09:47","slug":"systemowe-przylacze-scienne-kraso-ogrod","status":"publish","type":"product","link":"https:\/\/ugwp.cfolks.pl\/bwb\/produkt\/systemowe-przylacze-scienne-kraso-ogrod\/","title":{"rendered":"Systemowe przy\u0142\u0105cze \u015bcienne KRASO\u00ae &#8211; ogr\u00f3d"},"content":{"rendered":"","protected":false},"excerpt":{"rendered":"<p>Systemowe przy\u0142\u0105cze \u015bcienne KRASO\u00ae &#8211; ogr\u00f3d to rozwi\u0105zanie przeznaczone dla budynk\u00f3w podpiwniczonych. Pozwala w \u0142atwy i szczelny spos\u00f3b wyprowadzi\u0107 instalacj\u0119 elektryczn\u0105, wodn\u0105, teletechniczn\u0105 z budynku do ogrodu. Pozwala zachowa\u0107 szczelno\u015b\u0107 w wodoszczelnych konstrukcjach betonowych o klasie ekspozycji 1 (sta\u0142e lub okresowe dzia\u0142anie wody pod ci\u015bnieniem). Z nakr\u0119tk\u0105 reguluj\u0105c\u0105 moment obrotowy KRASO DKM: automatyczna regulacja moment obracania bez u\u017cycia klucza dynamometrycznego. Dzielone uszczelnienie dodatkowe upraszczaj\u0105ce monta\u017c. \u015arednica otworu rdzeniowego lub rury os\u0142onowej DN 200 (199 &#8211; 203 mm). Opcjonalnie dost\u0119pny jest zewn\u0119trzny element uszczelniaj\u0105cy z ko\u0142nierzem uszczelniaj\u0105cym zgodnie z DIN 18533.<\/p>\n<p>Systemowe przy\u0142\u0105cze \u015bcienne KRASO\u00ae &#8211; ogr\u00f3d<br \/>\nprzy\u0142\u0105cze wielokana\u0142owe do sieci elektrycznej, wodnej lub telekomunikacyjnej dla budynk\u00f3w podpiwniczonych, w tym zestawy instalacyjne do pr\u0105du\/wody (2x), telekomunikacji, elektrycznej + telekomunikacji. <\/p>\n","protected":false},"featured_media":6831,"template":"","meta":{"_acf_changed":false},"product_cat":[142,129],"product_tag":[],"class_list":{"0":"post-6672","1":"product","2":"type-product","3":"status-publish","4":"has-post-thumbnail","6":"product_cat-systemy-przylaczy-domowych","7":"product_cat-wodoszczelne-przejscia-instalacyjne","9":"first","10":"instock","11":"shipping-taxable","12":"product-type-simple"},"acf":[],"yoast_head":"<!-- This site is optimized with the Yoast SEO plugin v27.3 - https:\/\/yoast.com\/product\/yoast-seo-wordpress\/ -->\n<title>Systemowe Przy\u0142\u0105cze \u015acienne KRASO\u00ae - ogr\u00f3d. \u0141atwy monta\u017c!<\/title>\n<meta name=\"description\" content=\"Systemowe przy\u0142\u0105cze \u015bcienne KRASO\u00ae - ogr\u00f3d. Idealne do konstrukcji betonowych. Niezawodna szczelno\u015b\u0107, \u0142atwy monta\u017c i wysoka trwa\u0142o\u015b\u0107. Sprawd\u017a i zam\u00f3w teraz!\" \/>\n<meta name=\"robots\" content=\"noindex, follow, max-snippet:-1, max-image-preview:large, max-video-preview:-1\" \/>\n<meta property=\"og:locale\" content=\"pl_PL\" \/>\n<meta property=\"og:type\" content=\"article\" \/>\n<meta property=\"og:title\" content=\"Systemowe Przy\u0142\u0105cze \u015acienne KRASO\u00ae - ogr\u00f3d. \u0141atwy monta\u017c!\" \/>\n<meta property=\"og:description\" content=\"Systemowe przy\u0142\u0105cze \u015bcienne KRASO\u00ae - ogr\u00f3d. Idealne do konstrukcji betonowych. Niezawodna szczelno\u015b\u0107, \u0142atwy monta\u017c i wysoka trwa\u0142o\u015b\u0107. Sprawd\u017a i zam\u00f3w teraz!\" \/>\n<meta property=\"og:url\" content=\"https:\/\/ugwp.cfolks.pl\/bwb\/produkt\/systemowe-przylacze-scienne-kraso-ogrod\/\" \/>\n<meta property=\"og:site_name\" content=\"BWB technology\" \/>\n<meta property=\"article:modified_time\" content=\"2024-10-10T11:09:47+00:00\" \/>\n<meta property=\"og:image\" content=\"https:\/\/ugwp.cfolks.pl\/bwb\/wp-content\/uploads\/Systemowe-przylacze-scienne-KRASO\u00ae-\u2013-ogrod.jpg\" \/>\n\t<meta property=\"og:image:width\" content=\"1100\" \/>\n\t<meta property=\"og:image:height\" content=\"810\" \/>\n\t<meta property=\"og:image:type\" content=\"image\/jpeg\" \/>\n<meta name=\"twitter:card\" content=\"summary_large_image\" \/>\n<meta name=\"twitter:label1\" content=\"Szacowany czas czytania\" \/>\n\t<meta name=\"twitter:data1\" content=\"1 minuta\" \/>\n<script type=\"application\/ld+json\" class=\"yoast-schema-graph\">{\"@context\":\"https:\\\/\\\/schema.org\",\"@graph\":[{\"@type\":\"WebPage\",\"@id\":\"https:\\\/\\\/ugwp.cfolks.pl\\\/bwb\\\/produkt\\\/systemowe-przylacze-scienne-kraso-ogrod\\\/\",\"url\":\"https:\\\/\\\/ugwp.cfolks.pl\\\/bwb\\\/produkt\\\/systemowe-przylacze-scienne-kraso-ogrod\\\/\",\"name\":\"Systemowe Przy\u0142\u0105cze \u015acienne KRASO\u00ae - ogr\u00f3d. \u0141atwy monta\u017c!\",\"isPartOf\":{\"@id\":\"https:\\\/\\\/ugwp.cfolks.pl\\\/bwb\\\/#website\"},\"primaryImageOfPage\":{\"@id\":\"https:\\\/\\\/ugwp.cfolks.pl\\\/bwb\\\/produkt\\\/systemowe-przylacze-scienne-kraso-ogrod\\\/#primaryimage\"},\"image\":{\"@id\":\"https:\\\/\\\/ugwp.cfolks.pl\\\/bwb\\\/produkt\\\/systemowe-przylacze-scienne-kraso-ogrod\\\/#primaryimage\"},\"thumbnailUrl\":\"https:\\\/\\\/ugwp.cfolks.pl\\\/bwb\\\/wp-content\\\/uploads\\\/Systemowe-przylacze-scienne-KRASO\u00ae-\u2013-ogrod.jpg\",\"datePublished\":\"2024-09-23T11:34:14+00:00\",\"dateModified\":\"2024-10-10T11:09:47+00:00\",\"description\":\"Systemowe przy\u0142\u0105cze \u015bcienne KRASO\u00ae - ogr\u00f3d. Idealne do konstrukcji betonowych. Niezawodna szczelno\u015b\u0107, \u0142atwy monta\u017c i wysoka trwa\u0142o\u015b\u0107. Sprawd\u017a i zam\u00f3w teraz!\",\"breadcrumb\":{\"@id\":\"https:\\\/\\\/ugwp.cfolks.pl\\\/bwb\\\/produkt\\\/systemowe-przylacze-scienne-kraso-ogrod\\\/#breadcrumb\"},\"inLanguage\":\"pl-PL\",\"potentialAction\":[{\"@type\":\"ReadAction\",\"target\":[\"https:\\\/\\\/ugwp.cfolks.pl\\\/bwb\\\/produkt\\\/systemowe-przylacze-scienne-kraso-ogrod\\\/\"]}]},{\"@type\":\"ImageObject\",\"inLanguage\":\"pl-PL\",\"@id\":\"https:\\\/\\\/ugwp.cfolks.pl\\\/bwb\\\/produkt\\\/systemowe-przylacze-scienne-kraso-ogrod\\\/#primaryimage\",\"url\":\"https:\\\/\\\/ugwp.cfolks.pl\\\/bwb\\\/wp-content\\\/uploads\\\/Systemowe-przylacze-scienne-KRASO\u00ae-\u2013-ogrod.jpg\",\"contentUrl\":\"https:\\\/\\\/ugwp.cfolks.pl\\\/bwb\\\/wp-content\\\/uploads\\\/Systemowe-przylacze-scienne-KRASO\u00ae-\u2013-ogrod.jpg\",\"width\":1100,\"height\":810,\"caption\":\"Systemowe przy\u0142\u0105cze \u015bcienne KRASO\u00ae \u2013 ogr\u00f3d\"},{\"@type\":\"BreadcrumbList\",\"@id\":\"https:\\\/\\\/ugwp.cfolks.pl\\\/bwb\\\/produkt\\\/systemowe-przylacze-scienne-kraso-ogrod\\\/#breadcrumb\",\"itemListElement\":[{\"@type\":\"ListItem\",\"position\":1,\"name\":\"Strona g\u0142\u00f3wna\",\"item\":\"https:\\\/\\\/ugwp.cfolks.pl\\\/bwb\\\/\"},{\"@type\":\"ListItem\",\"position\":2,\"name\":\"Wodoszczelne Przej\u015bcia Instalacyjne\",\"item\":\"https:\\\/\\\/ugwp.cfolks.pl\\\/bwb\\\/kategoria\\\/wodoszczelne-przejscia-instalacyjne\\\/\"},{\"@type\":\"ListItem\",\"position\":3,\"name\":\"Systemy Przy\u0142\u0105czy Domowych\",\"item\":\"https:\\\/\\\/ugwp.cfolks.pl\\\/bwb\\\/kategoria\\\/wodoszczelne-przejscia-instalacyjne\\\/systemy-przylaczy-domowych\\\/\"},{\"@type\":\"ListItem\",\"position\":4,\"name\":\"Systemowe przy\u0142\u0105cze \u015bcienne KRASO\u00ae &#8211; ogr\u00f3d\"}]},{\"@type\":\"WebSite\",\"@id\":\"https:\\\/\\\/ugwp.cfolks.pl\\\/bwb\\\/#website\",\"url\":\"https:\\\/\\\/ugwp.cfolks.pl\\\/bwb\\\/\",\"name\":\"BWB technology\",\"description\":\"Kolejna witryna oparta na WordPressie\",\"potentialAction\":[{\"@type\":\"SearchAction\",\"target\":{\"@type\":\"EntryPoint\",\"urlTemplate\":\"https:\\\/\\\/ugwp.cfolks.pl\\\/bwb\\\/?s={search_term_string}\"},\"query-input\":{\"@type\":\"PropertyValueSpecification\",\"valueRequired\":true,\"valueName\":\"search_term_string\"}}],\"inLanguage\":\"pl-PL\"}]}<\/script>\n<!-- \/ Yoast SEO plugin. -->","yoast_head_json":{"title":"Systemowe Przy\u0142\u0105cze \u015acienne KRASO\u00ae - ogr\u00f3d. \u0141atwy monta\u017c!","description":"Systemowe przy\u0142\u0105cze \u015bcienne KRASO\u00ae - ogr\u00f3d. Idealne do konstrukcji betonowych. Niezawodna szczelno\u015b\u0107, \u0142atwy monta\u017c i wysoka trwa\u0142o\u015b\u0107. Sprawd\u017a i zam\u00f3w teraz!","robots":{"index":"noindex","follow":"follow","max-snippet":"max-snippet:-1","max-image-preview":"max-image-preview:large","max-video-preview":"max-video-preview:-1"},"og_locale":"pl_PL","og_type":"article","og_title":"Systemowe Przy\u0142\u0105cze \u015acienne KRASO\u00ae - ogr\u00f3d. \u0141atwy monta\u017c!","og_description":"Systemowe przy\u0142\u0105cze \u015bcienne KRASO\u00ae - ogr\u00f3d. Idealne do konstrukcji betonowych. Niezawodna szczelno\u015b\u0107, \u0142atwy monta\u017c i wysoka trwa\u0142o\u015b\u0107. Sprawd\u017a i zam\u00f3w teraz!","og_url":"https:\/\/ugwp.cfolks.pl\/bwb\/produkt\/systemowe-przylacze-scienne-kraso-ogrod\/","og_site_name":"BWB technology","article_modified_time":"2024-10-10T11:09:47+00:00","og_image":[{"width":1100,"height":810,"url":"https:\/\/ugwp.cfolks.pl\/bwb\/wp-content\/uploads\/Systemowe-przylacze-scienne-KRASO\u00ae-\u2013-ogrod.jpg","type":"image\/jpeg"}],"twitter_card":"summary_large_image","twitter_misc":{"Szacowany czas czytania":"1 minuta"},"schema":{"@context":"https:\/\/schema.org","@graph":[{"@type":"WebPage","@id":"https:\/\/ugwp.cfolks.pl\/bwb\/produkt\/systemowe-przylacze-scienne-kraso-ogrod\/","url":"https:\/\/ugwp.cfolks.pl\/bwb\/produkt\/systemowe-przylacze-scienne-kraso-ogrod\/","name":"Systemowe Przy\u0142\u0105cze \u015acienne KRASO\u00ae - ogr\u00f3d. \u0141atwy monta\u017c!","isPartOf":{"@id":"https:\/\/ugwp.cfolks.pl\/bwb\/#website"},"primaryImageOfPage":{"@id":"https:\/\/ugwp.cfolks.pl\/bwb\/produkt\/systemowe-przylacze-scienne-kraso-ogrod\/#primaryimage"},"image":{"@id":"https:\/\/ugwp.cfolks.pl\/bwb\/produkt\/systemowe-przylacze-scienne-kraso-ogrod\/#primaryimage"},"thumbnailUrl":"https:\/\/ugwp.cfolks.pl\/bwb\/wp-content\/uploads\/Systemowe-przylacze-scienne-KRASO\u00ae-\u2013-ogrod.jpg","datePublished":"2024-09-23T11:34:14+00:00","dateModified":"2024-10-10T11:09:47+00:00","description":"Systemowe przy\u0142\u0105cze \u015bcienne KRASO\u00ae - ogr\u00f3d. Idealne do konstrukcji betonowych. Niezawodna szczelno\u015b\u0107, \u0142atwy monta\u017c i wysoka trwa\u0142o\u015b\u0107. Sprawd\u017a i zam\u00f3w teraz!","breadcrumb":{"@id":"https:\/\/ugwp.cfolks.pl\/bwb\/produkt\/systemowe-przylacze-scienne-kraso-ogrod\/#breadcrumb"},"inLanguage":"pl-PL","potentialAction":[{"@type":"ReadAction","target":["https:\/\/ugwp.cfolks.pl\/bwb\/produkt\/systemowe-przylacze-scienne-kraso-ogrod\/"]}]},{"@type":"ImageObject","inLanguage":"pl-PL","@id":"https:\/\/ugwp.cfolks.pl\/bwb\/produkt\/systemowe-przylacze-scienne-kraso-ogrod\/#primaryimage","url":"https:\/\/ugwp.cfolks.pl\/bwb\/wp-content\/uploads\/Systemowe-przylacze-scienne-KRASO\u00ae-\u2013-ogrod.jpg","contentUrl":"https:\/\/ugwp.cfolks.pl\/bwb\/wp-content\/uploads\/Systemowe-przylacze-scienne-KRASO\u00ae-\u2013-ogrod.jpg","width":1100,"height":810,"caption":"Systemowe przy\u0142\u0105cze \u015bcienne KRASO\u00ae \u2013 ogr\u00f3d"},{"@type":"BreadcrumbList","@id":"https:\/\/ugwp.cfolks.pl\/bwb\/produkt\/systemowe-przylacze-scienne-kraso-ogrod\/#breadcrumb","itemListElement":[{"@type":"ListItem","position":1,"name":"Strona g\u0142\u00f3wna","item":"https:\/\/ugwp.cfolks.pl\/bwb\/"},{"@type":"ListItem","position":2,"name":"Wodoszczelne Przej\u015bcia Instalacyjne","item":"https:\/\/ugwp.cfolks.pl\/bwb\/kategoria\/wodoszczelne-przejscia-instalacyjne\/"},{"@type":"ListItem","position":3,"name":"Systemy Przy\u0142\u0105czy Domowych","item":"https:\/\/ugwp.cfolks.pl\/bwb\/kategoria\/wodoszczelne-przejscia-instalacyjne\/systemy-przylaczy-domowych\/"},{"@type":"ListItem","position":4,"name":"Systemowe przy\u0142\u0105cze \u015bcienne KRASO\u00ae &#8211; ogr\u00f3d"}]},{"@type":"WebSite","@id":"https:\/\/ugwp.cfolks.pl\/bwb\/#website","url":"https:\/\/ugwp.cfolks.pl\/bwb\/","name":"BWB technology","description":"Kolejna witryna oparta na WordPressie","potentialAction":[{"@type":"SearchAction","target":{"@type":"EntryPoint","urlTemplate":"https:\/\/ugwp.cfolks.pl\/bwb\/?s={search_term_string}"},"query-input":{"@type":"PropertyValueSpecification","valueRequired":true,"valueName":"search_term_string"}}],"inLanguage":"pl-PL"}]}},"_links":{"self":[{"href":"https:\/\/ugwp.cfolks.pl\/bwb\/wp-json\/wp\/v2\/product\/6672","targetHints":{"allow":["GET"]}}],"collection":[{"href":"https:\/\/ugwp.cfolks.pl\/bwb\/wp-json\/wp\/v2\/product"}],"about":[{"href":"https:\/\/ugwp.cfolks.pl\/bwb\/wp-json\/wp\/v2\/types\/product"}],"wp:featuredmedia":[{"embeddable":true,"href":"https:\/\/ugwp.cfolks.pl\/bwb\/wp-json\/wp\/v2\/media\/6831"}],"wp:attachment":[{"href":"https:\/\/ugwp.cfolks.pl\/bwb\/wp-json\/wp\/v2\/media?parent=6672"}],"wp:term":[{"taxonomy":"product_cat","embeddable":true,"href":"https:\/\/ugwp.cfolks.pl\/bwb\/wp-json\/wp\/v2\/product_cat?post=6672"},{"taxonomy":"product_tag","embeddable":true,"href":"https:\/\/ugwp.cfolks.pl\/bwb\/wp-json\/wp\/v2\/product_tag?post=6672"}],"curies":[{"name":"wp","href":"https:\/\/api.w.org\/{rel}","templated":true}]}}