{"id":6670,"date":"2024-09-23T13:00:10","date_gmt":"2024-09-23T11:00:10","guid":{"rendered":"https:\/\/ugwp.cfolks.pl\/bwb\/?post_type=product&#038;p=6670"},"modified":"2024-10-02T12:33:41","modified_gmt":"2024-10-02T10:33:41","slug":"przepust-kablowy-kraso-kds-150-jednostronny-z-kolnierzem-szpachlowym","status":"publish","type":"product","link":"https:\/\/ugwp.cfolks.pl\/bwb\/produkt\/przepust-kablowy-kraso-kds-150-jednostronny-z-kolnierzem-szpachlowym\/","title":{"rendered":"Przepust kablowy KRASO\u00ae KDS 150 jednostronny z ko\u0142nierzem szpachlowym"},"content":{"rendered":"","protected":false},"excerpt":{"rendered":"<p>Systemowy przepust kablowy KDS 150 z ko\u0142nierzem szpachlowym do trwa\u0142ego po\u0142\u0105czenia z grubowarstwow\u0105 pow\u0142ok\u0105 bitumiczn\u0105 (np. KMB), chropowaty lub powlekany tkanin\u0105. Ko\u0142nierz szeroko\u015bci ok. 7 cm z wodoszczeln\u0105, obwodow\u0105 uszczelk\u0105 cztero\u017cebrow\u0105 KRASO<sup>\u00ae<\/sup>.<\/p>\n<p>Do p\u00f3\u017aniejszego monta\u017cu przewod\u00f3w medi\u00f3w przy u\u017cyciu systemowego wk\u0142adu uszczelniaj\u0105cego Kraso KDS lub pod\u0142\u0105czenia pustych rur instalacyjnych \u00a0przy u\u017cyciu adaptera systemowego Kraso ( nie wchodzi w zakres dostawy)<\/p>\n<p>W ofercie dost\u0119pne r\u00f3wnie\u017c akcesoria uzupe\u0142niaj\u0105ce mo\u017cliwo\u015bci przepustu kablowego.<\/p>\n","protected":false},"featured_media":6846,"template":"","meta":{"_acf_changed":false},"product_cat":[138,129],"product_tag":[],"class_list":{"0":"post-6670","1":"product","2":"type-product","3":"status-publish","4":"has-post-thumbnail","6":"product_cat-przepusty-kablowe","7":"product_cat-wodoszczelne-przejscia-instalacyjne","9":"first","10":"instock","11":"shipping-taxable","12":"product-type-simple"},"acf":[],"yoast_head":"<!-- This site is optimized with the Yoast SEO plugin v27.3 - https:\/\/yoast.com\/product\/yoast-seo-wordpress\/ -->\n<title>Przepust Kablowy KRASO\u00ae KDS 150 Jednostronny z Ko\u0142nierzem<\/title>\n<meta name=\"description\" content=\"Przepust kablowy KRASO\u00ae KDS 150 jednostronny z ko\u0142nierzem szpachlowym - rozwi\u0105zanie do szczelnego wprowadzania kabli. Postaw na trwa\u0142o\u015b\u0107 i \u0142atwo\u015b\u0107 monta\u017cu.\" \/>\n<meta name=\"robots\" content=\"noindex, follow, max-snippet:-1, max-image-preview:large, max-video-preview:-1\" \/>\n<meta property=\"og:locale\" content=\"pl_PL\" \/>\n<meta property=\"og:type\" content=\"article\" \/>\n<meta property=\"og:title\" content=\"Przepust Kablowy KRASO\u00ae KDS 150 Jednostronny z Ko\u0142nierzem\" \/>\n<meta property=\"og:description\" content=\"Przepust kablowy KRASO\u00ae KDS 150 jednostronny z ko\u0142nierzem szpachlowym - rozwi\u0105zanie do szczelnego wprowadzania kabli. Postaw na trwa\u0142o\u015b\u0107 i \u0142atwo\u015b\u0107 monta\u017cu.\" \/>\n<meta property=\"og:url\" content=\"https:\/\/ugwp.cfolks.pl\/bwb\/produkt\/przepust-kablowy-kraso-kds-150-jednostronny-z-kolnierzem-szpachlowym\/\" \/>\n<meta property=\"og:site_name\" content=\"BWB technology\" \/>\n<meta property=\"article:modified_time\" content=\"2024-10-02T10:33:41+00:00\" \/>\n<meta property=\"og:image\" content=\"https:\/\/ugwp.cfolks.pl\/bwb\/wp-content\/uploads\/Przepust-kablowy-KRASO\u00ae-KDS-150-jednostronny-z-kolnierzem-szpachlowym.jpg\" \/>\n\t<meta property=\"og:image:width\" content=\"1100\" \/>\n\t<meta property=\"og:image:height\" content=\"810\" \/>\n\t<meta property=\"og:image:type\" content=\"image\/jpeg\" \/>\n<meta name=\"twitter:card\" content=\"summary_large_image\" \/>\n<meta name=\"twitter:label1\" content=\"Szacowany czas czytania\" \/>\n\t<meta name=\"twitter:data1\" content=\"1 minuta\" \/>\n<script type=\"application\/ld+json\" class=\"yoast-schema-graph\">{\"@context\":\"https:\\\/\\\/schema.org\",\"@graph\":[{\"@type\":\"WebPage\",\"@id\":\"https:\\\/\\\/ugwp.cfolks.pl\\\/bwb\\\/produkt\\\/przepust-kablowy-kraso-kds-150-jednostronny-z-kolnierzem-szpachlowym\\\/\",\"url\":\"https:\\\/\\\/ugwp.cfolks.pl\\\/bwb\\\/produkt\\\/przepust-kablowy-kraso-kds-150-jednostronny-z-kolnierzem-szpachlowym\\\/\",\"name\":\"Przepust Kablowy KRASO\u00ae KDS 150 Jednostronny z Ko\u0142nierzem\",\"isPartOf\":{\"@id\":\"https:\\\/\\\/ugwp.cfolks.pl\\\/bwb\\\/#website\"},\"primaryImageOfPage\":{\"@id\":\"https:\\\/\\\/ugwp.cfolks.pl\\\/bwb\\\/produkt\\\/przepust-kablowy-kraso-kds-150-jednostronny-z-kolnierzem-szpachlowym\\\/#primaryimage\"},\"image\":{\"@id\":\"https:\\\/\\\/ugwp.cfolks.pl\\\/bwb\\\/produkt\\\/przepust-kablowy-kraso-kds-150-jednostronny-z-kolnierzem-szpachlowym\\\/#primaryimage\"},\"thumbnailUrl\":\"https:\\\/\\\/ugwp.cfolks.pl\\\/bwb\\\/wp-content\\\/uploads\\\/Przepust-kablowy-KRASO\u00ae-KDS-150-jednostronny-z-kolnierzem-szpachlowym.jpg\",\"datePublished\":\"2024-09-23T11:00:10+00:00\",\"dateModified\":\"2024-10-02T10:33:41+00:00\",\"description\":\"Przepust kablowy KRASO\u00ae KDS 150 jednostronny z ko\u0142nierzem szpachlowym - rozwi\u0105zanie do szczelnego wprowadzania kabli. Postaw na trwa\u0142o\u015b\u0107 i \u0142atwo\u015b\u0107 monta\u017cu.\",\"breadcrumb\":{\"@id\":\"https:\\\/\\\/ugwp.cfolks.pl\\\/bwb\\\/produkt\\\/przepust-kablowy-kraso-kds-150-jednostronny-z-kolnierzem-szpachlowym\\\/#breadcrumb\"},\"inLanguage\":\"pl-PL\",\"potentialAction\":[{\"@type\":\"ReadAction\",\"target\":[\"https:\\\/\\\/ugwp.cfolks.pl\\\/bwb\\\/produkt\\\/przepust-kablowy-kraso-kds-150-jednostronny-z-kolnierzem-szpachlowym\\\/\"]}]},{\"@type\":\"ImageObject\",\"inLanguage\":\"pl-PL\",\"@id\":\"https:\\\/\\\/ugwp.cfolks.pl\\\/bwb\\\/produkt\\\/przepust-kablowy-kraso-kds-150-jednostronny-z-kolnierzem-szpachlowym\\\/#primaryimage\",\"url\":\"https:\\\/\\\/ugwp.cfolks.pl\\\/bwb\\\/wp-content\\\/uploads\\\/Przepust-kablowy-KRASO\u00ae-KDS-150-jednostronny-z-kolnierzem-szpachlowym.jpg\",\"contentUrl\":\"https:\\\/\\\/ugwp.cfolks.pl\\\/bwb\\\/wp-content\\\/uploads\\\/Przepust-kablowy-KRASO\u00ae-KDS-150-jednostronny-z-kolnierzem-szpachlowym.jpg\",\"width\":1100,\"height\":810,\"caption\":\"Przepust kablowy KRASO\u00ae KDS 150 jednostronny z ko\u0142nierzem szpachlowym\"},{\"@type\":\"BreadcrumbList\",\"@id\":\"https:\\\/\\\/ugwp.cfolks.pl\\\/bwb\\\/produkt\\\/przepust-kablowy-kraso-kds-150-jednostronny-z-kolnierzem-szpachlowym\\\/#breadcrumb\",\"itemListElement\":[{\"@type\":\"ListItem\",\"position\":1,\"name\":\"Strona g\u0142\u00f3wna\",\"item\":\"https:\\\/\\\/ugwp.cfolks.pl\\\/bwb\\\/\"},{\"@type\":\"ListItem\",\"position\":2,\"name\":\"Wodoszczelne Przej\u015bcia Instalacyjne\",\"item\":\"https:\\\/\\\/ugwp.cfolks.pl\\\/bwb\\\/kategoria\\\/wodoszczelne-przejscia-instalacyjne\\\/\"},{\"@type\":\"ListItem\",\"position\":3,\"name\":\"Przepusty kablowe\",\"item\":\"https:\\\/\\\/ugwp.cfolks.pl\\\/bwb\\\/kategoria\\\/wodoszczelne-przejscia-instalacyjne\\\/przepusty-kablowe\\\/\"},{\"@type\":\"ListItem\",\"position\":4,\"name\":\"Przepust kablowy KRASO\u00ae KDS 150 jednostronny z ko\u0142nierzem szpachlowym\"}]},{\"@type\":\"WebSite\",\"@id\":\"https:\\\/\\\/ugwp.cfolks.pl\\\/bwb\\\/#website\",\"url\":\"https:\\\/\\\/ugwp.cfolks.pl\\\/bwb\\\/\",\"name\":\"BWB technology\",\"description\":\"Kolejna witryna oparta na WordPressie\",\"potentialAction\":[{\"@type\":\"SearchAction\",\"target\":{\"@type\":\"EntryPoint\",\"urlTemplate\":\"https:\\\/\\\/ugwp.cfolks.pl\\\/bwb\\\/?s={search_term_string}\"},\"query-input\":{\"@type\":\"PropertyValueSpecification\",\"valueRequired\":true,\"valueName\":\"search_term_string\"}}],\"inLanguage\":\"pl-PL\"}]}<\/script>\n<!-- \/ Yoast SEO plugin. -->","yoast_head_json":{"title":"Przepust Kablowy KRASO\u00ae KDS 150 Jednostronny z Ko\u0142nierzem","description":"Przepust kablowy KRASO\u00ae KDS 150 jednostronny z ko\u0142nierzem szpachlowym - rozwi\u0105zanie do szczelnego wprowadzania kabli. Postaw na trwa\u0142o\u015b\u0107 i \u0142atwo\u015b\u0107 monta\u017cu.","robots":{"index":"noindex","follow":"follow","max-snippet":"max-snippet:-1","max-image-preview":"max-image-preview:large","max-video-preview":"max-video-preview:-1"},"og_locale":"pl_PL","og_type":"article","og_title":"Przepust Kablowy KRASO\u00ae KDS 150 Jednostronny z Ko\u0142nierzem","og_description":"Przepust kablowy KRASO\u00ae KDS 150 jednostronny z ko\u0142nierzem szpachlowym - rozwi\u0105zanie do szczelnego wprowadzania kabli. Postaw na trwa\u0142o\u015b\u0107 i \u0142atwo\u015b\u0107 monta\u017cu.","og_url":"https:\/\/ugwp.cfolks.pl\/bwb\/produkt\/przepust-kablowy-kraso-kds-150-jednostronny-z-kolnierzem-szpachlowym\/","og_site_name":"BWB technology","article_modified_time":"2024-10-02T10:33:41+00:00","og_image":[{"width":1100,"height":810,"url":"https:\/\/ugwp.cfolks.pl\/bwb\/wp-content\/uploads\/Przepust-kablowy-KRASO\u00ae-KDS-150-jednostronny-z-kolnierzem-szpachlowym.jpg","type":"image\/jpeg"}],"twitter_card":"summary_large_image","twitter_misc":{"Szacowany czas czytania":"1 minuta"},"schema":{"@context":"https:\/\/schema.org","@graph":[{"@type":"WebPage","@id":"https:\/\/ugwp.cfolks.pl\/bwb\/produkt\/przepust-kablowy-kraso-kds-150-jednostronny-z-kolnierzem-szpachlowym\/","url":"https:\/\/ugwp.cfolks.pl\/bwb\/produkt\/przepust-kablowy-kraso-kds-150-jednostronny-z-kolnierzem-szpachlowym\/","name":"Przepust Kablowy KRASO\u00ae KDS 150 Jednostronny z Ko\u0142nierzem","isPartOf":{"@id":"https:\/\/ugwp.cfolks.pl\/bwb\/#website"},"primaryImageOfPage":{"@id":"https:\/\/ugwp.cfolks.pl\/bwb\/produkt\/przepust-kablowy-kraso-kds-150-jednostronny-z-kolnierzem-szpachlowym\/#primaryimage"},"image":{"@id":"https:\/\/ugwp.cfolks.pl\/bwb\/produkt\/przepust-kablowy-kraso-kds-150-jednostronny-z-kolnierzem-szpachlowym\/#primaryimage"},"thumbnailUrl":"https:\/\/ugwp.cfolks.pl\/bwb\/wp-content\/uploads\/Przepust-kablowy-KRASO\u00ae-KDS-150-jednostronny-z-kolnierzem-szpachlowym.jpg","datePublished":"2024-09-23T11:00:10+00:00","dateModified":"2024-10-02T10:33:41+00:00","description":"Przepust kablowy KRASO\u00ae KDS 150 jednostronny z ko\u0142nierzem szpachlowym - rozwi\u0105zanie do szczelnego wprowadzania kabli. Postaw na trwa\u0142o\u015b\u0107 i \u0142atwo\u015b\u0107 monta\u017cu.","breadcrumb":{"@id":"https:\/\/ugwp.cfolks.pl\/bwb\/produkt\/przepust-kablowy-kraso-kds-150-jednostronny-z-kolnierzem-szpachlowym\/#breadcrumb"},"inLanguage":"pl-PL","potentialAction":[{"@type":"ReadAction","target":["https:\/\/ugwp.cfolks.pl\/bwb\/produkt\/przepust-kablowy-kraso-kds-150-jednostronny-z-kolnierzem-szpachlowym\/"]}]},{"@type":"ImageObject","inLanguage":"pl-PL","@id":"https:\/\/ugwp.cfolks.pl\/bwb\/produkt\/przepust-kablowy-kraso-kds-150-jednostronny-z-kolnierzem-szpachlowym\/#primaryimage","url":"https:\/\/ugwp.cfolks.pl\/bwb\/wp-content\/uploads\/Przepust-kablowy-KRASO\u00ae-KDS-150-jednostronny-z-kolnierzem-szpachlowym.jpg","contentUrl":"https:\/\/ugwp.cfolks.pl\/bwb\/wp-content\/uploads\/Przepust-kablowy-KRASO\u00ae-KDS-150-jednostronny-z-kolnierzem-szpachlowym.jpg","width":1100,"height":810,"caption":"Przepust kablowy KRASO\u00ae KDS 150 jednostronny z ko\u0142nierzem szpachlowym"},{"@type":"BreadcrumbList","@id":"https:\/\/ugwp.cfolks.pl\/bwb\/produkt\/przepust-kablowy-kraso-kds-150-jednostronny-z-kolnierzem-szpachlowym\/#breadcrumb","itemListElement":[{"@type":"ListItem","position":1,"name":"Strona g\u0142\u00f3wna","item":"https:\/\/ugwp.cfolks.pl\/bwb\/"},{"@type":"ListItem","position":2,"name":"Wodoszczelne Przej\u015bcia Instalacyjne","item":"https:\/\/ugwp.cfolks.pl\/bwb\/kategoria\/wodoszczelne-przejscia-instalacyjne\/"},{"@type":"ListItem","position":3,"name":"Przepusty kablowe","item":"https:\/\/ugwp.cfolks.pl\/bwb\/kategoria\/wodoszczelne-przejscia-instalacyjne\/przepusty-kablowe\/"},{"@type":"ListItem","position":4,"name":"Przepust kablowy KRASO\u00ae KDS 150 jednostronny z ko\u0142nierzem szpachlowym"}]},{"@type":"WebSite","@id":"https:\/\/ugwp.cfolks.pl\/bwb\/#website","url":"https:\/\/ugwp.cfolks.pl\/bwb\/","name":"BWB technology","description":"Kolejna witryna oparta na WordPressie","potentialAction":[{"@type":"SearchAction","target":{"@type":"EntryPoint","urlTemplate":"https:\/\/ugwp.cfolks.pl\/bwb\/?s={search_term_string}"},"query-input":{"@type":"PropertyValueSpecification","valueRequired":true,"valueName":"search_term_string"}}],"inLanguage":"pl-PL"}]}},"_links":{"self":[{"href":"https:\/\/ugwp.cfolks.pl\/bwb\/wp-json\/wp\/v2\/product\/6670","targetHints":{"allow":["GET"]}}],"collection":[{"href":"https:\/\/ugwp.cfolks.pl\/bwb\/wp-json\/wp\/v2\/product"}],"about":[{"href":"https:\/\/ugwp.cfolks.pl\/bwb\/wp-json\/wp\/v2\/types\/product"}],"wp:featuredmedia":[{"embeddable":true,"href":"https:\/\/ugwp.cfolks.pl\/bwb\/wp-json\/wp\/v2\/media\/6846"}],"wp:attachment":[{"href":"https:\/\/ugwp.cfolks.pl\/bwb\/wp-json\/wp\/v2\/media?parent=6670"}],"wp:term":[{"taxonomy":"product_cat","embeddable":true,"href":"https:\/\/ugwp.cfolks.pl\/bwb\/wp-json\/wp\/v2\/product_cat?post=6670"},{"taxonomy":"product_tag","embeddable":true,"href":"https:\/\/ugwp.cfolks.pl\/bwb\/wp-json\/wp\/v2\/product_tag?post=6670"}],"curies":[{"name":"wp","href":"https:\/\/api.w.org\/{rel}","templated":true}]}}