{"id":5475,"date":"2024-07-16T15:07:14","date_gmt":"2024-07-16T13:07:14","guid":{"rendered":"https:\/\/ugwp.cfolks.pl\/bwb\/?post_type=product&#038;p=5475"},"modified":"2024-10-21T16:10:12","modified_gmt":"2024-10-21T14:10:12","slug":"systemowe-przylacze-podlogowe-kraso-bkp-150","status":"publish","type":"product","link":"https:\/\/ugwp.cfolks.pl\/bwb\/produkt\/systemowe-przylacze-podlogowe-kraso-bkp-150\/","title":{"rendered":"Systemowe przy\u0142\u0105cze pod\u0142ogowe KRASO\u00ae BKP 150"},"content":{"rendered":"","protected":false},"excerpt":{"rendered":"<p>Pojedyncze przy\u0142\u0105cze medi\u00f3w do przewod\u00f3w zasilaj\u0105cych, do budynk\u00f3w niepodpiwniczonych, z wodoszczeln\u0105, wszechstronn\u0105 cztero\u017cebrow\u0105 uszczelk\u0105 KRASO\u00ae.<\/p>\n<p>Bezpieczne pod\u0142\u0105czenie dla wi\u0119kszych przewod\u00f3w medi\u00f3w w budynkach niepodpiwniczonych, np. pr\u0105du lub wody w budynkach mieszkalnych lub komercyjnych.<\/p>\n<p>Z wk\u0142adk\u0105 uszczelniaj\u0105c\u0105 KRASO\u00ae z du\u017cym ko\u0142nierzem, mo\u017cna zastosowa\u0107 jako wej\u015bcie i wyj\u015bcie z domu: np. do stacji \u0142adowania w osiedlach mieszkaniowych (Ustawa o modernizacji nieruchomo\u015bci mieszkaniowych &#8211; WEMoG).<\/p>\n<p>Z odporn\u0105 na ci\u015bnienie, wodoszczeln\u0105, obwodow\u0105 uszczelk\u0105 cztero\u017cebrow\u0105 KRASO: uszczelnienie zewn\u0119trzne do betonu: 10 bar!<\/p>\n<p>Odporny na radon!<\/p>\n<p>Stabilne urz\u0105dzenie monta\u017cowe ze sztywn\u0105, pust\u0105 rur\u0105 instalacyjn\u0105 o promieniu gi\u0119cia 1000 mm.<\/p>\n<p>Monta\u017c zlicowany z p\u0142yt\u0105 pod\u0142ogow\u0105 \u2013 pozwala unikn\u0105\u0107 ryzyka potkni\u0119cia si\u0119 i uszkodze\u0144 podczas wznoszenia \u015bcian!<br \/>\nZawiera mocowanie pustej rury instalacyjnej (25 cm, \u015brednica wewn\u0119trzna: 150 mm) do elastycznej konstrukcji pod\u0142ogi.<\/p>\n<p>Wewn\u0119trzna instalacja przewod\u00f3w za pomoc\u0105 wk\u0142ad\u00f3w uszczelniaj\u0105cych KRASO: r\u00f3\u017cne wersje z bezstopniow\u0105 technologi\u0105 dyskow\u0105.<\/p>\n<p>Opcjonalnie z mo\u017cliwo\u015bci\u0105 pod\u0142\u0105czenia od zewn\u0105trz do KRASO FLS, rur os\u0142onowych do kabli DN 110 lub DN 160 lub system\u00f3w pustych rur KG o \u015brednicy DN 160.<\/p>\n<p>Opcjonalnie: ko\u0142nierz szpachlowy KRASO\u00ae.<\/p>\n<p>wytyczne WU: klasa napr\u0119\u017ce\u0144 1 + 2, DIN 18533 W1.1 -E.<\/p>\n","protected":false},"featured_media":6915,"template":"","meta":{"_acf_changed":false},"product_cat":[142,129],"product_tag":[],"class_list":{"0":"post-5475","1":"product","2":"type-product","3":"status-publish","4":"has-post-thumbnail","6":"product_cat-systemy-przylaczy-domowych","7":"product_cat-wodoszczelne-przejscia-instalacyjne","9":"first","10":"instock","11":"shipping-taxable","12":"product-type-simple"},"acf":[],"yoast_head":"<!-- This site is optimized with the Yoast SEO plugin v27.3 - https:\/\/yoast.com\/product\/yoast-seo-wordpress\/ -->\n<title>Systemowe przy\u0142\u0105cze pod\u0142ogowe Kraso\u00ae BKP 150 Stabilny Monta\u017c<\/title>\n<meta name=\"description\" content=\"Systemowe przy\u0142\u0105cze pod\u0142ogowe Kraso\u00ae BKP 150 - odpowiednie pod\u0142\u0105czenie wi\u0119kszych przewod\u00f3w. Wybierz egzemplarze do r\u00f3\u017cnych \u015brednic kabli!\" \/>\n<meta name=\"robots\" content=\"noindex, follow, max-snippet:-1, max-image-preview:large, max-video-preview:-1\" \/>\n<meta property=\"og:locale\" content=\"pl_PL\" \/>\n<meta property=\"og:type\" content=\"article\" \/>\n<meta property=\"og:title\" content=\"Systemowe przy\u0142\u0105cze pod\u0142ogowe Kraso\u00ae BKP 150 Stabilny Monta\u017c\" \/>\n<meta property=\"og:description\" content=\"Systemowe przy\u0142\u0105cze pod\u0142ogowe Kraso\u00ae BKP 150 - odpowiednie pod\u0142\u0105czenie wi\u0119kszych przewod\u00f3w. Wybierz egzemplarze do r\u00f3\u017cnych \u015brednic kabli!\" \/>\n<meta property=\"og:url\" content=\"https:\/\/ugwp.cfolks.pl\/bwb\/produkt\/systemowe-przylacze-podlogowe-kraso-bkp-150\/\" \/>\n<meta property=\"og:site_name\" content=\"BWB technology\" \/>\n<meta property=\"article:modified_time\" content=\"2024-10-21T14:10:12+00:00\" \/>\n<meta property=\"og:image\" content=\"https:\/\/ugwp.cfolks.pl\/bwb\/wp-content\/uploads\/Systemowe-przylacze-podlogowe-KRASO\u00ae-BKP-150.jpg\" \/>\n\t<meta property=\"og:image:width\" content=\"1100\" \/>\n\t<meta property=\"og:image:height\" content=\"810\" \/>\n\t<meta property=\"og:image:type\" content=\"image\/jpeg\" \/>\n<meta name=\"twitter:card\" content=\"summary_large_image\" \/>\n<meta name=\"twitter:label1\" content=\"Szacowany czas czytania\" \/>\n\t<meta name=\"twitter:data1\" content=\"1 minuta\" \/>\n<script type=\"application\/ld+json\" class=\"yoast-schema-graph\">{\"@context\":\"https:\\\/\\\/schema.org\",\"@graph\":[{\"@type\":\"WebPage\",\"@id\":\"https:\\\/\\\/ugwp.cfolks.pl\\\/bwb\\\/produkt\\\/systemowe-przylacze-podlogowe-kraso-bkp-150\\\/\",\"url\":\"https:\\\/\\\/ugwp.cfolks.pl\\\/bwb\\\/produkt\\\/systemowe-przylacze-podlogowe-kraso-bkp-150\\\/\",\"name\":\"Systemowe przy\u0142\u0105cze pod\u0142ogowe Kraso\u00ae BKP 150 Stabilny Monta\u017c\",\"isPartOf\":{\"@id\":\"https:\\\/\\\/ugwp.cfolks.pl\\\/bwb\\\/#website\"},\"primaryImageOfPage\":{\"@id\":\"https:\\\/\\\/ugwp.cfolks.pl\\\/bwb\\\/produkt\\\/systemowe-przylacze-podlogowe-kraso-bkp-150\\\/#primaryimage\"},\"image\":{\"@id\":\"https:\\\/\\\/ugwp.cfolks.pl\\\/bwb\\\/produkt\\\/systemowe-przylacze-podlogowe-kraso-bkp-150\\\/#primaryimage\"},\"thumbnailUrl\":\"https:\\\/\\\/ugwp.cfolks.pl\\\/bwb\\\/wp-content\\\/uploads\\\/Systemowe-przylacze-podlogowe-KRASO\u00ae-BKP-150.jpg\",\"datePublished\":\"2024-07-16T13:07:14+00:00\",\"dateModified\":\"2024-10-21T14:10:12+00:00\",\"description\":\"Systemowe przy\u0142\u0105cze pod\u0142ogowe Kraso\u00ae BKP 150 - odpowiednie pod\u0142\u0105czenie wi\u0119kszych przewod\u00f3w. Wybierz egzemplarze do r\u00f3\u017cnych \u015brednic kabli!\",\"breadcrumb\":{\"@id\":\"https:\\\/\\\/ugwp.cfolks.pl\\\/bwb\\\/produkt\\\/systemowe-przylacze-podlogowe-kraso-bkp-150\\\/#breadcrumb\"},\"inLanguage\":\"pl-PL\",\"potentialAction\":[{\"@type\":\"ReadAction\",\"target\":[\"https:\\\/\\\/ugwp.cfolks.pl\\\/bwb\\\/produkt\\\/systemowe-przylacze-podlogowe-kraso-bkp-150\\\/\"]}]},{\"@type\":\"ImageObject\",\"inLanguage\":\"pl-PL\",\"@id\":\"https:\\\/\\\/ugwp.cfolks.pl\\\/bwb\\\/produkt\\\/systemowe-przylacze-podlogowe-kraso-bkp-150\\\/#primaryimage\",\"url\":\"https:\\\/\\\/ugwp.cfolks.pl\\\/bwb\\\/wp-content\\\/uploads\\\/Systemowe-przylacze-podlogowe-KRASO\u00ae-BKP-150.jpg\",\"contentUrl\":\"https:\\\/\\\/ugwp.cfolks.pl\\\/bwb\\\/wp-content\\\/uploads\\\/Systemowe-przylacze-podlogowe-KRASO\u00ae-BKP-150.jpg\",\"width\":1100,\"height\":810,\"caption\":\"Systemowe przy\u0142\u0105cze pod\u0142ogowe KRASO\u00ae BKP 150\"},{\"@type\":\"BreadcrumbList\",\"@id\":\"https:\\\/\\\/ugwp.cfolks.pl\\\/bwb\\\/produkt\\\/systemowe-przylacze-podlogowe-kraso-bkp-150\\\/#breadcrumb\",\"itemListElement\":[{\"@type\":\"ListItem\",\"position\":1,\"name\":\"Strona g\u0142\u00f3wna\",\"item\":\"https:\\\/\\\/ugwp.cfolks.pl\\\/bwb\\\/\"},{\"@type\":\"ListItem\",\"position\":2,\"name\":\"Wodoszczelne Przej\u015bcia Instalacyjne\",\"item\":\"https:\\\/\\\/ugwp.cfolks.pl\\\/bwb\\\/kategoria\\\/wodoszczelne-przejscia-instalacyjne\\\/\"},{\"@type\":\"ListItem\",\"position\":3,\"name\":\"Systemy Przy\u0142\u0105czy Domowych\",\"item\":\"https:\\\/\\\/ugwp.cfolks.pl\\\/bwb\\\/kategoria\\\/wodoszczelne-przejscia-instalacyjne\\\/systemy-przylaczy-domowych\\\/\"},{\"@type\":\"ListItem\",\"position\":4,\"name\":\"Systemowe przy\u0142\u0105cze pod\u0142ogowe KRASO\u00ae BKP 150\"}]},{\"@type\":\"WebSite\",\"@id\":\"https:\\\/\\\/ugwp.cfolks.pl\\\/bwb\\\/#website\",\"url\":\"https:\\\/\\\/ugwp.cfolks.pl\\\/bwb\\\/\",\"name\":\"BWB technology\",\"description\":\"Kolejna witryna oparta na WordPressie\",\"potentialAction\":[{\"@type\":\"SearchAction\",\"target\":{\"@type\":\"EntryPoint\",\"urlTemplate\":\"https:\\\/\\\/ugwp.cfolks.pl\\\/bwb\\\/?s={search_term_string}\"},\"query-input\":{\"@type\":\"PropertyValueSpecification\",\"valueRequired\":true,\"valueName\":\"search_term_string\"}}],\"inLanguage\":\"pl-PL\"}]}<\/script>\n<!-- \/ Yoast SEO plugin. -->","yoast_head_json":{"title":"Systemowe przy\u0142\u0105cze pod\u0142ogowe Kraso\u00ae BKP 150 Stabilny Monta\u017c","description":"Systemowe przy\u0142\u0105cze pod\u0142ogowe Kraso\u00ae BKP 150 - odpowiednie pod\u0142\u0105czenie wi\u0119kszych przewod\u00f3w. Wybierz egzemplarze do r\u00f3\u017cnych \u015brednic kabli!","robots":{"index":"noindex","follow":"follow","max-snippet":"max-snippet:-1","max-image-preview":"max-image-preview:large","max-video-preview":"max-video-preview:-1"},"og_locale":"pl_PL","og_type":"article","og_title":"Systemowe przy\u0142\u0105cze pod\u0142ogowe Kraso\u00ae BKP 150 Stabilny Monta\u017c","og_description":"Systemowe przy\u0142\u0105cze pod\u0142ogowe Kraso\u00ae BKP 150 - odpowiednie pod\u0142\u0105czenie wi\u0119kszych przewod\u00f3w. Wybierz egzemplarze do r\u00f3\u017cnych \u015brednic kabli!","og_url":"https:\/\/ugwp.cfolks.pl\/bwb\/produkt\/systemowe-przylacze-podlogowe-kraso-bkp-150\/","og_site_name":"BWB technology","article_modified_time":"2024-10-21T14:10:12+00:00","og_image":[{"width":1100,"height":810,"url":"https:\/\/ugwp.cfolks.pl\/bwb\/wp-content\/uploads\/Systemowe-przylacze-podlogowe-KRASO\u00ae-BKP-150.jpg","type":"image\/jpeg"}],"twitter_card":"summary_large_image","twitter_misc":{"Szacowany czas czytania":"1 minuta"},"schema":{"@context":"https:\/\/schema.org","@graph":[{"@type":"WebPage","@id":"https:\/\/ugwp.cfolks.pl\/bwb\/produkt\/systemowe-przylacze-podlogowe-kraso-bkp-150\/","url":"https:\/\/ugwp.cfolks.pl\/bwb\/produkt\/systemowe-przylacze-podlogowe-kraso-bkp-150\/","name":"Systemowe przy\u0142\u0105cze pod\u0142ogowe Kraso\u00ae BKP 150 Stabilny Monta\u017c","isPartOf":{"@id":"https:\/\/ugwp.cfolks.pl\/bwb\/#website"},"primaryImageOfPage":{"@id":"https:\/\/ugwp.cfolks.pl\/bwb\/produkt\/systemowe-przylacze-podlogowe-kraso-bkp-150\/#primaryimage"},"image":{"@id":"https:\/\/ugwp.cfolks.pl\/bwb\/produkt\/systemowe-przylacze-podlogowe-kraso-bkp-150\/#primaryimage"},"thumbnailUrl":"https:\/\/ugwp.cfolks.pl\/bwb\/wp-content\/uploads\/Systemowe-przylacze-podlogowe-KRASO\u00ae-BKP-150.jpg","datePublished":"2024-07-16T13:07:14+00:00","dateModified":"2024-10-21T14:10:12+00:00","description":"Systemowe przy\u0142\u0105cze pod\u0142ogowe Kraso\u00ae BKP 150 - odpowiednie pod\u0142\u0105czenie wi\u0119kszych przewod\u00f3w. Wybierz egzemplarze do r\u00f3\u017cnych \u015brednic kabli!","breadcrumb":{"@id":"https:\/\/ugwp.cfolks.pl\/bwb\/produkt\/systemowe-przylacze-podlogowe-kraso-bkp-150\/#breadcrumb"},"inLanguage":"pl-PL","potentialAction":[{"@type":"ReadAction","target":["https:\/\/ugwp.cfolks.pl\/bwb\/produkt\/systemowe-przylacze-podlogowe-kraso-bkp-150\/"]}]},{"@type":"ImageObject","inLanguage":"pl-PL","@id":"https:\/\/ugwp.cfolks.pl\/bwb\/produkt\/systemowe-przylacze-podlogowe-kraso-bkp-150\/#primaryimage","url":"https:\/\/ugwp.cfolks.pl\/bwb\/wp-content\/uploads\/Systemowe-przylacze-podlogowe-KRASO\u00ae-BKP-150.jpg","contentUrl":"https:\/\/ugwp.cfolks.pl\/bwb\/wp-content\/uploads\/Systemowe-przylacze-podlogowe-KRASO\u00ae-BKP-150.jpg","width":1100,"height":810,"caption":"Systemowe przy\u0142\u0105cze pod\u0142ogowe KRASO\u00ae BKP 150"},{"@type":"BreadcrumbList","@id":"https:\/\/ugwp.cfolks.pl\/bwb\/produkt\/systemowe-przylacze-podlogowe-kraso-bkp-150\/#breadcrumb","itemListElement":[{"@type":"ListItem","position":1,"name":"Strona g\u0142\u00f3wna","item":"https:\/\/ugwp.cfolks.pl\/bwb\/"},{"@type":"ListItem","position":2,"name":"Wodoszczelne Przej\u015bcia Instalacyjne","item":"https:\/\/ugwp.cfolks.pl\/bwb\/kategoria\/wodoszczelne-przejscia-instalacyjne\/"},{"@type":"ListItem","position":3,"name":"Systemy Przy\u0142\u0105czy Domowych","item":"https:\/\/ugwp.cfolks.pl\/bwb\/kategoria\/wodoszczelne-przejscia-instalacyjne\/systemy-przylaczy-domowych\/"},{"@type":"ListItem","position":4,"name":"Systemowe przy\u0142\u0105cze pod\u0142ogowe KRASO\u00ae BKP 150"}]},{"@type":"WebSite","@id":"https:\/\/ugwp.cfolks.pl\/bwb\/#website","url":"https:\/\/ugwp.cfolks.pl\/bwb\/","name":"BWB technology","description":"Kolejna witryna oparta na WordPressie","potentialAction":[{"@type":"SearchAction","target":{"@type":"EntryPoint","urlTemplate":"https:\/\/ugwp.cfolks.pl\/bwb\/?s={search_term_string}"},"query-input":{"@type":"PropertyValueSpecification","valueRequired":true,"valueName":"search_term_string"}}],"inLanguage":"pl-PL"}]}},"_links":{"self":[{"href":"https:\/\/ugwp.cfolks.pl\/bwb\/wp-json\/wp\/v2\/product\/5475","targetHints":{"allow":["GET"]}}],"collection":[{"href":"https:\/\/ugwp.cfolks.pl\/bwb\/wp-json\/wp\/v2\/product"}],"about":[{"href":"https:\/\/ugwp.cfolks.pl\/bwb\/wp-json\/wp\/v2\/types\/product"}],"wp:featuredmedia":[{"embeddable":true,"href":"https:\/\/ugwp.cfolks.pl\/bwb\/wp-json\/wp\/v2\/media\/6915"}],"wp:attachment":[{"href":"https:\/\/ugwp.cfolks.pl\/bwb\/wp-json\/wp\/v2\/media?parent=5475"}],"wp:term":[{"taxonomy":"product_cat","embeddable":true,"href":"https:\/\/ugwp.cfolks.pl\/bwb\/wp-json\/wp\/v2\/product_cat?post=5475"},{"taxonomy":"product_tag","embeddable":true,"href":"https:\/\/ugwp.cfolks.pl\/bwb\/wp-json\/wp\/v2\/product_tag?post=5475"}],"curies":[{"name":"wp","href":"https:\/\/api.w.org\/{rel}","templated":true}]}}