{"id":5074,"date":"2023-12-16T18:30:21","date_gmt":"2023-12-16T17:30:21","guid":{"rendered":"https:\/\/ugwp.cfolks.pl\/bwb\/?post_type=product&#038;p=5074"},"modified":"2024-07-12T19:30:14","modified_gmt":"2024-07-12T17:30:14","slug":"deflex-630-p-640-p","status":"publish","type":"product","link":"https:\/\/ugwp.cfolks.pl\/bwb\/produkt\/deflex-630-p-640-p\/","title":{"rendered":"DEFLEX 630\/P &#038; 640\/P"},"content":{"rendered":"","protected":false},"excerpt":{"rendered":"<p>Profil rozdzielaj\u0105cy posadzki wykonany z twardego i mi\u0119kkiego PVC z elastyczn\u0105 cz\u0119\u015bci\u0105 \u015brodkow\u0105. Profilu przeznaczony do ok\u0142adzin pod\u0142ogowych o ma\u0142ych obci\u0105\u017ceniach. Znajduje zastosowanie w posadzkach wykonanych z jastrychu, wyk\u0142adanych kamieniem naturalnym, imitacje kamienia itp.<\/p>\n","protected":false},"featured_media":5452,"template":"","meta":{"_acf_changed":false},"product_cat":[199],"product_tag":[],"class_list":{"0":"post-5074","1":"product","2":"type-product","3":"status-publish","4":"has-post-thumbnail","6":"product_cat-profile-wykonczeniowe","8":"first","9":"instock","10":"shipping-taxable","11":"product-type-simple"},"acf":[],"yoast_head":"<!-- This site is optimized with the Yoast SEO plugin v27.3 - https:\/\/yoast.com\/product\/yoast-seo-wordpress\/ -->\n<title>DEFLEX 630\/P &amp; 640\/P Elastyczny Profil Rozdzielaj\u0105cy Posadzki!<\/title>\n<meta name=\"description\" content=\"DEFLEX 630\/P &amp; 640\/PDEFLEX 630\/P &amp; 640\/P innowacyjny profil posadzkowy z PVC. Idealny do posadzek z kamienia naturalnego. Elastyczno\u015b\u0107 i trwa\u0142o\u015b\u0107 w jednym.\" \/>\n<meta name=\"robots\" content=\"noindex, follow, max-snippet:-1, max-image-preview:large, max-video-preview:-1\" \/>\n<meta property=\"og:locale\" content=\"pl_PL\" \/>\n<meta property=\"og:type\" content=\"article\" \/>\n<meta property=\"og:title\" content=\"DEFLEX 630\/P &amp; 640\/P Elastyczny Profil Rozdzielaj\u0105cy Posadzki!\" \/>\n<meta property=\"og:description\" content=\"DEFLEX 630\/P &amp; 640\/PDEFLEX 630\/P &amp; 640\/P innowacyjny profil posadzkowy z PVC. Idealny do posadzek z kamienia naturalnego. Elastyczno\u015b\u0107 i trwa\u0142o\u015b\u0107 w jednym.\" \/>\n<meta property=\"og:url\" content=\"https:\/\/ugwp.cfolks.pl\/bwb\/produkt\/deflex-630-p-640-p\/\" \/>\n<meta property=\"og:site_name\" content=\"BWB technology\" \/>\n<meta property=\"article:modified_time\" content=\"2024-07-12T17:30:14+00:00\" \/>\n<meta property=\"og:image\" content=\"https:\/\/ugwp.cfolks.pl\/bwb\/wp-content\/uploads\/DEFLEX-630-P.jpg\" \/>\n\t<meta property=\"og:image:width\" content=\"1100\" \/>\n\t<meta property=\"og:image:height\" content=\"810\" \/>\n\t<meta property=\"og:image:type\" content=\"image\/jpeg\" \/>\n<meta name=\"twitter:card\" content=\"summary_large_image\" \/>\n<meta name=\"twitter:label1\" content=\"Szacowany czas czytania\" \/>\n\t<meta name=\"twitter:data1\" content=\"1 minuta\" \/>\n<script type=\"application\/ld+json\" class=\"yoast-schema-graph\">{\"@context\":\"https:\\\/\\\/schema.org\",\"@graph\":[{\"@type\":\"WebPage\",\"@id\":\"https:\\\/\\\/ugwp.cfolks.pl\\\/bwb\\\/produkt\\\/deflex-630-p-640-p\\\/\",\"url\":\"https:\\\/\\\/ugwp.cfolks.pl\\\/bwb\\\/produkt\\\/deflex-630-p-640-p\\\/\",\"name\":\"DEFLEX 630\\\/P & 640\\\/P Elastyczny Profil Rozdzielaj\u0105cy Posadzki!\",\"isPartOf\":{\"@id\":\"https:\\\/\\\/ugwp.cfolks.pl\\\/bwb\\\/#website\"},\"primaryImageOfPage\":{\"@id\":\"https:\\\/\\\/ugwp.cfolks.pl\\\/bwb\\\/produkt\\\/deflex-630-p-640-p\\\/#primaryimage\"},\"image\":{\"@id\":\"https:\\\/\\\/ugwp.cfolks.pl\\\/bwb\\\/produkt\\\/deflex-630-p-640-p\\\/#primaryimage\"},\"thumbnailUrl\":\"https:\\\/\\\/ugwp.cfolks.pl\\\/bwb\\\/wp-content\\\/uploads\\\/DEFLEX-630-P.jpg\",\"datePublished\":\"2023-12-16T17:30:21+00:00\",\"dateModified\":\"2024-07-12T17:30:14+00:00\",\"description\":\"DEFLEX 630\\\/P & 640\\\/PDEFLEX 630\\\/P & 640\\\/P innowacyjny profil posadzkowy z PVC. Idealny do posadzek z kamienia naturalnego. Elastyczno\u015b\u0107 i trwa\u0142o\u015b\u0107 w jednym.\",\"breadcrumb\":{\"@id\":\"https:\\\/\\\/ugwp.cfolks.pl\\\/bwb\\\/produkt\\\/deflex-630-p-640-p\\\/#breadcrumb\"},\"inLanguage\":\"pl-PL\",\"potentialAction\":[{\"@type\":\"ReadAction\",\"target\":[\"https:\\\/\\\/ugwp.cfolks.pl\\\/bwb\\\/produkt\\\/deflex-630-p-640-p\\\/\"]}]},{\"@type\":\"ImageObject\",\"inLanguage\":\"pl-PL\",\"@id\":\"https:\\\/\\\/ugwp.cfolks.pl\\\/bwb\\\/produkt\\\/deflex-630-p-640-p\\\/#primaryimage\",\"url\":\"https:\\\/\\\/ugwp.cfolks.pl\\\/bwb\\\/wp-content\\\/uploads\\\/DEFLEX-630-P.jpg\",\"contentUrl\":\"https:\\\/\\\/ugwp.cfolks.pl\\\/bwb\\\/wp-content\\\/uploads\\\/DEFLEX-630-P.jpg\",\"width\":1100,\"height\":810,\"caption\":\"Profil wyko\u0144czeniowy DEFLEX 630\\\/P\"},{\"@type\":\"BreadcrumbList\",\"@id\":\"https:\\\/\\\/ugwp.cfolks.pl\\\/bwb\\\/produkt\\\/deflex-630-p-640-p\\\/#breadcrumb\",\"itemListElement\":[{\"@type\":\"ListItem\",\"position\":1,\"name\":\"Strona g\u0142\u00f3wna\",\"item\":\"https:\\\/\\\/ugwp.cfolks.pl\\\/bwb\\\/\"},{\"@type\":\"ListItem\",\"position\":2,\"name\":\"Profile Dylatacyjne\",\"item\":\"https:\\\/\\\/ugwp.cfolks.pl\\\/bwb\\\/kategoria\\\/profile-dylatacyjne\\\/\"},{\"@type\":\"ListItem\",\"position\":3,\"name\":\"Profile wyko\u0144czeniowe\",\"item\":\"https:\\\/\\\/ugwp.cfolks.pl\\\/bwb\\\/kategoria\\\/profile-dylatacyjne\\\/profile-wykonczeniowe\\\/\"},{\"@type\":\"ListItem\",\"position\":4,\"name\":\"DEFLEX 630\\\/P &#038; 640\\\/P\"}]},{\"@type\":\"WebSite\",\"@id\":\"https:\\\/\\\/ugwp.cfolks.pl\\\/bwb\\\/#website\",\"url\":\"https:\\\/\\\/ugwp.cfolks.pl\\\/bwb\\\/\",\"name\":\"BWB technology\",\"description\":\"Kolejna witryna oparta na WordPressie\",\"potentialAction\":[{\"@type\":\"SearchAction\",\"target\":{\"@type\":\"EntryPoint\",\"urlTemplate\":\"https:\\\/\\\/ugwp.cfolks.pl\\\/bwb\\\/?s={search_term_string}\"},\"query-input\":{\"@type\":\"PropertyValueSpecification\",\"valueRequired\":true,\"valueName\":\"search_term_string\"}}],\"inLanguage\":\"pl-PL\"}]}<\/script>\n<!-- \/ Yoast SEO plugin. -->","yoast_head_json":{"title":"DEFLEX 630\/P & 640\/P Elastyczny Profil Rozdzielaj\u0105cy Posadzki!","description":"DEFLEX 630\/P & 640\/PDEFLEX 630\/P & 640\/P innowacyjny profil posadzkowy z PVC. Idealny do posadzek z kamienia naturalnego. Elastyczno\u015b\u0107 i trwa\u0142o\u015b\u0107 w jednym.","robots":{"index":"noindex","follow":"follow","max-snippet":"max-snippet:-1","max-image-preview":"max-image-preview:large","max-video-preview":"max-video-preview:-1"},"og_locale":"pl_PL","og_type":"article","og_title":"DEFLEX 630\/P & 640\/P Elastyczny Profil Rozdzielaj\u0105cy Posadzki!","og_description":"DEFLEX 630\/P & 640\/PDEFLEX 630\/P & 640\/P innowacyjny profil posadzkowy z PVC. Idealny do posadzek z kamienia naturalnego. Elastyczno\u015b\u0107 i trwa\u0142o\u015b\u0107 w jednym.","og_url":"https:\/\/ugwp.cfolks.pl\/bwb\/produkt\/deflex-630-p-640-p\/","og_site_name":"BWB technology","article_modified_time":"2024-07-12T17:30:14+00:00","og_image":[{"width":1100,"height":810,"url":"https:\/\/ugwp.cfolks.pl\/bwb\/wp-content\/uploads\/DEFLEX-630-P.jpg","type":"image\/jpeg"}],"twitter_card":"summary_large_image","twitter_misc":{"Szacowany czas czytania":"1 minuta"},"schema":{"@context":"https:\/\/schema.org","@graph":[{"@type":"WebPage","@id":"https:\/\/ugwp.cfolks.pl\/bwb\/produkt\/deflex-630-p-640-p\/","url":"https:\/\/ugwp.cfolks.pl\/bwb\/produkt\/deflex-630-p-640-p\/","name":"DEFLEX 630\/P & 640\/P Elastyczny Profil Rozdzielaj\u0105cy Posadzki!","isPartOf":{"@id":"https:\/\/ugwp.cfolks.pl\/bwb\/#website"},"primaryImageOfPage":{"@id":"https:\/\/ugwp.cfolks.pl\/bwb\/produkt\/deflex-630-p-640-p\/#primaryimage"},"image":{"@id":"https:\/\/ugwp.cfolks.pl\/bwb\/produkt\/deflex-630-p-640-p\/#primaryimage"},"thumbnailUrl":"https:\/\/ugwp.cfolks.pl\/bwb\/wp-content\/uploads\/DEFLEX-630-P.jpg","datePublished":"2023-12-16T17:30:21+00:00","dateModified":"2024-07-12T17:30:14+00:00","description":"DEFLEX 630\/P & 640\/PDEFLEX 630\/P & 640\/P innowacyjny profil posadzkowy z PVC. Idealny do posadzek z kamienia naturalnego. Elastyczno\u015b\u0107 i trwa\u0142o\u015b\u0107 w jednym.","breadcrumb":{"@id":"https:\/\/ugwp.cfolks.pl\/bwb\/produkt\/deflex-630-p-640-p\/#breadcrumb"},"inLanguage":"pl-PL","potentialAction":[{"@type":"ReadAction","target":["https:\/\/ugwp.cfolks.pl\/bwb\/produkt\/deflex-630-p-640-p\/"]}]},{"@type":"ImageObject","inLanguage":"pl-PL","@id":"https:\/\/ugwp.cfolks.pl\/bwb\/produkt\/deflex-630-p-640-p\/#primaryimage","url":"https:\/\/ugwp.cfolks.pl\/bwb\/wp-content\/uploads\/DEFLEX-630-P.jpg","contentUrl":"https:\/\/ugwp.cfolks.pl\/bwb\/wp-content\/uploads\/DEFLEX-630-P.jpg","width":1100,"height":810,"caption":"Profil wyko\u0144czeniowy DEFLEX 630\/P"},{"@type":"BreadcrumbList","@id":"https:\/\/ugwp.cfolks.pl\/bwb\/produkt\/deflex-630-p-640-p\/#breadcrumb","itemListElement":[{"@type":"ListItem","position":1,"name":"Strona g\u0142\u00f3wna","item":"https:\/\/ugwp.cfolks.pl\/bwb\/"},{"@type":"ListItem","position":2,"name":"Profile Dylatacyjne","item":"https:\/\/ugwp.cfolks.pl\/bwb\/kategoria\/profile-dylatacyjne\/"},{"@type":"ListItem","position":3,"name":"Profile wyko\u0144czeniowe","item":"https:\/\/ugwp.cfolks.pl\/bwb\/kategoria\/profile-dylatacyjne\/profile-wykonczeniowe\/"},{"@type":"ListItem","position":4,"name":"DEFLEX 630\/P &#038; 640\/P"}]},{"@type":"WebSite","@id":"https:\/\/ugwp.cfolks.pl\/bwb\/#website","url":"https:\/\/ugwp.cfolks.pl\/bwb\/","name":"BWB technology","description":"Kolejna witryna oparta na WordPressie","potentialAction":[{"@type":"SearchAction","target":{"@type":"EntryPoint","urlTemplate":"https:\/\/ugwp.cfolks.pl\/bwb\/?s={search_term_string}"},"query-input":{"@type":"PropertyValueSpecification","valueRequired":true,"valueName":"search_term_string"}}],"inLanguage":"pl-PL"}]}},"_links":{"self":[{"href":"https:\/\/ugwp.cfolks.pl\/bwb\/wp-json\/wp\/v2\/product\/5074","targetHints":{"allow":["GET"]}}],"collection":[{"href":"https:\/\/ugwp.cfolks.pl\/bwb\/wp-json\/wp\/v2\/product"}],"about":[{"href":"https:\/\/ugwp.cfolks.pl\/bwb\/wp-json\/wp\/v2\/types\/product"}],"wp:featuredmedia":[{"embeddable":true,"href":"https:\/\/ugwp.cfolks.pl\/bwb\/wp-json\/wp\/v2\/media\/5452"}],"wp:attachment":[{"href":"https:\/\/ugwp.cfolks.pl\/bwb\/wp-json\/wp\/v2\/media?parent=5074"}],"wp:term":[{"taxonomy":"product_cat","embeddable":true,"href":"https:\/\/ugwp.cfolks.pl\/bwb\/wp-json\/wp\/v2\/product_cat?post=5074"},{"taxonomy":"product_tag","embeddable":true,"href":"https:\/\/ugwp.cfolks.pl\/bwb\/wp-json\/wp\/v2\/product_tag?post=5074"}],"curies":[{"name":"wp","href":"https:\/\/api.w.org\/{rel}","templated":true}]}}