{"id":4523,"date":"2023-10-11T13:01:45","date_gmt":"2023-10-11T11:01:45","guid":{"rendered":"https:\/\/ugwp.cfolks.pl\/bwb\/?post_type=product&#038;p=4523"},"modified":"2024-06-23T19:56:52","modified_gmt":"2024-06-23T17:56:52","slug":"deflex-wod-550","status":"publish","type":"product","link":"https:\/\/ugwp.cfolks.pl\/bwb\/produkt\/deflex-wod-550\/","title":{"rendered":"DEFLEX WOD 550"},"content":{"rendered":"","protected":false},"excerpt":{"rendered":"<p>Profil dachowy wykonany jest z tworzywa sztucznego Elastoflex\u00ae . Charakteryzuje si\u0119 wysok\u0105 elastyczno\u015bci\u0105, jest odporny na gor\u0105ce materia\u0142y bitumiczne oraz wp\u0142ywy atmosferyczne. Jego zalet\u0105 jest mo\u017cliwo\u015b\u0107 kompensacji ruch\u00f3w szczeliny dylatacyjnej we wszystkich kierunkach. Znajduje zastosowanie m.in.: na dachach zielonych, dachach p\u0142askich, w gara\u017cach podziemnych. Profil mo\u017ce by\u0107 montowany (po\u0142\u0105czony) mi\u0119dzy warstwami bitumicznymi lub mo\u017ce by\u0107 te\u017c mocowany mechanicznie. Profil wyst\u0119puje w r\u00f3\u017cnych kombinacjach po\u0142\u0105czeniowych. Kszta\u0142tki monta\u017cowe wykonywane s\u0105 fabrycznie lub \u0142\u0105czone w warunkach budowy za pomoc\u0105 przeno\u015bnego zestawu do wulkanizacji. Mo\u017cliwe jest wykonanie skomplikowanych kszta\u0142tek monta\u017cowych umo\u017cliwiaj\u0105cych pe\u0142ne zabezpieczenie przebiegu szczelin dylatacyjnych na obiekcie. Profil z tworzywa sztucznego \u0142\u0105czona jest w jeden odcinek poprzez wulkanizowanie, dostarczana w 60 m odcinkach w celu zmniejszenia liczby po\u0142\u0105cze\u0144. W przypadku wyst\u0119powania na stropie warstw wyko\u0144czeniowych np. na dachach zielonych nale\u017cy zastosowa\u0107 specjalnie wyprofilowan\u0105 blach\u0119 os\u0142onow\u0105 zakotwion\u0105 jednostronnie.<\/p>\n<p>Profil wyst\u0119puj\u0119 w wersji p\u0142askiej i naro\u017cnej.<\/p>\n<p>Nale\u017cy przestrzega\u0107 zalece\u0144 i uwag dotycz\u0105cych monta\u017cu.<\/p>\n","protected":false},"featured_media":5328,"template":"","meta":{"_acf_changed":false},"product_cat":[169],"product_tag":[],"class_list":{"0":"post-4523","1":"product","2":"type-product","3":"status-publish","4":"has-post-thumbnail","6":"product_cat-profile-dachowe","8":"first","9":"instock","10":"shipping-taxable","11":"product-type-simple"},"acf":[],"yoast_head":"<!-- This site is optimized with the Yoast SEO plugin v27.3 - https:\/\/yoast.com\/product\/yoast-seo-wordpress\/ -->\n<title>DEFLEX WOD 550 Elastyczny Profil Dachowy Zobacz!<\/title>\n<meta name=\"description\" content=\"DEFLEX WOD 550 elastyczny profil dachowy dla doskona\u0142ej ochrony. Sprawd\u017a elastyczno\u015b\u0107 i trwa\u0142o\u015b\u0107. Doskona\u0142a ochrona przed ruchami dylatacyjnymi!\" \/>\n<meta name=\"robots\" content=\"noindex, follow, max-snippet:-1, max-image-preview:large, max-video-preview:-1\" \/>\n<meta property=\"og:locale\" content=\"pl_PL\" \/>\n<meta property=\"og:type\" content=\"article\" \/>\n<meta property=\"og:title\" content=\"DEFLEX WOD 550 Elastyczny Profil Dachowy Zobacz!\" \/>\n<meta property=\"og:description\" content=\"DEFLEX WOD 550 elastyczny profil dachowy dla doskona\u0142ej ochrony. Sprawd\u017a elastyczno\u015b\u0107 i trwa\u0142o\u015b\u0107. Doskona\u0142a ochrona przed ruchami dylatacyjnymi!\" \/>\n<meta property=\"og:url\" content=\"https:\/\/ugwp.cfolks.pl\/bwb\/produkt\/deflex-wod-550\/\" \/>\n<meta property=\"og:site_name\" content=\"BWB technology\" \/>\n<meta property=\"article:modified_time\" content=\"2024-06-23T17:56:52+00:00\" \/>\n<meta property=\"og:image\" content=\"https:\/\/ugwp.cfolks.pl\/bwb\/wp-content\/uploads\/DEFLEX-WOD-550.jpg\" \/>\n\t<meta property=\"og:image:width\" content=\"1100\" \/>\n\t<meta property=\"og:image:height\" content=\"810\" \/>\n\t<meta property=\"og:image:type\" content=\"image\/jpeg\" \/>\n<meta name=\"twitter:card\" content=\"summary_large_image\" \/>\n<meta name=\"twitter:label1\" content=\"Szacowany czas czytania\" \/>\n\t<meta name=\"twitter:data1\" content=\"1 minuta\" \/>\n<script type=\"application\/ld+json\" class=\"yoast-schema-graph\">{\"@context\":\"https:\\\/\\\/schema.org\",\"@graph\":[{\"@type\":\"WebPage\",\"@id\":\"https:\\\/\\\/ugwp.cfolks.pl\\\/bwb\\\/produkt\\\/deflex-wod-550\\\/\",\"url\":\"https:\\\/\\\/ugwp.cfolks.pl\\\/bwb\\\/produkt\\\/deflex-wod-550\\\/\",\"name\":\"DEFLEX WOD 550 Elastyczny Profil Dachowy Zobacz!\",\"isPartOf\":{\"@id\":\"https:\\\/\\\/ugwp.cfolks.pl\\\/bwb\\\/#website\"},\"primaryImageOfPage\":{\"@id\":\"https:\\\/\\\/ugwp.cfolks.pl\\\/bwb\\\/produkt\\\/deflex-wod-550\\\/#primaryimage\"},\"image\":{\"@id\":\"https:\\\/\\\/ugwp.cfolks.pl\\\/bwb\\\/produkt\\\/deflex-wod-550\\\/#primaryimage\"},\"thumbnailUrl\":\"https:\\\/\\\/ugwp.cfolks.pl\\\/bwb\\\/wp-content\\\/uploads\\\/DEFLEX-WOD-550.jpg\",\"datePublished\":\"2023-10-11T11:01:45+00:00\",\"dateModified\":\"2024-06-23T17:56:52+00:00\",\"description\":\"DEFLEX WOD 550 elastyczny profil dachowy dla doskona\u0142ej ochrony. Sprawd\u017a elastyczno\u015b\u0107 i trwa\u0142o\u015b\u0107. Doskona\u0142a ochrona przed ruchami dylatacyjnymi!\",\"breadcrumb\":{\"@id\":\"https:\\\/\\\/ugwp.cfolks.pl\\\/bwb\\\/produkt\\\/deflex-wod-550\\\/#breadcrumb\"},\"inLanguage\":\"pl-PL\",\"potentialAction\":[{\"@type\":\"ReadAction\",\"target\":[\"https:\\\/\\\/ugwp.cfolks.pl\\\/bwb\\\/produkt\\\/deflex-wod-550\\\/\"]}]},{\"@type\":\"ImageObject\",\"inLanguage\":\"pl-PL\",\"@id\":\"https:\\\/\\\/ugwp.cfolks.pl\\\/bwb\\\/produkt\\\/deflex-wod-550\\\/#primaryimage\",\"url\":\"https:\\\/\\\/ugwp.cfolks.pl\\\/bwb\\\/wp-content\\\/uploads\\\/DEFLEX-WOD-550.jpg\",\"contentUrl\":\"https:\\\/\\\/ugwp.cfolks.pl\\\/bwb\\\/wp-content\\\/uploads\\\/DEFLEX-WOD-550.jpg\",\"width\":1100,\"height\":810,\"caption\":\"Profil dachowy DEFLEX WOD 550\"},{\"@type\":\"BreadcrumbList\",\"@id\":\"https:\\\/\\\/ugwp.cfolks.pl\\\/bwb\\\/produkt\\\/deflex-wod-550\\\/#breadcrumb\",\"itemListElement\":[{\"@type\":\"ListItem\",\"position\":1,\"name\":\"Strona g\u0142\u00f3wna\",\"item\":\"https:\\\/\\\/ugwp.cfolks.pl\\\/bwb\\\/\"},{\"@type\":\"ListItem\",\"position\":2,\"name\":\"Profile Dylatacyjne\",\"item\":\"https:\\\/\\\/ugwp.cfolks.pl\\\/bwb\\\/kategoria\\\/profile-dylatacyjne\\\/\"},{\"@type\":\"ListItem\",\"position\":3,\"name\":\"Profile dachowe\",\"item\":\"https:\\\/\\\/ugwp.cfolks.pl\\\/bwb\\\/kategoria\\\/profile-dylatacyjne\\\/profile-dachowe\\\/\"},{\"@type\":\"ListItem\",\"position\":4,\"name\":\"DEFLEX WOD 550\"}]},{\"@type\":\"WebSite\",\"@id\":\"https:\\\/\\\/ugwp.cfolks.pl\\\/bwb\\\/#website\",\"url\":\"https:\\\/\\\/ugwp.cfolks.pl\\\/bwb\\\/\",\"name\":\"BWB technology\",\"description\":\"Kolejna witryna oparta na WordPressie\",\"potentialAction\":[{\"@type\":\"SearchAction\",\"target\":{\"@type\":\"EntryPoint\",\"urlTemplate\":\"https:\\\/\\\/ugwp.cfolks.pl\\\/bwb\\\/?s={search_term_string}\"},\"query-input\":{\"@type\":\"PropertyValueSpecification\",\"valueRequired\":true,\"valueName\":\"search_term_string\"}}],\"inLanguage\":\"pl-PL\"}]}<\/script>\n<!-- \/ Yoast SEO plugin. -->","yoast_head_json":{"title":"DEFLEX WOD 550 Elastyczny Profil Dachowy Zobacz!","description":"DEFLEX WOD 550 elastyczny profil dachowy dla doskona\u0142ej ochrony. Sprawd\u017a elastyczno\u015b\u0107 i trwa\u0142o\u015b\u0107. Doskona\u0142a ochrona przed ruchami dylatacyjnymi!","robots":{"index":"noindex","follow":"follow","max-snippet":"max-snippet:-1","max-image-preview":"max-image-preview:large","max-video-preview":"max-video-preview:-1"},"og_locale":"pl_PL","og_type":"article","og_title":"DEFLEX WOD 550 Elastyczny Profil Dachowy Zobacz!","og_description":"DEFLEX WOD 550 elastyczny profil dachowy dla doskona\u0142ej ochrony. Sprawd\u017a elastyczno\u015b\u0107 i trwa\u0142o\u015b\u0107. Doskona\u0142a ochrona przed ruchami dylatacyjnymi!","og_url":"https:\/\/ugwp.cfolks.pl\/bwb\/produkt\/deflex-wod-550\/","og_site_name":"BWB technology","article_modified_time":"2024-06-23T17:56:52+00:00","og_image":[{"width":1100,"height":810,"url":"https:\/\/ugwp.cfolks.pl\/bwb\/wp-content\/uploads\/DEFLEX-WOD-550.jpg","type":"image\/jpeg"}],"twitter_card":"summary_large_image","twitter_misc":{"Szacowany czas czytania":"1 minuta"},"schema":{"@context":"https:\/\/schema.org","@graph":[{"@type":"WebPage","@id":"https:\/\/ugwp.cfolks.pl\/bwb\/produkt\/deflex-wod-550\/","url":"https:\/\/ugwp.cfolks.pl\/bwb\/produkt\/deflex-wod-550\/","name":"DEFLEX WOD 550 Elastyczny Profil Dachowy Zobacz!","isPartOf":{"@id":"https:\/\/ugwp.cfolks.pl\/bwb\/#website"},"primaryImageOfPage":{"@id":"https:\/\/ugwp.cfolks.pl\/bwb\/produkt\/deflex-wod-550\/#primaryimage"},"image":{"@id":"https:\/\/ugwp.cfolks.pl\/bwb\/produkt\/deflex-wod-550\/#primaryimage"},"thumbnailUrl":"https:\/\/ugwp.cfolks.pl\/bwb\/wp-content\/uploads\/DEFLEX-WOD-550.jpg","datePublished":"2023-10-11T11:01:45+00:00","dateModified":"2024-06-23T17:56:52+00:00","description":"DEFLEX WOD 550 elastyczny profil dachowy dla doskona\u0142ej ochrony. Sprawd\u017a elastyczno\u015b\u0107 i trwa\u0142o\u015b\u0107. Doskona\u0142a ochrona przed ruchami dylatacyjnymi!","breadcrumb":{"@id":"https:\/\/ugwp.cfolks.pl\/bwb\/produkt\/deflex-wod-550\/#breadcrumb"},"inLanguage":"pl-PL","potentialAction":[{"@type":"ReadAction","target":["https:\/\/ugwp.cfolks.pl\/bwb\/produkt\/deflex-wod-550\/"]}]},{"@type":"ImageObject","inLanguage":"pl-PL","@id":"https:\/\/ugwp.cfolks.pl\/bwb\/produkt\/deflex-wod-550\/#primaryimage","url":"https:\/\/ugwp.cfolks.pl\/bwb\/wp-content\/uploads\/DEFLEX-WOD-550.jpg","contentUrl":"https:\/\/ugwp.cfolks.pl\/bwb\/wp-content\/uploads\/DEFLEX-WOD-550.jpg","width":1100,"height":810,"caption":"Profil dachowy DEFLEX WOD 550"},{"@type":"BreadcrumbList","@id":"https:\/\/ugwp.cfolks.pl\/bwb\/produkt\/deflex-wod-550\/#breadcrumb","itemListElement":[{"@type":"ListItem","position":1,"name":"Strona g\u0142\u00f3wna","item":"https:\/\/ugwp.cfolks.pl\/bwb\/"},{"@type":"ListItem","position":2,"name":"Profile Dylatacyjne","item":"https:\/\/ugwp.cfolks.pl\/bwb\/kategoria\/profile-dylatacyjne\/"},{"@type":"ListItem","position":3,"name":"Profile dachowe","item":"https:\/\/ugwp.cfolks.pl\/bwb\/kategoria\/profile-dylatacyjne\/profile-dachowe\/"},{"@type":"ListItem","position":4,"name":"DEFLEX WOD 550"}]},{"@type":"WebSite","@id":"https:\/\/ugwp.cfolks.pl\/bwb\/#website","url":"https:\/\/ugwp.cfolks.pl\/bwb\/","name":"BWB technology","description":"Kolejna witryna oparta na WordPressie","potentialAction":[{"@type":"SearchAction","target":{"@type":"EntryPoint","urlTemplate":"https:\/\/ugwp.cfolks.pl\/bwb\/?s={search_term_string}"},"query-input":{"@type":"PropertyValueSpecification","valueRequired":true,"valueName":"search_term_string"}}],"inLanguage":"pl-PL"}]}},"_links":{"self":[{"href":"https:\/\/ugwp.cfolks.pl\/bwb\/wp-json\/wp\/v2\/product\/4523","targetHints":{"allow":["GET"]}}],"collection":[{"href":"https:\/\/ugwp.cfolks.pl\/bwb\/wp-json\/wp\/v2\/product"}],"about":[{"href":"https:\/\/ugwp.cfolks.pl\/bwb\/wp-json\/wp\/v2\/types\/product"}],"wp:featuredmedia":[{"embeddable":true,"href":"https:\/\/ugwp.cfolks.pl\/bwb\/wp-json\/wp\/v2\/media\/5328"}],"wp:attachment":[{"href":"https:\/\/ugwp.cfolks.pl\/bwb\/wp-json\/wp\/v2\/media?parent=4523"}],"wp:term":[{"taxonomy":"product_cat","embeddable":true,"href":"https:\/\/ugwp.cfolks.pl\/bwb\/wp-json\/wp\/v2\/product_cat?post=4523"},{"taxonomy":"product_tag","embeddable":true,"href":"https:\/\/ugwp.cfolks.pl\/bwb\/wp-json\/wp\/v2\/product_tag?post=4523"}],"curies":[{"name":"wp","href":"https:\/\/api.w.org\/{rel}","templated":true}]}}