{"id":4457,"date":"2023-10-11T12:28:35","date_gmt":"2023-10-11T10:28:35","guid":{"rendered":"https:\/\/ugwp.cfolks.pl\/bwb\/?post_type=product&#038;p=4457"},"modified":"2024-07-09T15:15:55","modified_gmt":"2024-07-09T13:15:55","slug":"deflex-353","status":"publish","type":"product","link":"https:\/\/ugwp.cfolks.pl\/bwb\/produkt\/deflex-353\/","title":{"rendered":"DEFLEX 353"},"content":{"rendered":"","protected":false},"excerpt":{"rendered":"<p>Profil podtynkowy wykonany z udarnego tworzywa sztucznego (H-PVC) i siatki z w\u0142\u00f3kna szklanego. Przeznaczony g\u0142\u00f3wnie do monta\u017cu na elewacjach budynk\u00f3w w bezspoinowych systemach ociepleniowych (BSO). Mo\u017ce by\u0107 stosowany do wyko\u0144czenia szczelin dylatacyjnych na powierzchniach \u015bciennych i sufitowych zar\u00f3wno wewn\u0105trz, jak i na zewn\u0105trz budynku oraz przy ok\u0142adzinach cienkowarstwowych. Dzi\u0119ki szerokim, zintegrowanym pasom siatki z w\u0142\u00f3kna szklanego profil zapewnia dobre i trwa\u0142e wi\u0105zanie z tynkiem.<br \/>\nWyst\u0119puje w wersji p\u0142askiej oraz naro\u017cnej.<br \/>\nNale\u017cy przestrzega\u0107 zalece\u0144 i uwag dotycz\u0105cych monta\u017cu.<\/p>\n","protected":false},"featured_media":0,"template":"","meta":{"_acf_changed":false},"product_cat":[164],"product_tag":[],"class_list":{"0":"post-4457","1":"product","2":"type-product","3":"status-publish","5":"product_cat-profile-scienne-i-sufitowe","7":"first","8":"instock","9":"shipping-taxable","10":"product-type-simple"},"acf":[],"yoast_head":"<!-- This site is optimized with the Yoast SEO plugin v27.3 - https:\/\/yoast.com\/product\/yoast-seo-wordpress\/ -->\n<title>DEFLEX 353 Profil Podtynkowy do Trwa\u0142ego Wyko\u0144czenia Elewacji<\/title>\n<meta name=\"description\" content=\"DEFLEX 353 stosowany w systemach ociepleniowych. Dla szczelin dylatacyjnych wewn\u0105trz i na zewn\u0105trz budynku. Dost\u0119pny w p\u0142askiej i naro\u017cnej wersji.\" \/>\n<meta name=\"robots\" content=\"noindex, follow, max-snippet:-1, max-image-preview:large, max-video-preview:-1\" \/>\n<meta property=\"og:locale\" content=\"pl_PL\" \/>\n<meta property=\"og:type\" content=\"article\" \/>\n<meta property=\"og:title\" content=\"DEFLEX 353 Profil Podtynkowy do Trwa\u0142ego Wyko\u0144czenia Elewacji\" \/>\n<meta property=\"og:description\" content=\"DEFLEX 353 stosowany w systemach ociepleniowych. Dla szczelin dylatacyjnych wewn\u0105trz i na zewn\u0105trz budynku. Dost\u0119pny w p\u0142askiej i naro\u017cnej wersji.\" \/>\n<meta property=\"og:url\" content=\"https:\/\/ugwp.cfolks.pl\/bwb\/produkt\/deflex-353\/\" \/>\n<meta property=\"og:site_name\" content=\"BWB technology\" \/>\n<meta property=\"article:modified_time\" content=\"2024-07-09T13:15:55+00:00\" \/>\n<meta name=\"twitter:card\" content=\"summary_large_image\" \/>\n<script type=\"application\/ld+json\" class=\"yoast-schema-graph\">{\"@context\":\"https:\\\/\\\/schema.org\",\"@graph\":[{\"@type\":\"WebPage\",\"@id\":\"https:\\\/\\\/ugwp.cfolks.pl\\\/bwb\\\/produkt\\\/deflex-353\\\/\",\"url\":\"https:\\\/\\\/ugwp.cfolks.pl\\\/bwb\\\/produkt\\\/deflex-353\\\/\",\"name\":\"DEFLEX 353 Profil Podtynkowy do Trwa\u0142ego Wyko\u0144czenia Elewacji\",\"isPartOf\":{\"@id\":\"https:\\\/\\\/ugwp.cfolks.pl\\\/bwb\\\/#website\"},\"datePublished\":\"2023-10-11T10:28:35+00:00\",\"dateModified\":\"2024-07-09T13:15:55+00:00\",\"description\":\"DEFLEX 353 stosowany w systemach ociepleniowych. Dla szczelin dylatacyjnych wewn\u0105trz i na zewn\u0105trz budynku. Dost\u0119pny w p\u0142askiej i naro\u017cnej wersji.\",\"breadcrumb\":{\"@id\":\"https:\\\/\\\/ugwp.cfolks.pl\\\/bwb\\\/produkt\\\/deflex-353\\\/#breadcrumb\"},\"inLanguage\":\"pl-PL\",\"potentialAction\":[{\"@type\":\"ReadAction\",\"target\":[\"https:\\\/\\\/ugwp.cfolks.pl\\\/bwb\\\/produkt\\\/deflex-353\\\/\"]}]},{\"@type\":\"BreadcrumbList\",\"@id\":\"https:\\\/\\\/ugwp.cfolks.pl\\\/bwb\\\/produkt\\\/deflex-353\\\/#breadcrumb\",\"itemListElement\":[{\"@type\":\"ListItem\",\"position\":1,\"name\":\"Strona g\u0142\u00f3wna\",\"item\":\"https:\\\/\\\/ugwp.cfolks.pl\\\/bwb\\\/\"},{\"@type\":\"ListItem\",\"position\":2,\"name\":\"Profile Dylatacyjne\",\"item\":\"https:\\\/\\\/ugwp.cfolks.pl\\\/bwb\\\/kategoria\\\/profile-dylatacyjne\\\/\"},{\"@type\":\"ListItem\",\"position\":3,\"name\":\"Profile \u015bcienne i sufitowe\",\"item\":\"https:\\\/\\\/ugwp.cfolks.pl\\\/bwb\\\/kategoria\\\/profile-dylatacyjne\\\/profile-scienne-i-sufitowe\\\/\"},{\"@type\":\"ListItem\",\"position\":4,\"name\":\"DEFLEX 353\"}]},{\"@type\":\"WebSite\",\"@id\":\"https:\\\/\\\/ugwp.cfolks.pl\\\/bwb\\\/#website\",\"url\":\"https:\\\/\\\/ugwp.cfolks.pl\\\/bwb\\\/\",\"name\":\"BWB technology\",\"description\":\"Kolejna witryna oparta na WordPressie\",\"potentialAction\":[{\"@type\":\"SearchAction\",\"target\":{\"@type\":\"EntryPoint\",\"urlTemplate\":\"https:\\\/\\\/ugwp.cfolks.pl\\\/bwb\\\/?s={search_term_string}\"},\"query-input\":{\"@type\":\"PropertyValueSpecification\",\"valueRequired\":true,\"valueName\":\"search_term_string\"}}],\"inLanguage\":\"pl-PL\"}]}<\/script>\n<!-- \/ Yoast SEO plugin. -->","yoast_head_json":{"title":"DEFLEX 353 Profil Podtynkowy do Trwa\u0142ego Wyko\u0144czenia Elewacji","description":"DEFLEX 353 stosowany w systemach ociepleniowych. Dla szczelin dylatacyjnych wewn\u0105trz i na zewn\u0105trz budynku. Dost\u0119pny w p\u0142askiej i naro\u017cnej wersji.","robots":{"index":"noindex","follow":"follow","max-snippet":"max-snippet:-1","max-image-preview":"max-image-preview:large","max-video-preview":"max-video-preview:-1"},"og_locale":"pl_PL","og_type":"article","og_title":"DEFLEX 353 Profil Podtynkowy do Trwa\u0142ego Wyko\u0144czenia Elewacji","og_description":"DEFLEX 353 stosowany w systemach ociepleniowych. Dla szczelin dylatacyjnych wewn\u0105trz i na zewn\u0105trz budynku. Dost\u0119pny w p\u0142askiej i naro\u017cnej wersji.","og_url":"https:\/\/ugwp.cfolks.pl\/bwb\/produkt\/deflex-353\/","og_site_name":"BWB technology","article_modified_time":"2024-07-09T13:15:55+00:00","twitter_card":"summary_large_image","schema":{"@context":"https:\/\/schema.org","@graph":[{"@type":"WebPage","@id":"https:\/\/ugwp.cfolks.pl\/bwb\/produkt\/deflex-353\/","url":"https:\/\/ugwp.cfolks.pl\/bwb\/produkt\/deflex-353\/","name":"DEFLEX 353 Profil Podtynkowy do Trwa\u0142ego Wyko\u0144czenia Elewacji","isPartOf":{"@id":"https:\/\/ugwp.cfolks.pl\/bwb\/#website"},"datePublished":"2023-10-11T10:28:35+00:00","dateModified":"2024-07-09T13:15:55+00:00","description":"DEFLEX 353 stosowany w systemach ociepleniowych. Dla szczelin dylatacyjnych wewn\u0105trz i na zewn\u0105trz budynku. Dost\u0119pny w p\u0142askiej i naro\u017cnej wersji.","breadcrumb":{"@id":"https:\/\/ugwp.cfolks.pl\/bwb\/produkt\/deflex-353\/#breadcrumb"},"inLanguage":"pl-PL","potentialAction":[{"@type":"ReadAction","target":["https:\/\/ugwp.cfolks.pl\/bwb\/produkt\/deflex-353\/"]}]},{"@type":"BreadcrumbList","@id":"https:\/\/ugwp.cfolks.pl\/bwb\/produkt\/deflex-353\/#breadcrumb","itemListElement":[{"@type":"ListItem","position":1,"name":"Strona g\u0142\u00f3wna","item":"https:\/\/ugwp.cfolks.pl\/bwb\/"},{"@type":"ListItem","position":2,"name":"Profile Dylatacyjne","item":"https:\/\/ugwp.cfolks.pl\/bwb\/kategoria\/profile-dylatacyjne\/"},{"@type":"ListItem","position":3,"name":"Profile \u015bcienne i sufitowe","item":"https:\/\/ugwp.cfolks.pl\/bwb\/kategoria\/profile-dylatacyjne\/profile-scienne-i-sufitowe\/"},{"@type":"ListItem","position":4,"name":"DEFLEX 353"}]},{"@type":"WebSite","@id":"https:\/\/ugwp.cfolks.pl\/bwb\/#website","url":"https:\/\/ugwp.cfolks.pl\/bwb\/","name":"BWB technology","description":"Kolejna witryna oparta na WordPressie","potentialAction":[{"@type":"SearchAction","target":{"@type":"EntryPoint","urlTemplate":"https:\/\/ugwp.cfolks.pl\/bwb\/?s={search_term_string}"},"query-input":{"@type":"PropertyValueSpecification","valueRequired":true,"valueName":"search_term_string"}}],"inLanguage":"pl-PL"}]}},"_links":{"self":[{"href":"https:\/\/ugwp.cfolks.pl\/bwb\/wp-json\/wp\/v2\/product\/4457","targetHints":{"allow":["GET"]}}],"collection":[{"href":"https:\/\/ugwp.cfolks.pl\/bwb\/wp-json\/wp\/v2\/product"}],"about":[{"href":"https:\/\/ugwp.cfolks.pl\/bwb\/wp-json\/wp\/v2\/types\/product"}],"wp:attachment":[{"href":"https:\/\/ugwp.cfolks.pl\/bwb\/wp-json\/wp\/v2\/media?parent=4457"}],"wp:term":[{"taxonomy":"product_cat","embeddable":true,"href":"https:\/\/ugwp.cfolks.pl\/bwb\/wp-json\/wp\/v2\/product_cat?post=4457"},{"taxonomy":"product_tag","embeddable":true,"href":"https:\/\/ugwp.cfolks.pl\/bwb\/wp-json\/wp\/v2\/product_tag?post=4457"}],"curies":[{"name":"wp","href":"https:\/\/api.w.org\/{rel}","templated":true}]}}