{"id":4418,"date":"2023-10-03T19:41:02","date_gmt":"2023-10-03T17:41:02","guid":{"rendered":"https:\/\/ugwp.cfolks.pl\/bwb\/?post_type=product&#038;p=4418"},"modified":"2025-06-24T19:41:05","modified_gmt":"2025-06-24T17:41:05","slug":"sruby-z-palakiem-do-zakotwienia-w-wezle-punktowym","status":"publish","type":"product","link":"https:\/\/ugwp.cfolks.pl\/bwb\/produkt\/sruby-z-palakiem-do-zakotwienia-w-wezle-punktowym\/","title":{"rendered":"\u015aruby z pa\u0142\u0105kiem do zakotwienia w w\u0119\u017ale punktowym"},"content":{"rendered":"","protected":false},"excerpt":{"rendered":"","protected":false},"featured_media":7268,"template":"","meta":{"_acf_changed":false},"product_cat":[130],"product_tag":[],"class_list":{"0":"post-4418","1":"product","2":"type-product","3":"status-publish","4":"has-post-thumbnail","6":"product_cat-systemy-transportowo-montazowe","8":"first","9":"instock","10":"shipping-taxable","11":"product-type-simple"},"acf":[],"yoast_head":"<!-- This site is optimized with the Yoast SEO plugin v27.3 - https:\/\/yoast.com\/product\/yoast-seo-wordpress\/ -->\n<title>\u015aruby z Pa\u0142\u0105kiem - do Zakotwienia w W\u0119\u017ale Punktowym<\/title>\n<meta name=\"description\" content=\"\u015aruby z pa\u0142\u0105kiem do zakotwienia w w\u0119\u017ale punktowym \u2013 solidne i niezawodne mocowanie w systemach monta\u017cowych. Sprawd\u017a dost\u0119pne rozmiary w naszej ofercie!\" \/>\n<meta name=\"robots\" content=\"noindex, follow, max-snippet:-1, max-image-preview:large, max-video-preview:-1\" \/>\n<meta property=\"og:locale\" content=\"pl_PL\" \/>\n<meta property=\"og:type\" content=\"article\" \/>\n<meta property=\"og:title\" content=\"\u015aruby z Pa\u0142\u0105kiem - do Zakotwienia w W\u0119\u017ale Punktowym\" \/>\n<meta property=\"og:description\" content=\"\u015aruby z pa\u0142\u0105kiem do zakotwienia w w\u0119\u017ale punktowym \u2013 solidne i niezawodne mocowanie w systemach monta\u017cowych. Sprawd\u017a dost\u0119pne rozmiary w naszej ofercie!\" \/>\n<meta property=\"og:url\" content=\"https:\/\/ugwp.cfolks.pl\/bwb\/produkt\/sruby-z-palakiem-do-zakotwienia-w-wezle-punktowym\/\" \/>\n<meta property=\"og:site_name\" content=\"BWB technology\" \/>\n<meta property=\"article:modified_time\" content=\"2025-06-24T17:41:05+00:00\" \/>\n<meta property=\"og:image\" content=\"https:\/\/ugwp.cfolks.pl\/bwb\/wp-content\/uploads\/Sruba-z-palakiem-do-zakotwienia-w-wezle-punktowym.jpg\" \/>\n\t<meta property=\"og:image:width\" content=\"1100\" \/>\n\t<meta property=\"og:image:height\" content=\"810\" \/>\n\t<meta property=\"og:image:type\" content=\"image\/jpeg\" \/>\n<meta name=\"twitter:card\" content=\"summary_large_image\" \/>\n<meta name=\"twitter:label1\" content=\"Szacowany czas czytania\" \/>\n\t<meta name=\"twitter:data1\" content=\"1 minuta\" \/>\n<script type=\"application\/ld+json\" class=\"yoast-schema-graph\">{\"@context\":\"https:\\\/\\\/schema.org\",\"@graph\":[{\"@type\":\"WebPage\",\"@id\":\"https:\\\/\\\/ugwp.cfolks.pl\\\/bwb\\\/produkt\\\/sruby-z-palakiem-do-zakotwienia-w-wezle-punktowym\\\/\",\"url\":\"https:\\\/\\\/ugwp.cfolks.pl\\\/bwb\\\/produkt\\\/sruby-z-palakiem-do-zakotwienia-w-wezle-punktowym\\\/\",\"name\":\"\u015aruby z Pa\u0142\u0105kiem - do Zakotwienia w W\u0119\u017ale Punktowym\",\"isPartOf\":{\"@id\":\"https:\\\/\\\/ugwp.cfolks.pl\\\/bwb\\\/#website\"},\"primaryImageOfPage\":{\"@id\":\"https:\\\/\\\/ugwp.cfolks.pl\\\/bwb\\\/produkt\\\/sruby-z-palakiem-do-zakotwienia-w-wezle-punktowym\\\/#primaryimage\"},\"image\":{\"@id\":\"https:\\\/\\\/ugwp.cfolks.pl\\\/bwb\\\/produkt\\\/sruby-z-palakiem-do-zakotwienia-w-wezle-punktowym\\\/#primaryimage\"},\"thumbnailUrl\":\"https:\\\/\\\/ugwp.cfolks.pl\\\/bwb\\\/wp-content\\\/uploads\\\/Sruba-z-palakiem-do-zakotwienia-w-wezle-punktowym.jpg\",\"datePublished\":\"2023-10-03T17:41:02+00:00\",\"dateModified\":\"2025-06-24T17:41:05+00:00\",\"description\":\"\u015aruby z pa\u0142\u0105kiem do zakotwienia w w\u0119\u017ale punktowym \u2013 solidne i niezawodne mocowanie w systemach monta\u017cowych. Sprawd\u017a dost\u0119pne rozmiary w naszej ofercie!\",\"breadcrumb\":{\"@id\":\"https:\\\/\\\/ugwp.cfolks.pl\\\/bwb\\\/produkt\\\/sruby-z-palakiem-do-zakotwienia-w-wezle-punktowym\\\/#breadcrumb\"},\"inLanguage\":\"pl-PL\",\"potentialAction\":[{\"@type\":\"ReadAction\",\"target\":[\"https:\\\/\\\/ugwp.cfolks.pl\\\/bwb\\\/produkt\\\/sruby-z-palakiem-do-zakotwienia-w-wezle-punktowym\\\/\"]}]},{\"@type\":\"ImageObject\",\"inLanguage\":\"pl-PL\",\"@id\":\"https:\\\/\\\/ugwp.cfolks.pl\\\/bwb\\\/produkt\\\/sruby-z-palakiem-do-zakotwienia-w-wezle-punktowym\\\/#primaryimage\",\"url\":\"https:\\\/\\\/ugwp.cfolks.pl\\\/bwb\\\/wp-content\\\/uploads\\\/Sruba-z-palakiem-do-zakotwienia-w-wezle-punktowym.jpg\",\"contentUrl\":\"https:\\\/\\\/ugwp.cfolks.pl\\\/bwb\\\/wp-content\\\/uploads\\\/Sruba-z-palakiem-do-zakotwienia-w-wezle-punktowym.jpg\",\"width\":1100,\"height\":810,\"caption\":\"\u015aruba z pa\u0142\u0105kiem do zakotwienia w w\u0119\u017ale punktowym\"},{\"@type\":\"BreadcrumbList\",\"@id\":\"https:\\\/\\\/ugwp.cfolks.pl\\\/bwb\\\/produkt\\\/sruby-z-palakiem-do-zakotwienia-w-wezle-punktowym\\\/#breadcrumb\",\"itemListElement\":[{\"@type\":\"ListItem\",\"position\":1,\"name\":\"Strona g\u0142\u00f3wna\",\"item\":\"https:\\\/\\\/ugwp.cfolks.pl\\\/bwb\\\/\"},{\"@type\":\"ListItem\",\"position\":2,\"name\":\"Systemy transportowo-monta\u017cowe\",\"item\":\"https:\\\/\\\/ugwp.cfolks.pl\\\/bwb\\\/kategoria\\\/systemy-transportowo-montazowe\\\/\"},{\"@type\":\"ListItem\",\"position\":3,\"name\":\"\u015aruby z pa\u0142\u0105kiem do zakotwienia w w\u0119\u017ale punktowym\"}]},{\"@type\":\"WebSite\",\"@id\":\"https:\\\/\\\/ugwp.cfolks.pl\\\/bwb\\\/#website\",\"url\":\"https:\\\/\\\/ugwp.cfolks.pl\\\/bwb\\\/\",\"name\":\"BWB technology\",\"description\":\"Kolejna witryna oparta na WordPressie\",\"potentialAction\":[{\"@type\":\"SearchAction\",\"target\":{\"@type\":\"EntryPoint\",\"urlTemplate\":\"https:\\\/\\\/ugwp.cfolks.pl\\\/bwb\\\/?s={search_term_string}\"},\"query-input\":{\"@type\":\"PropertyValueSpecification\",\"valueRequired\":true,\"valueName\":\"search_term_string\"}}],\"inLanguage\":\"pl-PL\"}]}<\/script>\n<!-- \/ Yoast SEO plugin. -->","yoast_head_json":{"title":"\u015aruby z Pa\u0142\u0105kiem - do Zakotwienia w W\u0119\u017ale Punktowym","description":"\u015aruby z pa\u0142\u0105kiem do zakotwienia w w\u0119\u017ale punktowym \u2013 solidne i niezawodne mocowanie w systemach monta\u017cowych. Sprawd\u017a dost\u0119pne rozmiary w naszej ofercie!","robots":{"index":"noindex","follow":"follow","max-snippet":"max-snippet:-1","max-image-preview":"max-image-preview:large","max-video-preview":"max-video-preview:-1"},"og_locale":"pl_PL","og_type":"article","og_title":"\u015aruby z Pa\u0142\u0105kiem - do Zakotwienia w W\u0119\u017ale Punktowym","og_description":"\u015aruby z pa\u0142\u0105kiem do zakotwienia w w\u0119\u017ale punktowym \u2013 solidne i niezawodne mocowanie w systemach monta\u017cowych. Sprawd\u017a dost\u0119pne rozmiary w naszej ofercie!","og_url":"https:\/\/ugwp.cfolks.pl\/bwb\/produkt\/sruby-z-palakiem-do-zakotwienia-w-wezle-punktowym\/","og_site_name":"BWB technology","article_modified_time":"2025-06-24T17:41:05+00:00","og_image":[{"width":1100,"height":810,"url":"https:\/\/ugwp.cfolks.pl\/bwb\/wp-content\/uploads\/Sruba-z-palakiem-do-zakotwienia-w-wezle-punktowym.jpg","type":"image\/jpeg"}],"twitter_card":"summary_large_image","twitter_misc":{"Szacowany czas czytania":"1 minuta"},"schema":{"@context":"https:\/\/schema.org","@graph":[{"@type":"WebPage","@id":"https:\/\/ugwp.cfolks.pl\/bwb\/produkt\/sruby-z-palakiem-do-zakotwienia-w-wezle-punktowym\/","url":"https:\/\/ugwp.cfolks.pl\/bwb\/produkt\/sruby-z-palakiem-do-zakotwienia-w-wezle-punktowym\/","name":"\u015aruby z Pa\u0142\u0105kiem - do Zakotwienia w W\u0119\u017ale Punktowym","isPartOf":{"@id":"https:\/\/ugwp.cfolks.pl\/bwb\/#website"},"primaryImageOfPage":{"@id":"https:\/\/ugwp.cfolks.pl\/bwb\/produkt\/sruby-z-palakiem-do-zakotwienia-w-wezle-punktowym\/#primaryimage"},"image":{"@id":"https:\/\/ugwp.cfolks.pl\/bwb\/produkt\/sruby-z-palakiem-do-zakotwienia-w-wezle-punktowym\/#primaryimage"},"thumbnailUrl":"https:\/\/ugwp.cfolks.pl\/bwb\/wp-content\/uploads\/Sruba-z-palakiem-do-zakotwienia-w-wezle-punktowym.jpg","datePublished":"2023-10-03T17:41:02+00:00","dateModified":"2025-06-24T17:41:05+00:00","description":"\u015aruby z pa\u0142\u0105kiem do zakotwienia w w\u0119\u017ale punktowym \u2013 solidne i niezawodne mocowanie w systemach monta\u017cowych. Sprawd\u017a dost\u0119pne rozmiary w naszej ofercie!","breadcrumb":{"@id":"https:\/\/ugwp.cfolks.pl\/bwb\/produkt\/sruby-z-palakiem-do-zakotwienia-w-wezle-punktowym\/#breadcrumb"},"inLanguage":"pl-PL","potentialAction":[{"@type":"ReadAction","target":["https:\/\/ugwp.cfolks.pl\/bwb\/produkt\/sruby-z-palakiem-do-zakotwienia-w-wezle-punktowym\/"]}]},{"@type":"ImageObject","inLanguage":"pl-PL","@id":"https:\/\/ugwp.cfolks.pl\/bwb\/produkt\/sruby-z-palakiem-do-zakotwienia-w-wezle-punktowym\/#primaryimage","url":"https:\/\/ugwp.cfolks.pl\/bwb\/wp-content\/uploads\/Sruba-z-palakiem-do-zakotwienia-w-wezle-punktowym.jpg","contentUrl":"https:\/\/ugwp.cfolks.pl\/bwb\/wp-content\/uploads\/Sruba-z-palakiem-do-zakotwienia-w-wezle-punktowym.jpg","width":1100,"height":810,"caption":"\u015aruba z pa\u0142\u0105kiem do zakotwienia w w\u0119\u017ale punktowym"},{"@type":"BreadcrumbList","@id":"https:\/\/ugwp.cfolks.pl\/bwb\/produkt\/sruby-z-palakiem-do-zakotwienia-w-wezle-punktowym\/#breadcrumb","itemListElement":[{"@type":"ListItem","position":1,"name":"Strona g\u0142\u00f3wna","item":"https:\/\/ugwp.cfolks.pl\/bwb\/"},{"@type":"ListItem","position":2,"name":"Systemy transportowo-monta\u017cowe","item":"https:\/\/ugwp.cfolks.pl\/bwb\/kategoria\/systemy-transportowo-montazowe\/"},{"@type":"ListItem","position":3,"name":"\u015aruby z pa\u0142\u0105kiem do zakotwienia w w\u0119\u017ale punktowym"}]},{"@type":"WebSite","@id":"https:\/\/ugwp.cfolks.pl\/bwb\/#website","url":"https:\/\/ugwp.cfolks.pl\/bwb\/","name":"BWB technology","description":"Kolejna witryna oparta na WordPressie","potentialAction":[{"@type":"SearchAction","target":{"@type":"EntryPoint","urlTemplate":"https:\/\/ugwp.cfolks.pl\/bwb\/?s={search_term_string}"},"query-input":{"@type":"PropertyValueSpecification","valueRequired":true,"valueName":"search_term_string"}}],"inLanguage":"pl-PL"}]}},"_links":{"self":[{"href":"https:\/\/ugwp.cfolks.pl\/bwb\/wp-json\/wp\/v2\/product\/4418","targetHints":{"allow":["GET"]}}],"collection":[{"href":"https:\/\/ugwp.cfolks.pl\/bwb\/wp-json\/wp\/v2\/product"}],"about":[{"href":"https:\/\/ugwp.cfolks.pl\/bwb\/wp-json\/wp\/v2\/types\/product"}],"wp:featuredmedia":[{"embeddable":true,"href":"https:\/\/ugwp.cfolks.pl\/bwb\/wp-json\/wp\/v2\/media\/7268"}],"wp:attachment":[{"href":"https:\/\/ugwp.cfolks.pl\/bwb\/wp-json\/wp\/v2\/media?parent=4418"}],"wp:term":[{"taxonomy":"product_cat","embeddable":true,"href":"https:\/\/ugwp.cfolks.pl\/bwb\/wp-json\/wp\/v2\/product_cat?post=4418"},{"taxonomy":"product_tag","embeddable":true,"href":"https:\/\/ugwp.cfolks.pl\/bwb\/wp-json\/wp\/v2\/product_tag?post=4418"}],"curies":[{"name":"wp","href":"https:\/\/api.w.org\/{rel}","templated":true}]}}