{"id":3032,"date":"2023-02-05T14:45:55","date_gmt":"2023-02-05T13:45:55","guid":{"rendered":"https:\/\/ugwp.cfolks.pl\/bwb\/?post_type=product&#038;p=3032"},"modified":"2023-09-28T17:33:03","modified_gmt":"2023-09-28T15:33:03","slug":"studzienka-odwadniajaca-kraso-typ-q-z-izolacja-termiczna","status":"publish","type":"product","link":"https:\/\/ugwp.cfolks.pl\/bwb\/produkt\/studzienka-odwadniajaca-kraso-typ-q-z-izolacja-termiczna\/","title":{"rendered":"Studzienka odwadniaj\u0105ca KRASO\u00ae typ Q &#8211; z izolacj\u0105 termiczn\u0105"},"content":{"rendered":"","protected":false},"excerpt":{"rendered":"<p>Studzienka odwadniaj\u0105ca KRASO<sup>\u00ae<\/sup> typ Q &#8211; z izolacj\u0105 termiczn\u0105 przeznaczona jest do gromadzenia \u015bciek\u00f3w. Wykonana jest z tworzywa sztucznego obudowanego izolacj\u0105 termiczn\u0105 grubo\u015bci ok. 10 cm. Obwodowa, zgrzewana termicznie uszczelka cztero\u017cebrowej KRASO<sup>\u00ae<\/sup> wraz z kotw\u0105 do betonu gwarantuje wodoszczelne po\u0142\u0105czenie do 3,0 bar\u00f3w z p\u0142yt\u0105 fundamentow\u0105, a \u017cebra wzmacniaj\u0105ce dodatkowo usztywniaj\u0105 studzienk\u0119. Gotowe przy\u0142\u0105cze rurowe DN 110 pasuje do rur KG, HT i KG 2000.<\/p>\n","protected":false},"featured_media":3059,"template":"","meta":{"_acf_changed":false},"product_cat":[141],"product_tag":[],"class_list":{"0":"post-3032","1":"product","2":"type-product","3":"status-publish","4":"has-post-thumbnail","6":"product_cat-zbiorcze-studzienki-odwadniajace","8":"first","9":"instock","10":"shipping-taxable","11":"product-type-simple"},"acf":[],"yoast_head":"<!-- This site is optimized with the Yoast SEO plugin v27.3 - https:\/\/yoast.com\/product\/yoast-seo-wordpress\/ -->\n<title>Studzienka Odwadniaj\u0105ca KRASO\u00ae typ Q - z Izolacj\u0105 Termiczn\u0105<\/title>\n<meta name=\"description\" content=\"Studzienka odwadniaj\u0105ca KRASO\u00ae typ Q - z izolacj\u0105 termiczn\u0105 to wygodne i wodoszczelne rozwi\u0105zanie do gromadzenia \u015bciek\u00f3w. Wytrzyma\u0142a konstrukcja.\" \/>\n<meta name=\"robots\" content=\"noindex, follow, max-snippet:-1, max-image-preview:large, max-video-preview:-1\" \/>\n<meta property=\"og:locale\" content=\"pl_PL\" \/>\n<meta property=\"og:type\" content=\"article\" \/>\n<meta property=\"og:title\" content=\"Studzienka Odwadniaj\u0105ca KRASO\u00ae typ Q - z Izolacj\u0105 Termiczn\u0105\" \/>\n<meta property=\"og:description\" content=\"Studzienka odwadniaj\u0105ca KRASO\u00ae typ Q - z izolacj\u0105 termiczn\u0105 to wygodne i wodoszczelne rozwi\u0105zanie do gromadzenia \u015bciek\u00f3w. Wytrzyma\u0142a konstrukcja.\" \/>\n<meta property=\"og:url\" content=\"https:\/\/ugwp.cfolks.pl\/bwb\/produkt\/studzienka-odwadniajaca-kraso-typ-q-z-izolacja-termiczna\/\" \/>\n<meta property=\"og:site_name\" content=\"BWB technology\" \/>\n<meta property=\"article:modified_time\" content=\"2023-09-28T15:33:03+00:00\" \/>\n<meta property=\"og:image\" content=\"https:\/\/ugwp.cfolks.pl\/bwb\/wp-content\/uploads\/Studzienka-odwadniajaca-KRASO\u00ae-typ-Q-z-izolacja-termiczna.jpg\" \/>\n\t<meta property=\"og:image:width\" content=\"1100\" \/>\n\t<meta property=\"og:image:height\" content=\"810\" \/>\n\t<meta property=\"og:image:type\" content=\"image\/jpeg\" \/>\n<meta name=\"twitter:card\" content=\"summary_large_image\" \/>\n<script type=\"application\/ld+json\" class=\"yoast-schema-graph\">{\"@context\":\"https:\\\/\\\/schema.org\",\"@graph\":[{\"@type\":\"WebPage\",\"@id\":\"https:\\\/\\\/ugwp.cfolks.pl\\\/bwb\\\/produkt\\\/studzienka-odwadniajaca-kraso-typ-q-z-izolacja-termiczna\\\/\",\"url\":\"https:\\\/\\\/ugwp.cfolks.pl\\\/bwb\\\/produkt\\\/studzienka-odwadniajaca-kraso-typ-q-z-izolacja-termiczna\\\/\",\"name\":\"Studzienka Odwadniaj\u0105ca KRASO\u00ae typ Q - z Izolacj\u0105 Termiczn\u0105\",\"isPartOf\":{\"@id\":\"https:\\\/\\\/ugwp.cfolks.pl\\\/bwb\\\/#website\"},\"primaryImageOfPage\":{\"@id\":\"https:\\\/\\\/ugwp.cfolks.pl\\\/bwb\\\/produkt\\\/studzienka-odwadniajaca-kraso-typ-q-z-izolacja-termiczna\\\/#primaryimage\"},\"image\":{\"@id\":\"https:\\\/\\\/ugwp.cfolks.pl\\\/bwb\\\/produkt\\\/studzienka-odwadniajaca-kraso-typ-q-z-izolacja-termiczna\\\/#primaryimage\"},\"thumbnailUrl\":\"https:\\\/\\\/ugwp.cfolks.pl\\\/bwb\\\/wp-content\\\/uploads\\\/Studzienka-odwadniajaca-KRASO\u00ae-typ-Q-z-izolacja-termiczna.jpg\",\"datePublished\":\"2023-02-05T13:45:55+00:00\",\"dateModified\":\"2023-09-28T15:33:03+00:00\",\"description\":\"Studzienka odwadniaj\u0105ca KRASO\u00ae typ Q - z izolacj\u0105 termiczn\u0105 to wygodne i wodoszczelne rozwi\u0105zanie do gromadzenia \u015bciek\u00f3w. Wytrzyma\u0142a konstrukcja.\",\"breadcrumb\":{\"@id\":\"https:\\\/\\\/ugwp.cfolks.pl\\\/bwb\\\/produkt\\\/studzienka-odwadniajaca-kraso-typ-q-z-izolacja-termiczna\\\/#breadcrumb\"},\"inLanguage\":\"pl-PL\",\"potentialAction\":[{\"@type\":\"ReadAction\",\"target\":[\"https:\\\/\\\/ugwp.cfolks.pl\\\/bwb\\\/produkt\\\/studzienka-odwadniajaca-kraso-typ-q-z-izolacja-termiczna\\\/\"]}]},{\"@type\":\"ImageObject\",\"inLanguage\":\"pl-PL\",\"@id\":\"https:\\\/\\\/ugwp.cfolks.pl\\\/bwb\\\/produkt\\\/studzienka-odwadniajaca-kraso-typ-q-z-izolacja-termiczna\\\/#primaryimage\",\"url\":\"https:\\\/\\\/ugwp.cfolks.pl\\\/bwb\\\/wp-content\\\/uploads\\\/Studzienka-odwadniajaca-KRASO\u00ae-typ-Q-z-izolacja-termiczna.jpg\",\"contentUrl\":\"https:\\\/\\\/ugwp.cfolks.pl\\\/bwb\\\/wp-content\\\/uploads\\\/Studzienka-odwadniajaca-KRASO\u00ae-typ-Q-z-izolacja-termiczna.jpg\",\"width\":1100,\"height\":810,\"caption\":\"Studzienka odwadniaj\u0105ca KRASO\u00ae typ Q - z izolacj\u0105 termiczn\u0105\"},{\"@type\":\"BreadcrumbList\",\"@id\":\"https:\\\/\\\/ugwp.cfolks.pl\\\/bwb\\\/produkt\\\/studzienka-odwadniajaca-kraso-typ-q-z-izolacja-termiczna\\\/#breadcrumb\",\"itemListElement\":[{\"@type\":\"ListItem\",\"position\":1,\"name\":\"Strona g\u0142\u00f3wna\",\"item\":\"https:\\\/\\\/ugwp.cfolks.pl\\\/bwb\\\/\"},{\"@type\":\"ListItem\",\"position\":2,\"name\":\"Wodoszczelne Przej\u015bcia Instalacyjne\",\"item\":\"https:\\\/\\\/ugwp.cfolks.pl\\\/bwb\\\/kategoria\\\/wodoszczelne-przejscia-instalacyjne\\\/\"},{\"@type\":\"ListItem\",\"position\":3,\"name\":\"Zbiorcze studzienki odwadniaj\u0105ce\",\"item\":\"https:\\\/\\\/ugwp.cfolks.pl\\\/bwb\\\/kategoria\\\/wodoszczelne-przejscia-instalacyjne\\\/zbiorcze-studzienki-odwadniajace\\\/\"},{\"@type\":\"ListItem\",\"position\":4,\"name\":\"Studzienka odwadniaj\u0105ca KRASO\u00ae typ Q &#8211; z izolacj\u0105 termiczn\u0105\"}]},{\"@type\":\"WebSite\",\"@id\":\"https:\\\/\\\/ugwp.cfolks.pl\\\/bwb\\\/#website\",\"url\":\"https:\\\/\\\/ugwp.cfolks.pl\\\/bwb\\\/\",\"name\":\"BWB technology\",\"description\":\"Kolejna witryna oparta na WordPressie\",\"potentialAction\":[{\"@type\":\"SearchAction\",\"target\":{\"@type\":\"EntryPoint\",\"urlTemplate\":\"https:\\\/\\\/ugwp.cfolks.pl\\\/bwb\\\/?s={search_term_string}\"},\"query-input\":{\"@type\":\"PropertyValueSpecification\",\"valueRequired\":true,\"valueName\":\"search_term_string\"}}],\"inLanguage\":\"pl-PL\"}]}<\/script>\n<!-- \/ Yoast SEO plugin. -->","yoast_head_json":{"title":"Studzienka Odwadniaj\u0105ca KRASO\u00ae typ Q - z Izolacj\u0105 Termiczn\u0105","description":"Studzienka odwadniaj\u0105ca KRASO\u00ae typ Q - z izolacj\u0105 termiczn\u0105 to wygodne i wodoszczelne rozwi\u0105zanie do gromadzenia \u015bciek\u00f3w. Wytrzyma\u0142a konstrukcja.","robots":{"index":"noindex","follow":"follow","max-snippet":"max-snippet:-1","max-image-preview":"max-image-preview:large","max-video-preview":"max-video-preview:-1"},"og_locale":"pl_PL","og_type":"article","og_title":"Studzienka Odwadniaj\u0105ca KRASO\u00ae typ Q - z Izolacj\u0105 Termiczn\u0105","og_description":"Studzienka odwadniaj\u0105ca KRASO\u00ae typ Q - z izolacj\u0105 termiczn\u0105 to wygodne i wodoszczelne rozwi\u0105zanie do gromadzenia \u015bciek\u00f3w. Wytrzyma\u0142a konstrukcja.","og_url":"https:\/\/ugwp.cfolks.pl\/bwb\/produkt\/studzienka-odwadniajaca-kraso-typ-q-z-izolacja-termiczna\/","og_site_name":"BWB technology","article_modified_time":"2023-09-28T15:33:03+00:00","og_image":[{"width":1100,"height":810,"url":"https:\/\/ugwp.cfolks.pl\/bwb\/wp-content\/uploads\/Studzienka-odwadniajaca-KRASO\u00ae-typ-Q-z-izolacja-termiczna.jpg","type":"image\/jpeg"}],"twitter_card":"summary_large_image","schema":{"@context":"https:\/\/schema.org","@graph":[{"@type":"WebPage","@id":"https:\/\/ugwp.cfolks.pl\/bwb\/produkt\/studzienka-odwadniajaca-kraso-typ-q-z-izolacja-termiczna\/","url":"https:\/\/ugwp.cfolks.pl\/bwb\/produkt\/studzienka-odwadniajaca-kraso-typ-q-z-izolacja-termiczna\/","name":"Studzienka Odwadniaj\u0105ca KRASO\u00ae typ Q - z Izolacj\u0105 Termiczn\u0105","isPartOf":{"@id":"https:\/\/ugwp.cfolks.pl\/bwb\/#website"},"primaryImageOfPage":{"@id":"https:\/\/ugwp.cfolks.pl\/bwb\/produkt\/studzienka-odwadniajaca-kraso-typ-q-z-izolacja-termiczna\/#primaryimage"},"image":{"@id":"https:\/\/ugwp.cfolks.pl\/bwb\/produkt\/studzienka-odwadniajaca-kraso-typ-q-z-izolacja-termiczna\/#primaryimage"},"thumbnailUrl":"https:\/\/ugwp.cfolks.pl\/bwb\/wp-content\/uploads\/Studzienka-odwadniajaca-KRASO\u00ae-typ-Q-z-izolacja-termiczna.jpg","datePublished":"2023-02-05T13:45:55+00:00","dateModified":"2023-09-28T15:33:03+00:00","description":"Studzienka odwadniaj\u0105ca KRASO\u00ae typ Q - z izolacj\u0105 termiczn\u0105 to wygodne i wodoszczelne rozwi\u0105zanie do gromadzenia \u015bciek\u00f3w. Wytrzyma\u0142a konstrukcja.","breadcrumb":{"@id":"https:\/\/ugwp.cfolks.pl\/bwb\/produkt\/studzienka-odwadniajaca-kraso-typ-q-z-izolacja-termiczna\/#breadcrumb"},"inLanguage":"pl-PL","potentialAction":[{"@type":"ReadAction","target":["https:\/\/ugwp.cfolks.pl\/bwb\/produkt\/studzienka-odwadniajaca-kraso-typ-q-z-izolacja-termiczna\/"]}]},{"@type":"ImageObject","inLanguage":"pl-PL","@id":"https:\/\/ugwp.cfolks.pl\/bwb\/produkt\/studzienka-odwadniajaca-kraso-typ-q-z-izolacja-termiczna\/#primaryimage","url":"https:\/\/ugwp.cfolks.pl\/bwb\/wp-content\/uploads\/Studzienka-odwadniajaca-KRASO\u00ae-typ-Q-z-izolacja-termiczna.jpg","contentUrl":"https:\/\/ugwp.cfolks.pl\/bwb\/wp-content\/uploads\/Studzienka-odwadniajaca-KRASO\u00ae-typ-Q-z-izolacja-termiczna.jpg","width":1100,"height":810,"caption":"Studzienka odwadniaj\u0105ca KRASO\u00ae typ Q - z izolacj\u0105 termiczn\u0105"},{"@type":"BreadcrumbList","@id":"https:\/\/ugwp.cfolks.pl\/bwb\/produkt\/studzienka-odwadniajaca-kraso-typ-q-z-izolacja-termiczna\/#breadcrumb","itemListElement":[{"@type":"ListItem","position":1,"name":"Strona g\u0142\u00f3wna","item":"https:\/\/ugwp.cfolks.pl\/bwb\/"},{"@type":"ListItem","position":2,"name":"Wodoszczelne Przej\u015bcia Instalacyjne","item":"https:\/\/ugwp.cfolks.pl\/bwb\/kategoria\/wodoszczelne-przejscia-instalacyjne\/"},{"@type":"ListItem","position":3,"name":"Zbiorcze studzienki odwadniaj\u0105ce","item":"https:\/\/ugwp.cfolks.pl\/bwb\/kategoria\/wodoszczelne-przejscia-instalacyjne\/zbiorcze-studzienki-odwadniajace\/"},{"@type":"ListItem","position":4,"name":"Studzienka odwadniaj\u0105ca KRASO\u00ae typ Q &#8211; z izolacj\u0105 termiczn\u0105"}]},{"@type":"WebSite","@id":"https:\/\/ugwp.cfolks.pl\/bwb\/#website","url":"https:\/\/ugwp.cfolks.pl\/bwb\/","name":"BWB technology","description":"Kolejna witryna oparta na WordPressie","potentialAction":[{"@type":"SearchAction","target":{"@type":"EntryPoint","urlTemplate":"https:\/\/ugwp.cfolks.pl\/bwb\/?s={search_term_string}"},"query-input":{"@type":"PropertyValueSpecification","valueRequired":true,"valueName":"search_term_string"}}],"inLanguage":"pl-PL"}]}},"_links":{"self":[{"href":"https:\/\/ugwp.cfolks.pl\/bwb\/wp-json\/wp\/v2\/product\/3032","targetHints":{"allow":["GET"]}}],"collection":[{"href":"https:\/\/ugwp.cfolks.pl\/bwb\/wp-json\/wp\/v2\/product"}],"about":[{"href":"https:\/\/ugwp.cfolks.pl\/bwb\/wp-json\/wp\/v2\/types\/product"}],"wp:featuredmedia":[{"embeddable":true,"href":"https:\/\/ugwp.cfolks.pl\/bwb\/wp-json\/wp\/v2\/media\/3059"}],"wp:attachment":[{"href":"https:\/\/ugwp.cfolks.pl\/bwb\/wp-json\/wp\/v2\/media?parent=3032"}],"wp:term":[{"taxonomy":"product_cat","embeddable":true,"href":"https:\/\/ugwp.cfolks.pl\/bwb\/wp-json\/wp\/v2\/product_cat?post=3032"},{"taxonomy":"product_tag","embeddable":true,"href":"https:\/\/ugwp.cfolks.pl\/bwb\/wp-json\/wp\/v2\/product_tag?post=3032"}],"curies":[{"name":"wp","href":"https:\/\/api.w.org\/{rel}","templated":true}]}}