{"id":2843,"date":"2023-01-02T05:24:00","date_gmt":"2023-01-02T04:24:00","guid":{"rendered":"https:\/\/ugwp.cfolks.pl\/bwb\/?post_type=product&#038;p=2843"},"modified":"2023-09-26T16:35:44","modified_gmt":"2023-09-26T14:35:44","slug":"kolnierz-zaciskowy-z-izolacja-kraso-fkf","status":"publish","type":"product","link":"https:\/\/ugwp.cfolks.pl\/bwb\/produkt\/kolnierz-zaciskowy-z-izolacja-kraso-fkf\/","title":{"rendered":"Ko\u0142nierz zaciskowy z izolacj\u0105 KRASO\u00ae FKF"},"content":{"rendered":"","protected":false},"excerpt":{"rendered":"<p>Ko\u0142nierz zaciskowy z izolacj\u0105 KRASO<sup>\u00ae<\/sup> FKF to rewolucyjne rozwi\u0105zanie do uszczelnie\u0144 powierzchniowych. Innowacyjny ko\u0142nierz zaciskowy z izolacj\u0105 KRASO\u00ae mo\u017cna zamontowa\u0107 na dowolnej rurze lub kablu, a ko\u0142nierz izolacyjny zagwarantuje wodoszczelno\u015b\u0107. Rodzaj izolacji uszczelniaj\u0105cej mo\u017cna dostosowa\u0107 indywidualnie \u2013 np. PCW, EPDM, FPO, RESITRIX, PP, PE, KRASO<sup>\u00ae<\/sup> &#8211; FOL, PYE &#8211; PV 200 S5 i wiele innych. Fragment izolacji grubo\u015bci 1,2 mm, obwodowy ok. 15 cm wykonany w oparciu o norm\u0119 DIN 16937 odporny jest na oleje i materia\u0142y bitumiczne. Elementy metalowe wykonane s\u0105 ze stali nierdzewnej V2A. Uszczelka grubo\u015bci 30 mm gwarantuje wodoszczelno\u015b\u0107 do 2,5 bara sprawdzon\u0105 przez Niemiecki Urz\u0105d ds. Bada\u0144 Materia\u0142\u00f3w(MPA). Nakr\u0119tki kontroluj\u0105ce moment obrotowy KRASO<sup>\u00ae<\/sup> DKM automatycznie kontroluj\u0105 moment obrotowy bez konieczno\u015bci u\u017cycia klucza dynamometrycznego. Ko\u0142nierz zaciskowy z izolacj\u0105 KRASO<sup>\u00ae<\/sup> FKF mo\u017cna zastosowa\u0107 zar\u00f3wno w nowych jak i modernizowanych budynkach. Wyst\u0119puje w wersji pe\u0142nej jak i dzielonej. Mo\u017cna go montowa\u0107 zar\u00f3wno w otworze rdzeniowym jak i przed \u015bcian\u0105.<\/p>\n","protected":false},"featured_media":2865,"template":"","meta":{"_acf_changed":false},"product_cat":[139],"product_tag":[],"class_list":{"0":"post-2843","1":"product","2":"type-product","3":"status-publish","4":"has-post-thumbnail","6":"product_cat-uszczelnienia-zewnetrzne","8":"first","9":"instock","10":"shipping-taxable","11":"product-type-simple"},"acf":[],"yoast_head":"<!-- This site is optimized with the Yoast SEO plugin v27.3 - https:\/\/yoast.com\/product\/yoast-seo-wordpress\/ -->\n<title>Ko\u0142nierz Zaciskowy z Izolacj\u0105 KRASO\u00aeFKF Wysoka Jako\u015b\u0107 Izolacji<\/title>\n<meta name=\"description\" content=\"Ko\u0142nierz zaciskowy z izolacj\u0105 KRASO\u00ae FKF - Rewolucyjne rozwi\u0105zanie do uszczelnie\u0144 powierzchniowych. Dost\u0119pny jest w wersji pe\u0142nej oraz dzielonej.\" \/>\n<meta name=\"robots\" content=\"noindex, follow, max-snippet:-1, max-image-preview:large, max-video-preview:-1\" \/>\n<meta property=\"og:locale\" content=\"pl_PL\" \/>\n<meta property=\"og:type\" content=\"article\" \/>\n<meta property=\"og:title\" content=\"Ko\u0142nierz Zaciskowy z Izolacj\u0105 KRASO\u00aeFKF Wysoka Jako\u015b\u0107 Izolacji\" \/>\n<meta property=\"og:description\" content=\"Ko\u0142nierz zaciskowy z izolacj\u0105 KRASO\u00ae FKF - Rewolucyjne rozwi\u0105zanie do uszczelnie\u0144 powierzchniowych. Dost\u0119pny jest w wersji pe\u0142nej oraz dzielonej.\" \/>\n<meta property=\"og:url\" content=\"https:\/\/ugwp.cfolks.pl\/bwb\/produkt\/kolnierz-zaciskowy-z-izolacja-kraso-fkf\/\" \/>\n<meta property=\"og:site_name\" content=\"BWB technology\" \/>\n<meta property=\"article:modified_time\" content=\"2023-09-26T14:35:44+00:00\" \/>\n<meta property=\"og:image\" content=\"https:\/\/ugwp.cfolks.pl\/bwb\/wp-content\/uploads\/Kolnierz-zaciskowy-z-izolacja-KRASO\u00ae-FKF-przed-sciana.jpg\" \/>\n\t<meta property=\"og:image:width\" content=\"1100\" \/>\n\t<meta property=\"og:image:height\" content=\"810\" \/>\n\t<meta property=\"og:image:type\" content=\"image\/jpeg\" \/>\n<meta name=\"twitter:card\" content=\"summary_large_image\" \/>\n<script type=\"application\/ld+json\" class=\"yoast-schema-graph\">{\"@context\":\"https:\\\/\\\/schema.org\",\"@graph\":[{\"@type\":\"WebPage\",\"@id\":\"https:\\\/\\\/ugwp.cfolks.pl\\\/bwb\\\/produkt\\\/kolnierz-zaciskowy-z-izolacja-kraso-fkf\\\/\",\"url\":\"https:\\\/\\\/ugwp.cfolks.pl\\\/bwb\\\/produkt\\\/kolnierz-zaciskowy-z-izolacja-kraso-fkf\\\/\",\"name\":\"Ko\u0142nierz Zaciskowy z Izolacj\u0105 KRASO\u00aeFKF Wysoka Jako\u015b\u0107 Izolacji\",\"isPartOf\":{\"@id\":\"https:\\\/\\\/ugwp.cfolks.pl\\\/bwb\\\/#website\"},\"primaryImageOfPage\":{\"@id\":\"https:\\\/\\\/ugwp.cfolks.pl\\\/bwb\\\/produkt\\\/kolnierz-zaciskowy-z-izolacja-kraso-fkf\\\/#primaryimage\"},\"image\":{\"@id\":\"https:\\\/\\\/ugwp.cfolks.pl\\\/bwb\\\/produkt\\\/kolnierz-zaciskowy-z-izolacja-kraso-fkf\\\/#primaryimage\"},\"thumbnailUrl\":\"https:\\\/\\\/ugwp.cfolks.pl\\\/bwb\\\/wp-content\\\/uploads\\\/Kolnierz-zaciskowy-z-izolacja-KRASO\u00ae-FKF-przed-sciana.jpg\",\"datePublished\":\"2023-01-02T04:24:00+00:00\",\"dateModified\":\"2023-09-26T14:35:44+00:00\",\"description\":\"Ko\u0142nierz zaciskowy z izolacj\u0105 KRASO\u00ae FKF - Rewolucyjne rozwi\u0105zanie do uszczelnie\u0144 powierzchniowych. Dost\u0119pny jest w wersji pe\u0142nej oraz dzielonej.\",\"breadcrumb\":{\"@id\":\"https:\\\/\\\/ugwp.cfolks.pl\\\/bwb\\\/produkt\\\/kolnierz-zaciskowy-z-izolacja-kraso-fkf\\\/#breadcrumb\"},\"inLanguage\":\"pl-PL\",\"potentialAction\":[{\"@type\":\"ReadAction\",\"target\":[\"https:\\\/\\\/ugwp.cfolks.pl\\\/bwb\\\/produkt\\\/kolnierz-zaciskowy-z-izolacja-kraso-fkf\\\/\"]}]},{\"@type\":\"ImageObject\",\"inLanguage\":\"pl-PL\",\"@id\":\"https:\\\/\\\/ugwp.cfolks.pl\\\/bwb\\\/produkt\\\/kolnierz-zaciskowy-z-izolacja-kraso-fkf\\\/#primaryimage\",\"url\":\"https:\\\/\\\/ugwp.cfolks.pl\\\/bwb\\\/wp-content\\\/uploads\\\/Kolnierz-zaciskowy-z-izolacja-KRASO\u00ae-FKF-przed-sciana.jpg\",\"contentUrl\":\"https:\\\/\\\/ugwp.cfolks.pl\\\/bwb\\\/wp-content\\\/uploads\\\/Kolnierz-zaciskowy-z-izolacja-KRASO\u00ae-FKF-przed-sciana.jpg\",\"width\":1100,\"height\":810,\"caption\":\"Ko\u0142nierz zaciskowy z izolacj\u0105 KRASO\u00ae FKF - przed \u015bcian\u0105\"},{\"@type\":\"BreadcrumbList\",\"@id\":\"https:\\\/\\\/ugwp.cfolks.pl\\\/bwb\\\/produkt\\\/kolnierz-zaciskowy-z-izolacja-kraso-fkf\\\/#breadcrumb\",\"itemListElement\":[{\"@type\":\"ListItem\",\"position\":1,\"name\":\"Strona g\u0142\u00f3wna\",\"item\":\"https:\\\/\\\/ugwp.cfolks.pl\\\/bwb\\\/\"},{\"@type\":\"ListItem\",\"position\":2,\"name\":\"Wodoszczelne Przej\u015bcia Instalacyjne\",\"item\":\"https:\\\/\\\/ugwp.cfolks.pl\\\/bwb\\\/kategoria\\\/wodoszczelne-przejscia-instalacyjne\\\/\"},{\"@type\":\"ListItem\",\"position\":3,\"name\":\"Uszczelnienia zewn\u0119trzne\",\"item\":\"https:\\\/\\\/ugwp.cfolks.pl\\\/bwb\\\/kategoria\\\/wodoszczelne-przejscia-instalacyjne\\\/uszczelnienia-zewnetrzne\\\/\"},{\"@type\":\"ListItem\",\"position\":4,\"name\":\"Ko\u0142nierz zaciskowy z izolacj\u0105 KRASO\u00ae FKF\"}]},{\"@type\":\"WebSite\",\"@id\":\"https:\\\/\\\/ugwp.cfolks.pl\\\/bwb\\\/#website\",\"url\":\"https:\\\/\\\/ugwp.cfolks.pl\\\/bwb\\\/\",\"name\":\"BWB technology\",\"description\":\"Kolejna witryna oparta na WordPressie\",\"potentialAction\":[{\"@type\":\"SearchAction\",\"target\":{\"@type\":\"EntryPoint\",\"urlTemplate\":\"https:\\\/\\\/ugwp.cfolks.pl\\\/bwb\\\/?s={search_term_string}\"},\"query-input\":{\"@type\":\"PropertyValueSpecification\",\"valueRequired\":true,\"valueName\":\"search_term_string\"}}],\"inLanguage\":\"pl-PL\"}]}<\/script>\n<!-- \/ Yoast SEO plugin. -->","yoast_head_json":{"title":"Ko\u0142nierz Zaciskowy z Izolacj\u0105 KRASO\u00aeFKF Wysoka Jako\u015b\u0107 Izolacji","description":"Ko\u0142nierz zaciskowy z izolacj\u0105 KRASO\u00ae FKF - Rewolucyjne rozwi\u0105zanie do uszczelnie\u0144 powierzchniowych. Dost\u0119pny jest w wersji pe\u0142nej oraz dzielonej.","robots":{"index":"noindex","follow":"follow","max-snippet":"max-snippet:-1","max-image-preview":"max-image-preview:large","max-video-preview":"max-video-preview:-1"},"og_locale":"pl_PL","og_type":"article","og_title":"Ko\u0142nierz Zaciskowy z Izolacj\u0105 KRASO\u00aeFKF Wysoka Jako\u015b\u0107 Izolacji","og_description":"Ko\u0142nierz zaciskowy z izolacj\u0105 KRASO\u00ae FKF - Rewolucyjne rozwi\u0105zanie do uszczelnie\u0144 powierzchniowych. Dost\u0119pny jest w wersji pe\u0142nej oraz dzielonej.","og_url":"https:\/\/ugwp.cfolks.pl\/bwb\/produkt\/kolnierz-zaciskowy-z-izolacja-kraso-fkf\/","og_site_name":"BWB technology","article_modified_time":"2023-09-26T14:35:44+00:00","og_image":[{"width":1100,"height":810,"url":"https:\/\/ugwp.cfolks.pl\/bwb\/wp-content\/uploads\/Kolnierz-zaciskowy-z-izolacja-KRASO\u00ae-FKF-przed-sciana.jpg","type":"image\/jpeg"}],"twitter_card":"summary_large_image","schema":{"@context":"https:\/\/schema.org","@graph":[{"@type":"WebPage","@id":"https:\/\/ugwp.cfolks.pl\/bwb\/produkt\/kolnierz-zaciskowy-z-izolacja-kraso-fkf\/","url":"https:\/\/ugwp.cfolks.pl\/bwb\/produkt\/kolnierz-zaciskowy-z-izolacja-kraso-fkf\/","name":"Ko\u0142nierz Zaciskowy z Izolacj\u0105 KRASO\u00aeFKF Wysoka Jako\u015b\u0107 Izolacji","isPartOf":{"@id":"https:\/\/ugwp.cfolks.pl\/bwb\/#website"},"primaryImageOfPage":{"@id":"https:\/\/ugwp.cfolks.pl\/bwb\/produkt\/kolnierz-zaciskowy-z-izolacja-kraso-fkf\/#primaryimage"},"image":{"@id":"https:\/\/ugwp.cfolks.pl\/bwb\/produkt\/kolnierz-zaciskowy-z-izolacja-kraso-fkf\/#primaryimage"},"thumbnailUrl":"https:\/\/ugwp.cfolks.pl\/bwb\/wp-content\/uploads\/Kolnierz-zaciskowy-z-izolacja-KRASO\u00ae-FKF-przed-sciana.jpg","datePublished":"2023-01-02T04:24:00+00:00","dateModified":"2023-09-26T14:35:44+00:00","description":"Ko\u0142nierz zaciskowy z izolacj\u0105 KRASO\u00ae FKF - Rewolucyjne rozwi\u0105zanie do uszczelnie\u0144 powierzchniowych. Dost\u0119pny jest w wersji pe\u0142nej oraz dzielonej.","breadcrumb":{"@id":"https:\/\/ugwp.cfolks.pl\/bwb\/produkt\/kolnierz-zaciskowy-z-izolacja-kraso-fkf\/#breadcrumb"},"inLanguage":"pl-PL","potentialAction":[{"@type":"ReadAction","target":["https:\/\/ugwp.cfolks.pl\/bwb\/produkt\/kolnierz-zaciskowy-z-izolacja-kraso-fkf\/"]}]},{"@type":"ImageObject","inLanguage":"pl-PL","@id":"https:\/\/ugwp.cfolks.pl\/bwb\/produkt\/kolnierz-zaciskowy-z-izolacja-kraso-fkf\/#primaryimage","url":"https:\/\/ugwp.cfolks.pl\/bwb\/wp-content\/uploads\/Kolnierz-zaciskowy-z-izolacja-KRASO\u00ae-FKF-przed-sciana.jpg","contentUrl":"https:\/\/ugwp.cfolks.pl\/bwb\/wp-content\/uploads\/Kolnierz-zaciskowy-z-izolacja-KRASO\u00ae-FKF-przed-sciana.jpg","width":1100,"height":810,"caption":"Ko\u0142nierz zaciskowy z izolacj\u0105 KRASO\u00ae FKF - przed \u015bcian\u0105"},{"@type":"BreadcrumbList","@id":"https:\/\/ugwp.cfolks.pl\/bwb\/produkt\/kolnierz-zaciskowy-z-izolacja-kraso-fkf\/#breadcrumb","itemListElement":[{"@type":"ListItem","position":1,"name":"Strona g\u0142\u00f3wna","item":"https:\/\/ugwp.cfolks.pl\/bwb\/"},{"@type":"ListItem","position":2,"name":"Wodoszczelne Przej\u015bcia Instalacyjne","item":"https:\/\/ugwp.cfolks.pl\/bwb\/kategoria\/wodoszczelne-przejscia-instalacyjne\/"},{"@type":"ListItem","position":3,"name":"Uszczelnienia zewn\u0119trzne","item":"https:\/\/ugwp.cfolks.pl\/bwb\/kategoria\/wodoszczelne-przejscia-instalacyjne\/uszczelnienia-zewnetrzne\/"},{"@type":"ListItem","position":4,"name":"Ko\u0142nierz zaciskowy z izolacj\u0105 KRASO\u00ae FKF"}]},{"@type":"WebSite","@id":"https:\/\/ugwp.cfolks.pl\/bwb\/#website","url":"https:\/\/ugwp.cfolks.pl\/bwb\/","name":"BWB technology","description":"Kolejna witryna oparta na WordPressie","potentialAction":[{"@type":"SearchAction","target":{"@type":"EntryPoint","urlTemplate":"https:\/\/ugwp.cfolks.pl\/bwb\/?s={search_term_string}"},"query-input":{"@type":"PropertyValueSpecification","valueRequired":true,"valueName":"search_term_string"}}],"inLanguage":"pl-PL"}]}},"_links":{"self":[{"href":"https:\/\/ugwp.cfolks.pl\/bwb\/wp-json\/wp\/v2\/product\/2843","targetHints":{"allow":["GET"]}}],"collection":[{"href":"https:\/\/ugwp.cfolks.pl\/bwb\/wp-json\/wp\/v2\/product"}],"about":[{"href":"https:\/\/ugwp.cfolks.pl\/bwb\/wp-json\/wp\/v2\/types\/product"}],"wp:featuredmedia":[{"embeddable":true,"href":"https:\/\/ugwp.cfolks.pl\/bwb\/wp-json\/wp\/v2\/media\/2865"}],"wp:attachment":[{"href":"https:\/\/ugwp.cfolks.pl\/bwb\/wp-json\/wp\/v2\/media?parent=2843"}],"wp:term":[{"taxonomy":"product_cat","embeddable":true,"href":"https:\/\/ugwp.cfolks.pl\/bwb\/wp-json\/wp\/v2\/product_cat?post=2843"},{"taxonomy":"product_tag","embeddable":true,"href":"https:\/\/ugwp.cfolks.pl\/bwb\/wp-json\/wp\/v2\/product_tag?post=2843"}],"curies":[{"name":"wp","href":"https:\/\/api.w.org\/{rel}","templated":true}]}}