{"id":2803,"date":"2022-12-19T12:18:29","date_gmt":"2022-12-19T11:18:29","guid":{"rendered":"https:\/\/ugwp.cfolks.pl\/bwb\/?post_type=product&#038;p=2803"},"modified":"2023-09-25T16:21:13","modified_gmt":"2023-09-25T14:21:13","slug":"rura-oslonowa-kraso-typu-e-fe-stal-nierdzewna","status":"publish","type":"product","link":"https:\/\/ugwp.cfolks.pl\/bwb\/produkt\/rura-oslonowa-kraso-typu-e-fe-stal-nierdzewna\/","title":{"rendered":"Rura os\u0142onowa KRASO\u00ae typu E\/FE \u2013 stal nierdzewna"},"content":{"rendered":"","protected":false},"excerpt":{"rendered":"<p>Rura os\u0142onowa KRASO<sup>\u00ae<\/sup> typu E\/FE ze stali nierdzewnej do zabetonowania i wykorzystania jako miejsce do p\u00f3\u017aniejszego monta\u017cu rur lub kabli za pomoc\u0105 wk\u0142ad\u00f3w uszczelniaj\u0105cych KRASO<sup>\u00ae<\/sup>. Dzi\u0119ki obwodowej, po\u0142\u0105czonej termicznie z rur\u0105 uszczelce cztero\u017cebrowej KRASO<sup>\u00ae<\/sup> uzyskujemy wodoszczelno\u015b\u0107 do 3,0 bar\u00f3w. Kszta\u0142t uszczelki umo\u017cliwia mocne i trwa\u0142e zakotwienie rury w betonie. Cztero\u017cebrowa uszczelka KRASO<sup>\u00ae<\/sup> zabezpiecza r\u00f3wnie\u017c przed przenikaniem naturalnie wyst\u0119puj\u0105cego w postaci gazu szlachetnego radonu, a tym samym zapobiega koncentracji radioaktywnego gazu w pomieszczeniu. Standardowe \u015brednice wewn\u0119trzne ID oraz dost\u0119pno\u015b\u0107 dla standardowych grubo\u015bci \u015bcian w tabeli poni\u017cej.<\/p>\n","protected":false},"featured_media":2814,"template":"","meta":{"_acf_changed":false},"product_cat":[137],"product_tag":[],"class_list":{"0":"post-2803","1":"product","2":"type-product","3":"status-publish","4":"has-post-thumbnail","6":"product_cat-rury-oslonowe","8":"first","9":"instock","10":"shipping-taxable","11":"product-type-simple"},"acf":[],"yoast_head":"<!-- This site is optimized with the Yoast SEO plugin v27.3 - https:\/\/yoast.com\/product\/yoast-seo-wordpress\/ -->\n<title>Rura Os\u0142onowa KRASO\u00ae typu E\/FE Niezawodna Ochrona<\/title>\n<meta name=\"description\" content=\"Rura Os\u0142onowa KRASO\u00ae typu E\/FE ze stali nierdzewnej. Trwa\u0142a i niezawodna w r\u00f3\u017cnych zastosowaniach. Wybierz KRASO\u00ae- klucz do niezawodno\u015bci instalacji.\" \/>\n<meta name=\"robots\" content=\"noindex, follow, max-snippet:-1, max-image-preview:large, max-video-preview:-1\" \/>\n<meta property=\"og:locale\" content=\"pl_PL\" \/>\n<meta property=\"og:type\" content=\"article\" \/>\n<meta property=\"og:title\" content=\"Rura Os\u0142onowa KRASO\u00ae typu E\/FE Niezawodna Ochrona\" \/>\n<meta property=\"og:description\" content=\"Rura Os\u0142onowa KRASO\u00ae typu E\/FE ze stali nierdzewnej. Trwa\u0142a i niezawodna w r\u00f3\u017cnych zastosowaniach. Wybierz KRASO\u00ae- klucz do niezawodno\u015bci instalacji.\" \/>\n<meta property=\"og:url\" content=\"https:\/\/ugwp.cfolks.pl\/bwb\/produkt\/rura-oslonowa-kraso-typu-e-fe-stal-nierdzewna\/\" \/>\n<meta property=\"og:site_name\" content=\"BWB technology\" \/>\n<meta property=\"article:modified_time\" content=\"2023-09-25T14:21:13+00:00\" \/>\n<meta property=\"og:image\" content=\"https:\/\/ugwp.cfolks.pl\/bwb\/wp-content\/uploads\/Rura-oslonowa-KRASO\u00ae-typu-E-FE-\u2013-stal-nierdzewna.jpg\" \/>\n\t<meta property=\"og:image:width\" content=\"1100\" \/>\n\t<meta property=\"og:image:height\" content=\"810\" \/>\n\t<meta property=\"og:image:type\" content=\"image\/jpeg\" \/>\n<meta name=\"twitter:card\" content=\"summary_large_image\" \/>\n<script type=\"application\/ld+json\" class=\"yoast-schema-graph\">{\"@context\":\"https:\\\/\\\/schema.org\",\"@graph\":[{\"@type\":\"WebPage\",\"@id\":\"https:\\\/\\\/ugwp.cfolks.pl\\\/bwb\\\/produkt\\\/rura-oslonowa-kraso-typu-e-fe-stal-nierdzewna\\\/\",\"url\":\"https:\\\/\\\/ugwp.cfolks.pl\\\/bwb\\\/produkt\\\/rura-oslonowa-kraso-typu-e-fe-stal-nierdzewna\\\/\",\"name\":\"Rura Os\u0142onowa KRASO\u00ae typu E\\\/FE Niezawodna Ochrona\",\"isPartOf\":{\"@id\":\"https:\\\/\\\/ugwp.cfolks.pl\\\/bwb\\\/#website\"},\"primaryImageOfPage\":{\"@id\":\"https:\\\/\\\/ugwp.cfolks.pl\\\/bwb\\\/produkt\\\/rura-oslonowa-kraso-typu-e-fe-stal-nierdzewna\\\/#primaryimage\"},\"image\":{\"@id\":\"https:\\\/\\\/ugwp.cfolks.pl\\\/bwb\\\/produkt\\\/rura-oslonowa-kraso-typu-e-fe-stal-nierdzewna\\\/#primaryimage\"},\"thumbnailUrl\":\"https:\\\/\\\/ugwp.cfolks.pl\\\/bwb\\\/wp-content\\\/uploads\\\/Rura-oslonowa-KRASO\u00ae-typu-E-FE-\u2013-stal-nierdzewna.jpg\",\"datePublished\":\"2022-12-19T11:18:29+00:00\",\"dateModified\":\"2023-09-25T14:21:13+00:00\",\"description\":\"Rura Os\u0142onowa KRASO\u00ae typu E\\\/FE ze stali nierdzewnej. Trwa\u0142a i niezawodna w r\u00f3\u017cnych zastosowaniach. Wybierz KRASO\u00ae- klucz do niezawodno\u015bci instalacji.\",\"breadcrumb\":{\"@id\":\"https:\\\/\\\/ugwp.cfolks.pl\\\/bwb\\\/produkt\\\/rura-oslonowa-kraso-typu-e-fe-stal-nierdzewna\\\/#breadcrumb\"},\"inLanguage\":\"pl-PL\",\"potentialAction\":[{\"@type\":\"ReadAction\",\"target\":[\"https:\\\/\\\/ugwp.cfolks.pl\\\/bwb\\\/produkt\\\/rura-oslonowa-kraso-typu-e-fe-stal-nierdzewna\\\/\"]}]},{\"@type\":\"ImageObject\",\"inLanguage\":\"pl-PL\",\"@id\":\"https:\\\/\\\/ugwp.cfolks.pl\\\/bwb\\\/produkt\\\/rura-oslonowa-kraso-typu-e-fe-stal-nierdzewna\\\/#primaryimage\",\"url\":\"https:\\\/\\\/ugwp.cfolks.pl\\\/bwb\\\/wp-content\\\/uploads\\\/Rura-oslonowa-KRASO\u00ae-typu-E-FE-\u2013-stal-nierdzewna.jpg\",\"contentUrl\":\"https:\\\/\\\/ugwp.cfolks.pl\\\/bwb\\\/wp-content\\\/uploads\\\/Rura-oslonowa-KRASO\u00ae-typu-E-FE-\u2013-stal-nierdzewna.jpg\",\"width\":1100,\"height\":810,\"caption\":\"Rura os\u0142onowa KRASO\u00ae typu E \\\/ FE \u2013 stal nierdzewna\"},{\"@type\":\"BreadcrumbList\",\"@id\":\"https:\\\/\\\/ugwp.cfolks.pl\\\/bwb\\\/produkt\\\/rura-oslonowa-kraso-typu-e-fe-stal-nierdzewna\\\/#breadcrumb\",\"itemListElement\":[{\"@type\":\"ListItem\",\"position\":1,\"name\":\"Strona g\u0142\u00f3wna\",\"item\":\"https:\\\/\\\/ugwp.cfolks.pl\\\/bwb\\\/\"},{\"@type\":\"ListItem\",\"position\":2,\"name\":\"Wodoszczelne Przej\u015bcia Instalacyjne\",\"item\":\"https:\\\/\\\/ugwp.cfolks.pl\\\/bwb\\\/kategoria\\\/wodoszczelne-przejscia-instalacyjne\\\/\"},{\"@type\":\"ListItem\",\"position\":3,\"name\":\"Rury os\u0142onowe\",\"item\":\"https:\\\/\\\/ugwp.cfolks.pl\\\/bwb\\\/kategoria\\\/wodoszczelne-przejscia-instalacyjne\\\/rury-oslonowe\\\/\"},{\"@type\":\"ListItem\",\"position\":4,\"name\":\"Rura os\u0142onowa KRASO\u00ae typu E\\\/FE \u2013 stal nierdzewna\"}]},{\"@type\":\"WebSite\",\"@id\":\"https:\\\/\\\/ugwp.cfolks.pl\\\/bwb\\\/#website\",\"url\":\"https:\\\/\\\/ugwp.cfolks.pl\\\/bwb\\\/\",\"name\":\"BWB technology\",\"description\":\"Kolejna witryna oparta na WordPressie\",\"potentialAction\":[{\"@type\":\"SearchAction\",\"target\":{\"@type\":\"EntryPoint\",\"urlTemplate\":\"https:\\\/\\\/ugwp.cfolks.pl\\\/bwb\\\/?s={search_term_string}\"},\"query-input\":{\"@type\":\"PropertyValueSpecification\",\"valueRequired\":true,\"valueName\":\"search_term_string\"}}],\"inLanguage\":\"pl-PL\"}]}<\/script>\n<!-- \/ Yoast SEO plugin. -->","yoast_head_json":{"title":"Rura Os\u0142onowa KRASO\u00ae typu E\/FE Niezawodna Ochrona","description":"Rura Os\u0142onowa KRASO\u00ae typu E\/FE ze stali nierdzewnej. Trwa\u0142a i niezawodna w r\u00f3\u017cnych zastosowaniach. Wybierz KRASO\u00ae- klucz do niezawodno\u015bci instalacji.","robots":{"index":"noindex","follow":"follow","max-snippet":"max-snippet:-1","max-image-preview":"max-image-preview:large","max-video-preview":"max-video-preview:-1"},"og_locale":"pl_PL","og_type":"article","og_title":"Rura Os\u0142onowa KRASO\u00ae typu E\/FE Niezawodna Ochrona","og_description":"Rura Os\u0142onowa KRASO\u00ae typu E\/FE ze stali nierdzewnej. Trwa\u0142a i niezawodna w r\u00f3\u017cnych zastosowaniach. Wybierz KRASO\u00ae- klucz do niezawodno\u015bci instalacji.","og_url":"https:\/\/ugwp.cfolks.pl\/bwb\/produkt\/rura-oslonowa-kraso-typu-e-fe-stal-nierdzewna\/","og_site_name":"BWB technology","article_modified_time":"2023-09-25T14:21:13+00:00","og_image":[{"width":1100,"height":810,"url":"https:\/\/ugwp.cfolks.pl\/bwb\/wp-content\/uploads\/Rura-oslonowa-KRASO\u00ae-typu-E-FE-\u2013-stal-nierdzewna.jpg","type":"image\/jpeg"}],"twitter_card":"summary_large_image","schema":{"@context":"https:\/\/schema.org","@graph":[{"@type":"WebPage","@id":"https:\/\/ugwp.cfolks.pl\/bwb\/produkt\/rura-oslonowa-kraso-typu-e-fe-stal-nierdzewna\/","url":"https:\/\/ugwp.cfolks.pl\/bwb\/produkt\/rura-oslonowa-kraso-typu-e-fe-stal-nierdzewna\/","name":"Rura Os\u0142onowa KRASO\u00ae typu E\/FE Niezawodna Ochrona","isPartOf":{"@id":"https:\/\/ugwp.cfolks.pl\/bwb\/#website"},"primaryImageOfPage":{"@id":"https:\/\/ugwp.cfolks.pl\/bwb\/produkt\/rura-oslonowa-kraso-typu-e-fe-stal-nierdzewna\/#primaryimage"},"image":{"@id":"https:\/\/ugwp.cfolks.pl\/bwb\/produkt\/rura-oslonowa-kraso-typu-e-fe-stal-nierdzewna\/#primaryimage"},"thumbnailUrl":"https:\/\/ugwp.cfolks.pl\/bwb\/wp-content\/uploads\/Rura-oslonowa-KRASO\u00ae-typu-E-FE-\u2013-stal-nierdzewna.jpg","datePublished":"2022-12-19T11:18:29+00:00","dateModified":"2023-09-25T14:21:13+00:00","description":"Rura Os\u0142onowa KRASO\u00ae typu E\/FE ze stali nierdzewnej. Trwa\u0142a i niezawodna w r\u00f3\u017cnych zastosowaniach. Wybierz KRASO\u00ae- klucz do niezawodno\u015bci instalacji.","breadcrumb":{"@id":"https:\/\/ugwp.cfolks.pl\/bwb\/produkt\/rura-oslonowa-kraso-typu-e-fe-stal-nierdzewna\/#breadcrumb"},"inLanguage":"pl-PL","potentialAction":[{"@type":"ReadAction","target":["https:\/\/ugwp.cfolks.pl\/bwb\/produkt\/rura-oslonowa-kraso-typu-e-fe-stal-nierdzewna\/"]}]},{"@type":"ImageObject","inLanguage":"pl-PL","@id":"https:\/\/ugwp.cfolks.pl\/bwb\/produkt\/rura-oslonowa-kraso-typu-e-fe-stal-nierdzewna\/#primaryimage","url":"https:\/\/ugwp.cfolks.pl\/bwb\/wp-content\/uploads\/Rura-oslonowa-KRASO\u00ae-typu-E-FE-\u2013-stal-nierdzewna.jpg","contentUrl":"https:\/\/ugwp.cfolks.pl\/bwb\/wp-content\/uploads\/Rura-oslonowa-KRASO\u00ae-typu-E-FE-\u2013-stal-nierdzewna.jpg","width":1100,"height":810,"caption":"Rura os\u0142onowa KRASO\u00ae typu E \/ FE \u2013 stal nierdzewna"},{"@type":"BreadcrumbList","@id":"https:\/\/ugwp.cfolks.pl\/bwb\/produkt\/rura-oslonowa-kraso-typu-e-fe-stal-nierdzewna\/#breadcrumb","itemListElement":[{"@type":"ListItem","position":1,"name":"Strona g\u0142\u00f3wna","item":"https:\/\/ugwp.cfolks.pl\/bwb\/"},{"@type":"ListItem","position":2,"name":"Wodoszczelne Przej\u015bcia Instalacyjne","item":"https:\/\/ugwp.cfolks.pl\/bwb\/kategoria\/wodoszczelne-przejscia-instalacyjne\/"},{"@type":"ListItem","position":3,"name":"Rury os\u0142onowe","item":"https:\/\/ugwp.cfolks.pl\/bwb\/kategoria\/wodoszczelne-przejscia-instalacyjne\/rury-oslonowe\/"},{"@type":"ListItem","position":4,"name":"Rura os\u0142onowa KRASO\u00ae typu E\/FE \u2013 stal nierdzewna"}]},{"@type":"WebSite","@id":"https:\/\/ugwp.cfolks.pl\/bwb\/#website","url":"https:\/\/ugwp.cfolks.pl\/bwb\/","name":"BWB technology","description":"Kolejna witryna oparta na WordPressie","potentialAction":[{"@type":"SearchAction","target":{"@type":"EntryPoint","urlTemplate":"https:\/\/ugwp.cfolks.pl\/bwb\/?s={search_term_string}"},"query-input":{"@type":"PropertyValueSpecification","valueRequired":true,"valueName":"search_term_string"}}],"inLanguage":"pl-PL"}]}},"_links":{"self":[{"href":"https:\/\/ugwp.cfolks.pl\/bwb\/wp-json\/wp\/v2\/product\/2803","targetHints":{"allow":["GET"]}}],"collection":[{"href":"https:\/\/ugwp.cfolks.pl\/bwb\/wp-json\/wp\/v2\/product"}],"about":[{"href":"https:\/\/ugwp.cfolks.pl\/bwb\/wp-json\/wp\/v2\/types\/product"}],"wp:featuredmedia":[{"embeddable":true,"href":"https:\/\/ugwp.cfolks.pl\/bwb\/wp-json\/wp\/v2\/media\/2814"}],"wp:attachment":[{"href":"https:\/\/ugwp.cfolks.pl\/bwb\/wp-json\/wp\/v2\/media?parent=2803"}],"wp:term":[{"taxonomy":"product_cat","embeddable":true,"href":"https:\/\/ugwp.cfolks.pl\/bwb\/wp-json\/wp\/v2\/product_cat?post=2803"},{"taxonomy":"product_tag","embeddable":true,"href":"https:\/\/ugwp.cfolks.pl\/bwb\/wp-json\/wp\/v2\/product_tag?post=2803"}],"curies":[{"name":"wp","href":"https:\/\/api.w.org\/{rel}","templated":true}]}}