{"id":2490,"date":"2022-11-26T07:52:38","date_gmt":"2022-11-26T06:52:38","guid":{"rendered":"https:\/\/ugwp.cfolks.pl\/bwb\/?post_type=product&#038;p=2490"},"modified":"2023-02-26T13:12:22","modified_gmt":"2023-02-26T12:12:22","slug":"podkladka-pierscieniowa-do-fundamentow-palowych-pgr","status":"publish","type":"product","link":"https:\/\/ugwp.cfolks.pl\/bwb\/produkt\/podkladka-pierscieniowa-do-fundamentow-palowych-pgr\/","title":{"rendered":"Podk\u0142adka pier\u015bcieniowa do fundament\u00f3w palowych \u2013 PGR"},"content":{"rendered":"","protected":false},"excerpt":{"rendered":"<ul>\n<li>Wyj\u0105tkowo stabilny element dystansowy z zaciskiem na pr\u0119ty zbrojeniowe o \u015brednicy od 6 do 20 mm<\/li>\n<li>Przeznaczona do dystansowania zbrojenia pionowego, szczeg\u00f3lnie polecany do koszy zbrojeniowych w fundamentach palowych<\/li>\n<li>G\u0142adka powierzchnia i okr\u0105g\u0142y kszta\u0142t pozwalaj\u0105 na toczenie si\u0119 podk\u0142adki co u\u0142atwia monta\u017c zbrojenia w zamkni\u0119tych szalunkach<\/li>\n<\/ul>\n","protected":false},"featured_media":3464,"template":"","meta":{"_acf_changed":false},"product_cat":[148],"product_tag":[],"class_list":{"0":"post-2490","1":"product","2":"type-product","3":"status-publish","4":"has-post-thumbnail","6":"product_cat-podkladki-plastikowe-punktowe","8":"first","9":"instock","10":"shipping-taxable","11":"product-type-simple"},"acf":[],"yoast_head":"<!-- This site is optimized with the Yoast SEO plugin v27.3 - https:\/\/yoast.com\/product\/yoast-seo-wordpress\/ -->\n<title>Podk\u0142adka pier\u015bcieniowa do fundament\u00f3w palowych \u2013 PGR<\/title>\n<meta name=\"description\" content=\"Stabilny element dystansowy z zaciskiem, wciskany na pr\u0119ty zbrojeniowe o \u015brednicy od 6 do 20 mm. Przeznaczony do dystansowania zbrojenia pionowego.\" \/>\n<meta name=\"robots\" content=\"noindex, follow, max-snippet:-1, max-image-preview:large, max-video-preview:-1\" \/>\n<meta property=\"og:locale\" content=\"pl_PL\" \/>\n<meta property=\"og:type\" content=\"article\" \/>\n<meta property=\"og:title\" content=\"Podk\u0142adka pier\u015bcieniowa do fundament\u00f3w palowych \u2013 PGR\" \/>\n<meta property=\"og:description\" content=\"Stabilny element dystansowy z zaciskiem, wciskany na pr\u0119ty zbrojeniowe o \u015brednicy od 6 do 20 mm. Przeznaczony do dystansowania zbrojenia pionowego.\" \/>\n<meta property=\"og:url\" content=\"https:\/\/ugwp.cfolks.pl\/bwb\/produkt\/podkladka-pierscieniowa-do-fundamentow-palowych-pgr\/\" \/>\n<meta property=\"og:site_name\" content=\"BWB technology\" \/>\n<meta property=\"article:modified_time\" content=\"2023-02-26T12:12:22+00:00\" \/>\n<meta property=\"og:image\" content=\"https:\/\/ugwp.cfolks.pl\/bwb\/wp-content\/uploads\/Podkladka-pierscieniowa-do-fundamentow-palowych-\u2013-PGR.jpg\" \/>\n\t<meta property=\"og:image:width\" content=\"1100\" \/>\n\t<meta property=\"og:image:height\" content=\"810\" \/>\n\t<meta property=\"og:image:type\" content=\"image\/jpeg\" \/>\n<meta name=\"twitter:card\" content=\"summary_large_image\" \/>\n<script type=\"application\/ld+json\" class=\"yoast-schema-graph\">{\"@context\":\"https:\\\/\\\/schema.org\",\"@graph\":[{\"@type\":\"WebPage\",\"@id\":\"https:\\\/\\\/ugwp.cfolks.pl\\\/bwb\\\/produkt\\\/podkladka-pierscieniowa-do-fundamentow-palowych-pgr\\\/\",\"url\":\"https:\\\/\\\/ugwp.cfolks.pl\\\/bwb\\\/produkt\\\/podkladka-pierscieniowa-do-fundamentow-palowych-pgr\\\/\",\"name\":\"Podk\u0142adka pier\u015bcieniowa do fundament\u00f3w palowych \u2013 PGR\",\"isPartOf\":{\"@id\":\"https:\\\/\\\/ugwp.cfolks.pl\\\/bwb\\\/#website\"},\"primaryImageOfPage\":{\"@id\":\"https:\\\/\\\/ugwp.cfolks.pl\\\/bwb\\\/produkt\\\/podkladka-pierscieniowa-do-fundamentow-palowych-pgr\\\/#primaryimage\"},\"image\":{\"@id\":\"https:\\\/\\\/ugwp.cfolks.pl\\\/bwb\\\/produkt\\\/podkladka-pierscieniowa-do-fundamentow-palowych-pgr\\\/#primaryimage\"},\"thumbnailUrl\":\"https:\\\/\\\/ugwp.cfolks.pl\\\/bwb\\\/wp-content\\\/uploads\\\/Podkladka-pierscieniowa-do-fundamentow-palowych-\u2013-PGR.jpg\",\"datePublished\":\"2022-11-26T06:52:38+00:00\",\"dateModified\":\"2023-02-26T12:12:22+00:00\",\"description\":\"Stabilny element dystansowy z zaciskiem, wciskany na pr\u0119ty zbrojeniowe o \u015brednicy od 6 do 20 mm. Przeznaczony do dystansowania zbrojenia pionowego.\",\"breadcrumb\":{\"@id\":\"https:\\\/\\\/ugwp.cfolks.pl\\\/bwb\\\/produkt\\\/podkladka-pierscieniowa-do-fundamentow-palowych-pgr\\\/#breadcrumb\"},\"inLanguage\":\"pl-PL\",\"potentialAction\":[{\"@type\":\"ReadAction\",\"target\":[\"https:\\\/\\\/ugwp.cfolks.pl\\\/bwb\\\/produkt\\\/podkladka-pierscieniowa-do-fundamentow-palowych-pgr\\\/\"]}]},{\"@type\":\"ImageObject\",\"inLanguage\":\"pl-PL\",\"@id\":\"https:\\\/\\\/ugwp.cfolks.pl\\\/bwb\\\/produkt\\\/podkladka-pierscieniowa-do-fundamentow-palowych-pgr\\\/#primaryimage\",\"url\":\"https:\\\/\\\/ugwp.cfolks.pl\\\/bwb\\\/wp-content\\\/uploads\\\/Podkladka-pierscieniowa-do-fundamentow-palowych-\u2013-PGR.jpg\",\"contentUrl\":\"https:\\\/\\\/ugwp.cfolks.pl\\\/bwb\\\/wp-content\\\/uploads\\\/Podkladka-pierscieniowa-do-fundamentow-palowych-\u2013-PGR.jpg\",\"width\":1100,\"height\":810,\"caption\":\"Podk\u0142adka pier\u015bcieniowa do fundament\u00f3w palowych \u2013 PGR\"},{\"@type\":\"BreadcrumbList\",\"@id\":\"https:\\\/\\\/ugwp.cfolks.pl\\\/bwb\\\/produkt\\\/podkladka-pierscieniowa-do-fundamentow-palowych-pgr\\\/#breadcrumb\",\"itemListElement\":[{\"@type\":\"ListItem\",\"position\":1,\"name\":\"Strona g\u0142\u00f3wna\",\"item\":\"https:\\\/\\\/ugwp.cfolks.pl\\\/bwb\\\/\"},{\"@type\":\"ListItem\",\"position\":2,\"name\":\"Podk\u0142adki Dystansowe\",\"item\":\"https:\\\/\\\/ugwp.cfolks.pl\\\/bwb\\\/kategoria\\\/podkladki-dystansowe\\\/\"},{\"@type\":\"ListItem\",\"position\":3,\"name\":\"Podk\u0142adki plastikowe punktowe\",\"item\":\"https:\\\/\\\/ugwp.cfolks.pl\\\/bwb\\\/kategoria\\\/podkladki-dystansowe\\\/podkladki-plastikowe-punktowe\\\/\"},{\"@type\":\"ListItem\",\"position\":4,\"name\":\"Podk\u0142adka pier\u015bcieniowa do fundament\u00f3w palowych \u2013 PGR\"}]},{\"@type\":\"WebSite\",\"@id\":\"https:\\\/\\\/ugwp.cfolks.pl\\\/bwb\\\/#website\",\"url\":\"https:\\\/\\\/ugwp.cfolks.pl\\\/bwb\\\/\",\"name\":\"BWB technology\",\"description\":\"Kolejna witryna oparta na WordPressie\",\"potentialAction\":[{\"@type\":\"SearchAction\",\"target\":{\"@type\":\"EntryPoint\",\"urlTemplate\":\"https:\\\/\\\/ugwp.cfolks.pl\\\/bwb\\\/?s={search_term_string}\"},\"query-input\":{\"@type\":\"PropertyValueSpecification\",\"valueRequired\":true,\"valueName\":\"search_term_string\"}}],\"inLanguage\":\"pl-PL\"}]}<\/script>\n<!-- \/ Yoast SEO plugin. -->","yoast_head_json":{"title":"Podk\u0142adka pier\u015bcieniowa do fundament\u00f3w palowych \u2013 PGR","description":"Stabilny element dystansowy z zaciskiem, wciskany na pr\u0119ty zbrojeniowe o \u015brednicy od 6 do 20 mm. Przeznaczony do dystansowania zbrojenia pionowego.","robots":{"index":"noindex","follow":"follow","max-snippet":"max-snippet:-1","max-image-preview":"max-image-preview:large","max-video-preview":"max-video-preview:-1"},"og_locale":"pl_PL","og_type":"article","og_title":"Podk\u0142adka pier\u015bcieniowa do fundament\u00f3w palowych \u2013 PGR","og_description":"Stabilny element dystansowy z zaciskiem, wciskany na pr\u0119ty zbrojeniowe o \u015brednicy od 6 do 20 mm. Przeznaczony do dystansowania zbrojenia pionowego.","og_url":"https:\/\/ugwp.cfolks.pl\/bwb\/produkt\/podkladka-pierscieniowa-do-fundamentow-palowych-pgr\/","og_site_name":"BWB technology","article_modified_time":"2023-02-26T12:12:22+00:00","og_image":[{"width":1100,"height":810,"url":"https:\/\/ugwp.cfolks.pl\/bwb\/wp-content\/uploads\/Podkladka-pierscieniowa-do-fundamentow-palowych-\u2013-PGR.jpg","type":"image\/jpeg"}],"twitter_card":"summary_large_image","schema":{"@context":"https:\/\/schema.org","@graph":[{"@type":"WebPage","@id":"https:\/\/ugwp.cfolks.pl\/bwb\/produkt\/podkladka-pierscieniowa-do-fundamentow-palowych-pgr\/","url":"https:\/\/ugwp.cfolks.pl\/bwb\/produkt\/podkladka-pierscieniowa-do-fundamentow-palowych-pgr\/","name":"Podk\u0142adka pier\u015bcieniowa do fundament\u00f3w palowych \u2013 PGR","isPartOf":{"@id":"https:\/\/ugwp.cfolks.pl\/bwb\/#website"},"primaryImageOfPage":{"@id":"https:\/\/ugwp.cfolks.pl\/bwb\/produkt\/podkladka-pierscieniowa-do-fundamentow-palowych-pgr\/#primaryimage"},"image":{"@id":"https:\/\/ugwp.cfolks.pl\/bwb\/produkt\/podkladka-pierscieniowa-do-fundamentow-palowych-pgr\/#primaryimage"},"thumbnailUrl":"https:\/\/ugwp.cfolks.pl\/bwb\/wp-content\/uploads\/Podkladka-pierscieniowa-do-fundamentow-palowych-\u2013-PGR.jpg","datePublished":"2022-11-26T06:52:38+00:00","dateModified":"2023-02-26T12:12:22+00:00","description":"Stabilny element dystansowy z zaciskiem, wciskany na pr\u0119ty zbrojeniowe o \u015brednicy od 6 do 20 mm. Przeznaczony do dystansowania zbrojenia pionowego.","breadcrumb":{"@id":"https:\/\/ugwp.cfolks.pl\/bwb\/produkt\/podkladka-pierscieniowa-do-fundamentow-palowych-pgr\/#breadcrumb"},"inLanguage":"pl-PL","potentialAction":[{"@type":"ReadAction","target":["https:\/\/ugwp.cfolks.pl\/bwb\/produkt\/podkladka-pierscieniowa-do-fundamentow-palowych-pgr\/"]}]},{"@type":"ImageObject","inLanguage":"pl-PL","@id":"https:\/\/ugwp.cfolks.pl\/bwb\/produkt\/podkladka-pierscieniowa-do-fundamentow-palowych-pgr\/#primaryimage","url":"https:\/\/ugwp.cfolks.pl\/bwb\/wp-content\/uploads\/Podkladka-pierscieniowa-do-fundamentow-palowych-\u2013-PGR.jpg","contentUrl":"https:\/\/ugwp.cfolks.pl\/bwb\/wp-content\/uploads\/Podkladka-pierscieniowa-do-fundamentow-palowych-\u2013-PGR.jpg","width":1100,"height":810,"caption":"Podk\u0142adka pier\u015bcieniowa do fundament\u00f3w palowych \u2013 PGR"},{"@type":"BreadcrumbList","@id":"https:\/\/ugwp.cfolks.pl\/bwb\/produkt\/podkladka-pierscieniowa-do-fundamentow-palowych-pgr\/#breadcrumb","itemListElement":[{"@type":"ListItem","position":1,"name":"Strona g\u0142\u00f3wna","item":"https:\/\/ugwp.cfolks.pl\/bwb\/"},{"@type":"ListItem","position":2,"name":"Podk\u0142adki Dystansowe","item":"https:\/\/ugwp.cfolks.pl\/bwb\/kategoria\/podkladki-dystansowe\/"},{"@type":"ListItem","position":3,"name":"Podk\u0142adki plastikowe punktowe","item":"https:\/\/ugwp.cfolks.pl\/bwb\/kategoria\/podkladki-dystansowe\/podkladki-plastikowe-punktowe\/"},{"@type":"ListItem","position":4,"name":"Podk\u0142adka pier\u015bcieniowa do fundament\u00f3w palowych \u2013 PGR"}]},{"@type":"WebSite","@id":"https:\/\/ugwp.cfolks.pl\/bwb\/#website","url":"https:\/\/ugwp.cfolks.pl\/bwb\/","name":"BWB technology","description":"Kolejna witryna oparta na WordPressie","potentialAction":[{"@type":"SearchAction","target":{"@type":"EntryPoint","urlTemplate":"https:\/\/ugwp.cfolks.pl\/bwb\/?s={search_term_string}"},"query-input":{"@type":"PropertyValueSpecification","valueRequired":true,"valueName":"search_term_string"}}],"inLanguage":"pl-PL"}]}},"_links":{"self":[{"href":"https:\/\/ugwp.cfolks.pl\/bwb\/wp-json\/wp\/v2\/product\/2490","targetHints":{"allow":["GET"]}}],"collection":[{"href":"https:\/\/ugwp.cfolks.pl\/bwb\/wp-json\/wp\/v2\/product"}],"about":[{"href":"https:\/\/ugwp.cfolks.pl\/bwb\/wp-json\/wp\/v2\/types\/product"}],"wp:featuredmedia":[{"embeddable":true,"href":"https:\/\/ugwp.cfolks.pl\/bwb\/wp-json\/wp\/v2\/media\/3464"}],"wp:attachment":[{"href":"https:\/\/ugwp.cfolks.pl\/bwb\/wp-json\/wp\/v2\/media?parent=2490"}],"wp:term":[{"taxonomy":"product_cat","embeddable":true,"href":"https:\/\/ugwp.cfolks.pl\/bwb\/wp-json\/wp\/v2\/product_cat?post=2490"},{"taxonomy":"product_tag","embeddable":true,"href":"https:\/\/ugwp.cfolks.pl\/bwb\/wp-json\/wp\/v2\/product_tag?post=2490"}],"curies":[{"name":"wp","href":"https:\/\/api.w.org\/{rel}","templated":true}]}}