{"id":2145,"date":"2022-11-14T10:41:01","date_gmt":"2022-11-14T09:41:01","guid":{"rendered":"https:\/\/ugwp.cfolks.pl\/bwb\/?post_type=product&#038;p=2145"},"modified":"2023-02-20T21:27:19","modified_gmt":"2023-02-20T20:27:19","slug":"kraso-typ-les-system-odwodnienia-do-betonowych-szybow-swietlnych","status":"publish","type":"product","link":"https:\/\/ugwp.cfolks.pl\/bwb\/produkt\/kraso-typ-les-system-odwodnienia-do-betonowych-szybow-swietlnych\/","title":{"rendered":"KRASO\u00ae Typ LES &#8211; System Odwodnienia do Betonowych Szyb\u00f3w \u015awietlnych"},"content":{"rendered":"","protected":false},"excerpt":{"rendered":"<p>KRASO<sup>\u00ae<\/sup> Typ LES &#8211; system odwodnienia do betonowych szyb\u00f3w \u015bwietlnych to elastyczny system odwadniaj\u0105cy zar\u00f3wno dla budowli z element\u00f3w prefabrykowanych, jak i budowli z betonu lanego na miejscu budowy. Liczne komponenty dodatkowe pozwalaj\u0105 dopasowa\u0107 odwodnienie do wymaga\u0144 projektowych.<\/p>\n","protected":false},"featured_media":2180,"template":"","meta":{"_acf_changed":false},"product_cat":[135],"product_tag":[],"class_list":{"0":"post-2145","1":"product","2":"type-product","3":"status-publish","4":"has-post-thumbnail","6":"product_cat-odplywy-powierzchniowe","8":"first","9":"instock","10":"shipping-taxable","11":"product-type-simple"},"acf":[],"yoast_head":"<!-- This site is optimized with the Yoast SEO plugin v27.3 - https:\/\/yoast.com\/product\/yoast-seo-wordpress\/ -->\n<title>KRASO\u00ae Typ LES - System Odwodnienia do Betonowych Szyb\u00f3w<\/title>\n<meta name=\"description\" content=\"KRASO\u00ae Typ LES \u2013 system odwodnienia do betonowych szyb\u00f3w \u015bwietlnych.\" \/>\n<meta name=\"robots\" content=\"noindex, follow, max-snippet:-1, max-image-preview:large, max-video-preview:-1\" \/>\n<meta property=\"og:locale\" content=\"pl_PL\" \/>\n<meta property=\"og:type\" content=\"article\" \/>\n<meta property=\"og:title\" content=\"KRASO\u00ae Typ LES - System Odwodnienia do Betonowych Szyb\u00f3w\" \/>\n<meta property=\"og:description\" content=\"KRASO\u00ae Typ LES \u2013 system odwodnienia do betonowych szyb\u00f3w \u015bwietlnych.\" \/>\n<meta property=\"og:url\" content=\"https:\/\/ugwp.cfolks.pl\/bwb\/produkt\/kraso-typ-les-system-odwodnienia-do-betonowych-szybow-swietlnych\/\" \/>\n<meta property=\"og:site_name\" content=\"BWB technology\" \/>\n<meta property=\"article:modified_time\" content=\"2023-02-20T20:27:19+00:00\" \/>\n<meta property=\"og:image\" content=\"https:\/\/ugwp.cfolks.pl\/bwb\/wp-content\/uploads\/KRASO\u00ae-Typ-LES-110.jpg\" \/>\n\t<meta property=\"og:image:width\" content=\"1100\" \/>\n\t<meta property=\"og:image:height\" content=\"810\" \/>\n\t<meta property=\"og:image:type\" content=\"image\/jpeg\" \/>\n<meta name=\"twitter:card\" content=\"summary_large_image\" \/>\n<script type=\"application\/ld+json\" class=\"yoast-schema-graph\">{\"@context\":\"https:\\\/\\\/schema.org\",\"@graph\":[{\"@type\":\"WebPage\",\"@id\":\"https:\\\/\\\/ugwp.cfolks.pl\\\/bwb\\\/produkt\\\/kraso-typ-les-system-odwodnienia-do-betonowych-szybow-swietlnych\\\/\",\"url\":\"https:\\\/\\\/ugwp.cfolks.pl\\\/bwb\\\/produkt\\\/kraso-typ-les-system-odwodnienia-do-betonowych-szybow-swietlnych\\\/\",\"name\":\"KRASO\u00ae Typ LES - System Odwodnienia do Betonowych Szyb\u00f3w\",\"isPartOf\":{\"@id\":\"https:\\\/\\\/ugwp.cfolks.pl\\\/bwb\\\/#website\"},\"primaryImageOfPage\":{\"@id\":\"https:\\\/\\\/ugwp.cfolks.pl\\\/bwb\\\/produkt\\\/kraso-typ-les-system-odwodnienia-do-betonowych-szybow-swietlnych\\\/#primaryimage\"},\"image\":{\"@id\":\"https:\\\/\\\/ugwp.cfolks.pl\\\/bwb\\\/produkt\\\/kraso-typ-les-system-odwodnienia-do-betonowych-szybow-swietlnych\\\/#primaryimage\"},\"thumbnailUrl\":\"https:\\\/\\\/ugwp.cfolks.pl\\\/bwb\\\/wp-content\\\/uploads\\\/KRASO\u00ae-Typ-LES-110.jpg\",\"datePublished\":\"2022-11-14T09:41:01+00:00\",\"dateModified\":\"2023-02-20T20:27:19+00:00\",\"description\":\"KRASO\u00ae Typ LES \u2013 system odwodnienia do betonowych szyb\u00f3w \u015bwietlnych.\",\"breadcrumb\":{\"@id\":\"https:\\\/\\\/ugwp.cfolks.pl\\\/bwb\\\/produkt\\\/kraso-typ-les-system-odwodnienia-do-betonowych-szybow-swietlnych\\\/#breadcrumb\"},\"inLanguage\":\"pl-PL\",\"potentialAction\":[{\"@type\":\"ReadAction\",\"target\":[\"https:\\\/\\\/ugwp.cfolks.pl\\\/bwb\\\/produkt\\\/kraso-typ-les-system-odwodnienia-do-betonowych-szybow-swietlnych\\\/\"]}]},{\"@type\":\"ImageObject\",\"inLanguage\":\"pl-PL\",\"@id\":\"https:\\\/\\\/ugwp.cfolks.pl\\\/bwb\\\/produkt\\\/kraso-typ-les-system-odwodnienia-do-betonowych-szybow-swietlnych\\\/#primaryimage\",\"url\":\"https:\\\/\\\/ugwp.cfolks.pl\\\/bwb\\\/wp-content\\\/uploads\\\/KRASO\u00ae-Typ-LES-110.jpg\",\"contentUrl\":\"https:\\\/\\\/ugwp.cfolks.pl\\\/bwb\\\/wp-content\\\/uploads\\\/KRASO\u00ae-Typ-LES-110.jpg\",\"width\":1100,\"height\":810,\"caption\":\"KRASO\u00ae Typ LES 110\"},{\"@type\":\"BreadcrumbList\",\"@id\":\"https:\\\/\\\/ugwp.cfolks.pl\\\/bwb\\\/produkt\\\/kraso-typ-les-system-odwodnienia-do-betonowych-szybow-swietlnych\\\/#breadcrumb\",\"itemListElement\":[{\"@type\":\"ListItem\",\"position\":1,\"name\":\"Strona g\u0142\u00f3wna\",\"item\":\"https:\\\/\\\/ugwp.cfolks.pl\\\/bwb\\\/\"},{\"@type\":\"ListItem\",\"position\":2,\"name\":\"Wodoszczelne Przej\u015bcia Instalacyjne\",\"item\":\"https:\\\/\\\/ugwp.cfolks.pl\\\/bwb\\\/kategoria\\\/wodoszczelne-przejscia-instalacyjne\\\/\"},{\"@type\":\"ListItem\",\"position\":3,\"name\":\"Odp\u0142ywy Powierzchniowe\",\"item\":\"https:\\\/\\\/ugwp.cfolks.pl\\\/bwb\\\/kategoria\\\/wodoszczelne-przejscia-instalacyjne\\\/odplywy-powierzchniowe\\\/\"},{\"@type\":\"ListItem\",\"position\":4,\"name\":\"KRASO\u00ae Typ LES &#8211; System Odwodnienia do Betonowych Szyb\u00f3w \u015awietlnych\"}]},{\"@type\":\"WebSite\",\"@id\":\"https:\\\/\\\/ugwp.cfolks.pl\\\/bwb\\\/#website\",\"url\":\"https:\\\/\\\/ugwp.cfolks.pl\\\/bwb\\\/\",\"name\":\"BWB technology\",\"description\":\"Kolejna witryna oparta na WordPressie\",\"potentialAction\":[{\"@type\":\"SearchAction\",\"target\":{\"@type\":\"EntryPoint\",\"urlTemplate\":\"https:\\\/\\\/ugwp.cfolks.pl\\\/bwb\\\/?s={search_term_string}\"},\"query-input\":{\"@type\":\"PropertyValueSpecification\",\"valueRequired\":true,\"valueName\":\"search_term_string\"}}],\"inLanguage\":\"pl-PL\"}]}<\/script>\n<!-- \/ Yoast SEO plugin. -->","yoast_head_json":{"title":"KRASO\u00ae Typ LES - System Odwodnienia do Betonowych Szyb\u00f3w","description":"KRASO\u00ae Typ LES \u2013 system odwodnienia do betonowych szyb\u00f3w \u015bwietlnych.","robots":{"index":"noindex","follow":"follow","max-snippet":"max-snippet:-1","max-image-preview":"max-image-preview:large","max-video-preview":"max-video-preview:-1"},"og_locale":"pl_PL","og_type":"article","og_title":"KRASO\u00ae Typ LES - System Odwodnienia do Betonowych Szyb\u00f3w","og_description":"KRASO\u00ae Typ LES \u2013 system odwodnienia do betonowych szyb\u00f3w \u015bwietlnych.","og_url":"https:\/\/ugwp.cfolks.pl\/bwb\/produkt\/kraso-typ-les-system-odwodnienia-do-betonowych-szybow-swietlnych\/","og_site_name":"BWB technology","article_modified_time":"2023-02-20T20:27:19+00:00","og_image":[{"width":1100,"height":810,"url":"https:\/\/ugwp.cfolks.pl\/bwb\/wp-content\/uploads\/KRASO\u00ae-Typ-LES-110.jpg","type":"image\/jpeg"}],"twitter_card":"summary_large_image","schema":{"@context":"https:\/\/schema.org","@graph":[{"@type":"WebPage","@id":"https:\/\/ugwp.cfolks.pl\/bwb\/produkt\/kraso-typ-les-system-odwodnienia-do-betonowych-szybow-swietlnych\/","url":"https:\/\/ugwp.cfolks.pl\/bwb\/produkt\/kraso-typ-les-system-odwodnienia-do-betonowych-szybow-swietlnych\/","name":"KRASO\u00ae Typ LES - System Odwodnienia do Betonowych Szyb\u00f3w","isPartOf":{"@id":"https:\/\/ugwp.cfolks.pl\/bwb\/#website"},"primaryImageOfPage":{"@id":"https:\/\/ugwp.cfolks.pl\/bwb\/produkt\/kraso-typ-les-system-odwodnienia-do-betonowych-szybow-swietlnych\/#primaryimage"},"image":{"@id":"https:\/\/ugwp.cfolks.pl\/bwb\/produkt\/kraso-typ-les-system-odwodnienia-do-betonowych-szybow-swietlnych\/#primaryimage"},"thumbnailUrl":"https:\/\/ugwp.cfolks.pl\/bwb\/wp-content\/uploads\/KRASO\u00ae-Typ-LES-110.jpg","datePublished":"2022-11-14T09:41:01+00:00","dateModified":"2023-02-20T20:27:19+00:00","description":"KRASO\u00ae Typ LES \u2013 system odwodnienia do betonowych szyb\u00f3w \u015bwietlnych.","breadcrumb":{"@id":"https:\/\/ugwp.cfolks.pl\/bwb\/produkt\/kraso-typ-les-system-odwodnienia-do-betonowych-szybow-swietlnych\/#breadcrumb"},"inLanguage":"pl-PL","potentialAction":[{"@type":"ReadAction","target":["https:\/\/ugwp.cfolks.pl\/bwb\/produkt\/kraso-typ-les-system-odwodnienia-do-betonowych-szybow-swietlnych\/"]}]},{"@type":"ImageObject","inLanguage":"pl-PL","@id":"https:\/\/ugwp.cfolks.pl\/bwb\/produkt\/kraso-typ-les-system-odwodnienia-do-betonowych-szybow-swietlnych\/#primaryimage","url":"https:\/\/ugwp.cfolks.pl\/bwb\/wp-content\/uploads\/KRASO\u00ae-Typ-LES-110.jpg","contentUrl":"https:\/\/ugwp.cfolks.pl\/bwb\/wp-content\/uploads\/KRASO\u00ae-Typ-LES-110.jpg","width":1100,"height":810,"caption":"KRASO\u00ae Typ LES 110"},{"@type":"BreadcrumbList","@id":"https:\/\/ugwp.cfolks.pl\/bwb\/produkt\/kraso-typ-les-system-odwodnienia-do-betonowych-szybow-swietlnych\/#breadcrumb","itemListElement":[{"@type":"ListItem","position":1,"name":"Strona g\u0142\u00f3wna","item":"https:\/\/ugwp.cfolks.pl\/bwb\/"},{"@type":"ListItem","position":2,"name":"Wodoszczelne Przej\u015bcia Instalacyjne","item":"https:\/\/ugwp.cfolks.pl\/bwb\/kategoria\/wodoszczelne-przejscia-instalacyjne\/"},{"@type":"ListItem","position":3,"name":"Odp\u0142ywy Powierzchniowe","item":"https:\/\/ugwp.cfolks.pl\/bwb\/kategoria\/wodoszczelne-przejscia-instalacyjne\/odplywy-powierzchniowe\/"},{"@type":"ListItem","position":4,"name":"KRASO\u00ae Typ LES &#8211; System Odwodnienia do Betonowych Szyb\u00f3w \u015awietlnych"}]},{"@type":"WebSite","@id":"https:\/\/ugwp.cfolks.pl\/bwb\/#website","url":"https:\/\/ugwp.cfolks.pl\/bwb\/","name":"BWB technology","description":"Kolejna witryna oparta na WordPressie","potentialAction":[{"@type":"SearchAction","target":{"@type":"EntryPoint","urlTemplate":"https:\/\/ugwp.cfolks.pl\/bwb\/?s={search_term_string}"},"query-input":{"@type":"PropertyValueSpecification","valueRequired":true,"valueName":"search_term_string"}}],"inLanguage":"pl-PL"}]}},"_links":{"self":[{"href":"https:\/\/ugwp.cfolks.pl\/bwb\/wp-json\/wp\/v2\/product\/2145","targetHints":{"allow":["GET"]}}],"collection":[{"href":"https:\/\/ugwp.cfolks.pl\/bwb\/wp-json\/wp\/v2\/product"}],"about":[{"href":"https:\/\/ugwp.cfolks.pl\/bwb\/wp-json\/wp\/v2\/types\/product"}],"wp:featuredmedia":[{"embeddable":true,"href":"https:\/\/ugwp.cfolks.pl\/bwb\/wp-json\/wp\/v2\/media\/2180"}],"wp:attachment":[{"href":"https:\/\/ugwp.cfolks.pl\/bwb\/wp-json\/wp\/v2\/media?parent=2145"}],"wp:term":[{"taxonomy":"product_cat","embeddable":true,"href":"https:\/\/ugwp.cfolks.pl\/bwb\/wp-json\/wp\/v2\/product_cat?post=2145"},{"taxonomy":"product_tag","embeddable":true,"href":"https:\/\/ugwp.cfolks.pl\/bwb\/wp-json\/wp\/v2\/product_tag?post=2145"}],"curies":[{"name":"wp","href":"https:\/\/api.w.org\/{rel}","templated":true}]}}