{"id":2006,"date":"2022-10-13T14:20:31","date_gmt":"2022-10-13T12:20:31","guid":{"rendered":"https:\/\/ugwp.cfolks.pl\/bwb\/?post_type=product&#038;p=2006"},"modified":"2023-09-09T15:22:15","modified_gmt":"2023-09-09T13:22:15","slug":"adapter-systemowy-kraso-kds-150-ze-zlaczka-do-weza","status":"publish","type":"product","link":"https:\/\/ugwp.cfolks.pl\/bwb\/produkt\/adapter-systemowy-kraso-kds-150-ze-zlaczka-do-weza\/","title":{"rendered":"Adapter Systemowy KRASO\u00ae KDS 150 Ze Z\u0142\u0105czk\u0105 Do W\u0119\u017ca"},"content":{"rendered":"","protected":false},"excerpt":{"rendered":"<p>Adapter systemowy KDS 150 ze z\u0142\u0105czk\u0105 do w\u0119\u017ca wraz z po\u0142\u0105czeniem bagnetowym oraz z\u0142\u0105czk\u0105 do w\u0119\u017ca z zabezpieczeniem przed przekr\u0119ceniem. Do przy\u0142\u0105czenia rur instalacyjnych KRASO<sup>\u00ae<\/sup> FLS, karbowanych PE lub PVC i PP do przepust\u00f3w kablowych KRASO<sup>\u00ae<\/sup> KDS 150. W po\u0142\u0105czeniu z rurami instalacyjnymi KRASO<sup>\u00ae<\/sup> FLS wodoszczelno\u015b\u0107 do 2,5 bar\u00f3w.<\/p>\n","protected":false},"featured_media":3802,"template":"","meta":{"_acf_changed":false},"product_cat":[138],"product_tag":[],"class_list":{"0":"post-2006","1":"product","2":"type-product","3":"status-publish","4":"has-post-thumbnail","6":"product_cat-przepusty-kablowe","8":"first","9":"instock","10":"shipping-taxable","11":"product-type-simple"},"acf":[],"yoast_head":"<!-- This site is optimized with the Yoast SEO plugin v27.3 - https:\/\/yoast.com\/product\/yoast-seo-wordpress\/ -->\n<title>Adapter Systemowy KRASO\u00ae KDS 150 Ze Z\u0142\u0105czk\u0105 Do W\u0119\u017ca<\/title>\n<meta name=\"description\" content=\"Adapter systemowy KDS 150 ze z\u0142\u0105czk\u0105 do w\u0119\u017ca wraz z po\u0142\u0105czeniem bagnetowym oraz z\u0142\u0105czk\u0105 do w\u0119\u017ca z zabezpieczeniem przed przekr\u0119ceniem.\" \/>\n<meta name=\"robots\" content=\"noindex, follow, max-snippet:-1, max-image-preview:large, max-video-preview:-1\" \/>\n<meta property=\"og:locale\" content=\"pl_PL\" \/>\n<meta property=\"og:type\" content=\"article\" \/>\n<meta property=\"og:title\" content=\"Adapter Systemowy KRASO\u00ae KDS 150 Ze Z\u0142\u0105czk\u0105 Do W\u0119\u017ca\" \/>\n<meta property=\"og:description\" content=\"Adapter systemowy KDS 150 ze z\u0142\u0105czk\u0105 do w\u0119\u017ca wraz z po\u0142\u0105czeniem bagnetowym oraz z\u0142\u0105czk\u0105 do w\u0119\u017ca z zabezpieczeniem przed przekr\u0119ceniem.\" \/>\n<meta property=\"og:url\" content=\"https:\/\/ugwp.cfolks.pl\/bwb\/produkt\/adapter-systemowy-kraso-kds-150-ze-zlaczka-do-weza\/\" \/>\n<meta property=\"og:site_name\" content=\"BWB technology\" \/>\n<meta property=\"article:modified_time\" content=\"2023-09-09T13:22:15+00:00\" \/>\n<meta property=\"og:image\" content=\"https:\/\/ugwp.cfolks.pl\/bwb\/wp-content\/uploads\/Adapter-Systemowy-KRASO\u00ae-KDS-150-Ze-Zlaczka-Do-Weza-1.jpg\" \/>\n\t<meta property=\"og:image:width\" content=\"1100\" \/>\n\t<meta property=\"og:image:height\" content=\"810\" \/>\n\t<meta property=\"og:image:type\" content=\"image\/jpeg\" \/>\n<meta name=\"twitter:card\" content=\"summary_large_image\" \/>\n<script type=\"application\/ld+json\" class=\"yoast-schema-graph\">{\"@context\":\"https:\\\/\\\/schema.org\",\"@graph\":[{\"@type\":\"WebPage\",\"@id\":\"https:\\\/\\\/ugwp.cfolks.pl\\\/bwb\\\/produkt\\\/adapter-systemowy-kraso-kds-150-ze-zlaczka-do-weza\\\/\",\"url\":\"https:\\\/\\\/ugwp.cfolks.pl\\\/bwb\\\/produkt\\\/adapter-systemowy-kraso-kds-150-ze-zlaczka-do-weza\\\/\",\"name\":\"Adapter Systemowy KRASO\u00ae KDS 150 Ze Z\u0142\u0105czk\u0105 Do W\u0119\u017ca\",\"isPartOf\":{\"@id\":\"https:\\\/\\\/ugwp.cfolks.pl\\\/bwb\\\/#website\"},\"primaryImageOfPage\":{\"@id\":\"https:\\\/\\\/ugwp.cfolks.pl\\\/bwb\\\/produkt\\\/adapter-systemowy-kraso-kds-150-ze-zlaczka-do-weza\\\/#primaryimage\"},\"image\":{\"@id\":\"https:\\\/\\\/ugwp.cfolks.pl\\\/bwb\\\/produkt\\\/adapter-systemowy-kraso-kds-150-ze-zlaczka-do-weza\\\/#primaryimage\"},\"thumbnailUrl\":\"https:\\\/\\\/ugwp.cfolks.pl\\\/bwb\\\/wp-content\\\/uploads\\\/Adapter-Systemowy-KRASO\u00ae-KDS-150-Ze-Zlaczka-Do-Weza-1.jpg\",\"datePublished\":\"2022-10-13T12:20:31+00:00\",\"dateModified\":\"2023-09-09T13:22:15+00:00\",\"description\":\"Adapter systemowy KDS 150 ze z\u0142\u0105czk\u0105 do w\u0119\u017ca wraz z po\u0142\u0105czeniem bagnetowym oraz z\u0142\u0105czk\u0105 do w\u0119\u017ca z zabezpieczeniem przed przekr\u0119ceniem.\",\"breadcrumb\":{\"@id\":\"https:\\\/\\\/ugwp.cfolks.pl\\\/bwb\\\/produkt\\\/adapter-systemowy-kraso-kds-150-ze-zlaczka-do-weza\\\/#breadcrumb\"},\"inLanguage\":\"pl-PL\",\"potentialAction\":[{\"@type\":\"ReadAction\",\"target\":[\"https:\\\/\\\/ugwp.cfolks.pl\\\/bwb\\\/produkt\\\/adapter-systemowy-kraso-kds-150-ze-zlaczka-do-weza\\\/\"]}]},{\"@type\":\"ImageObject\",\"inLanguage\":\"pl-PL\",\"@id\":\"https:\\\/\\\/ugwp.cfolks.pl\\\/bwb\\\/produkt\\\/adapter-systemowy-kraso-kds-150-ze-zlaczka-do-weza\\\/#primaryimage\",\"url\":\"https:\\\/\\\/ugwp.cfolks.pl\\\/bwb\\\/wp-content\\\/uploads\\\/Adapter-Systemowy-KRASO\u00ae-KDS-150-Ze-Zlaczka-Do-Weza-1.jpg\",\"contentUrl\":\"https:\\\/\\\/ugwp.cfolks.pl\\\/bwb\\\/wp-content\\\/uploads\\\/Adapter-Systemowy-KRASO\u00ae-KDS-150-Ze-Zlaczka-Do-Weza-1.jpg\",\"width\":1100,\"height\":810,\"caption\":\"Adapter Systemowy KRASO\u00ae KDS 150 Ze Z\u0142\u0105czk\u0105 Do W\u0119\u017ca\"},{\"@type\":\"BreadcrumbList\",\"@id\":\"https:\\\/\\\/ugwp.cfolks.pl\\\/bwb\\\/produkt\\\/adapter-systemowy-kraso-kds-150-ze-zlaczka-do-weza\\\/#breadcrumb\",\"itemListElement\":[{\"@type\":\"ListItem\",\"position\":1,\"name\":\"Strona g\u0142\u00f3wna\",\"item\":\"https:\\\/\\\/ugwp.cfolks.pl\\\/bwb\\\/\"},{\"@type\":\"ListItem\",\"position\":2,\"name\":\"Wodoszczelne Przej\u015bcia Instalacyjne\",\"item\":\"https:\\\/\\\/ugwp.cfolks.pl\\\/bwb\\\/kategoria\\\/wodoszczelne-przejscia-instalacyjne\\\/\"},{\"@type\":\"ListItem\",\"position\":3,\"name\":\"Przepusty kablowe\",\"item\":\"https:\\\/\\\/ugwp.cfolks.pl\\\/bwb\\\/kategoria\\\/wodoszczelne-przejscia-instalacyjne\\\/przepusty-kablowe\\\/\"},{\"@type\":\"ListItem\",\"position\":4,\"name\":\"Adapter Systemowy KRASO\u00ae KDS 150 Ze Z\u0142\u0105czk\u0105 Do W\u0119\u017ca\"}]},{\"@type\":\"WebSite\",\"@id\":\"https:\\\/\\\/ugwp.cfolks.pl\\\/bwb\\\/#website\",\"url\":\"https:\\\/\\\/ugwp.cfolks.pl\\\/bwb\\\/\",\"name\":\"BWB technology\",\"description\":\"Kolejna witryna oparta na WordPressie\",\"potentialAction\":[{\"@type\":\"SearchAction\",\"target\":{\"@type\":\"EntryPoint\",\"urlTemplate\":\"https:\\\/\\\/ugwp.cfolks.pl\\\/bwb\\\/?s={search_term_string}\"},\"query-input\":{\"@type\":\"PropertyValueSpecification\",\"valueRequired\":true,\"valueName\":\"search_term_string\"}}],\"inLanguage\":\"pl-PL\"}]}<\/script>\n<!-- \/ Yoast SEO plugin. -->","yoast_head_json":{"title":"Adapter Systemowy KRASO\u00ae KDS 150 Ze Z\u0142\u0105czk\u0105 Do W\u0119\u017ca","description":"Adapter systemowy KDS 150 ze z\u0142\u0105czk\u0105 do w\u0119\u017ca wraz z po\u0142\u0105czeniem bagnetowym oraz z\u0142\u0105czk\u0105 do w\u0119\u017ca z zabezpieczeniem przed przekr\u0119ceniem.","robots":{"index":"noindex","follow":"follow","max-snippet":"max-snippet:-1","max-image-preview":"max-image-preview:large","max-video-preview":"max-video-preview:-1"},"og_locale":"pl_PL","og_type":"article","og_title":"Adapter Systemowy KRASO\u00ae KDS 150 Ze Z\u0142\u0105czk\u0105 Do W\u0119\u017ca","og_description":"Adapter systemowy KDS 150 ze z\u0142\u0105czk\u0105 do w\u0119\u017ca wraz z po\u0142\u0105czeniem bagnetowym oraz z\u0142\u0105czk\u0105 do w\u0119\u017ca z zabezpieczeniem przed przekr\u0119ceniem.","og_url":"https:\/\/ugwp.cfolks.pl\/bwb\/produkt\/adapter-systemowy-kraso-kds-150-ze-zlaczka-do-weza\/","og_site_name":"BWB technology","article_modified_time":"2023-09-09T13:22:15+00:00","og_image":[{"width":1100,"height":810,"url":"https:\/\/ugwp.cfolks.pl\/bwb\/wp-content\/uploads\/Adapter-Systemowy-KRASO\u00ae-KDS-150-Ze-Zlaczka-Do-Weza-1.jpg","type":"image\/jpeg"}],"twitter_card":"summary_large_image","schema":{"@context":"https:\/\/schema.org","@graph":[{"@type":"WebPage","@id":"https:\/\/ugwp.cfolks.pl\/bwb\/produkt\/adapter-systemowy-kraso-kds-150-ze-zlaczka-do-weza\/","url":"https:\/\/ugwp.cfolks.pl\/bwb\/produkt\/adapter-systemowy-kraso-kds-150-ze-zlaczka-do-weza\/","name":"Adapter Systemowy KRASO\u00ae KDS 150 Ze Z\u0142\u0105czk\u0105 Do W\u0119\u017ca","isPartOf":{"@id":"https:\/\/ugwp.cfolks.pl\/bwb\/#website"},"primaryImageOfPage":{"@id":"https:\/\/ugwp.cfolks.pl\/bwb\/produkt\/adapter-systemowy-kraso-kds-150-ze-zlaczka-do-weza\/#primaryimage"},"image":{"@id":"https:\/\/ugwp.cfolks.pl\/bwb\/produkt\/adapter-systemowy-kraso-kds-150-ze-zlaczka-do-weza\/#primaryimage"},"thumbnailUrl":"https:\/\/ugwp.cfolks.pl\/bwb\/wp-content\/uploads\/Adapter-Systemowy-KRASO\u00ae-KDS-150-Ze-Zlaczka-Do-Weza-1.jpg","datePublished":"2022-10-13T12:20:31+00:00","dateModified":"2023-09-09T13:22:15+00:00","description":"Adapter systemowy KDS 150 ze z\u0142\u0105czk\u0105 do w\u0119\u017ca wraz z po\u0142\u0105czeniem bagnetowym oraz z\u0142\u0105czk\u0105 do w\u0119\u017ca z zabezpieczeniem przed przekr\u0119ceniem.","breadcrumb":{"@id":"https:\/\/ugwp.cfolks.pl\/bwb\/produkt\/adapter-systemowy-kraso-kds-150-ze-zlaczka-do-weza\/#breadcrumb"},"inLanguage":"pl-PL","potentialAction":[{"@type":"ReadAction","target":["https:\/\/ugwp.cfolks.pl\/bwb\/produkt\/adapter-systemowy-kraso-kds-150-ze-zlaczka-do-weza\/"]}]},{"@type":"ImageObject","inLanguage":"pl-PL","@id":"https:\/\/ugwp.cfolks.pl\/bwb\/produkt\/adapter-systemowy-kraso-kds-150-ze-zlaczka-do-weza\/#primaryimage","url":"https:\/\/ugwp.cfolks.pl\/bwb\/wp-content\/uploads\/Adapter-Systemowy-KRASO\u00ae-KDS-150-Ze-Zlaczka-Do-Weza-1.jpg","contentUrl":"https:\/\/ugwp.cfolks.pl\/bwb\/wp-content\/uploads\/Adapter-Systemowy-KRASO\u00ae-KDS-150-Ze-Zlaczka-Do-Weza-1.jpg","width":1100,"height":810,"caption":"Adapter Systemowy KRASO\u00ae KDS 150 Ze Z\u0142\u0105czk\u0105 Do W\u0119\u017ca"},{"@type":"BreadcrumbList","@id":"https:\/\/ugwp.cfolks.pl\/bwb\/produkt\/adapter-systemowy-kraso-kds-150-ze-zlaczka-do-weza\/#breadcrumb","itemListElement":[{"@type":"ListItem","position":1,"name":"Strona g\u0142\u00f3wna","item":"https:\/\/ugwp.cfolks.pl\/bwb\/"},{"@type":"ListItem","position":2,"name":"Wodoszczelne Przej\u015bcia Instalacyjne","item":"https:\/\/ugwp.cfolks.pl\/bwb\/kategoria\/wodoszczelne-przejscia-instalacyjne\/"},{"@type":"ListItem","position":3,"name":"Przepusty kablowe","item":"https:\/\/ugwp.cfolks.pl\/bwb\/kategoria\/wodoszczelne-przejscia-instalacyjne\/przepusty-kablowe\/"},{"@type":"ListItem","position":4,"name":"Adapter Systemowy KRASO\u00ae KDS 150 Ze Z\u0142\u0105czk\u0105 Do W\u0119\u017ca"}]},{"@type":"WebSite","@id":"https:\/\/ugwp.cfolks.pl\/bwb\/#website","url":"https:\/\/ugwp.cfolks.pl\/bwb\/","name":"BWB technology","description":"Kolejna witryna oparta na WordPressie","potentialAction":[{"@type":"SearchAction","target":{"@type":"EntryPoint","urlTemplate":"https:\/\/ugwp.cfolks.pl\/bwb\/?s={search_term_string}"},"query-input":{"@type":"PropertyValueSpecification","valueRequired":true,"valueName":"search_term_string"}}],"inLanguage":"pl-PL"}]}},"_links":{"self":[{"href":"https:\/\/ugwp.cfolks.pl\/bwb\/wp-json\/wp\/v2\/product\/2006","targetHints":{"allow":["GET"]}}],"collection":[{"href":"https:\/\/ugwp.cfolks.pl\/bwb\/wp-json\/wp\/v2\/product"}],"about":[{"href":"https:\/\/ugwp.cfolks.pl\/bwb\/wp-json\/wp\/v2\/types\/product"}],"wp:featuredmedia":[{"embeddable":true,"href":"https:\/\/ugwp.cfolks.pl\/bwb\/wp-json\/wp\/v2\/media\/3802"}],"wp:attachment":[{"href":"https:\/\/ugwp.cfolks.pl\/bwb\/wp-json\/wp\/v2\/media?parent=2006"}],"wp:term":[{"taxonomy":"product_cat","embeddable":true,"href":"https:\/\/ugwp.cfolks.pl\/bwb\/wp-json\/wp\/v2\/product_cat?post=2006"},{"taxonomy":"product_tag","embeddable":true,"href":"https:\/\/ugwp.cfolks.pl\/bwb\/wp-json\/wp\/v2\/product_tag?post=2006"}],"curies":[{"name":"wp","href":"https:\/\/api.w.org\/{rel}","templated":true}]}}