{"id":4590,"date":"2023-11-12T05:41:43","date_gmt":"2023-11-12T04:41:43","guid":{"rendered":"https:\/\/ugwp.cfolks.pl\/bwb\/?page_id=4590"},"modified":"2026-02-04T15:59:36","modified_gmt":"2026-02-04T14:59:36","slug":"profile-podlogowe-z-wkladka-elastomerowa","status":"publish","type":"page","link":"https:\/\/ugwp.cfolks.pl\/bwb\/profile-dylatacyjne\/profile-podlogowe-z-wkladka-elastomerowa\/","title":{"rendered":"Profile pod\u0142ogowe z wk\u0142adk\u0105 elastomerow\u0105"},"content":{"rendered":"<div class=\"row kategoria-produktow\">\n<div class=\"col-lg-3\"><a href=\"https:\/\/ugwp.cfolks.pl\/bwb\/produkt\/deflex-489-ce-i-489-cm\/\"><img decoding=\"async\" width=\"100%\" height=\"auto\" src=\"https:\/\/ugwp.cfolks.pl\/bwb\/wp-content\/uploads\/DEFLEX-489ce-489cm.jpg\" loading=\"lazy\" alt=\"DEFLEX 489\/ce i 489\/cm\"\/><\/p>\n<h2>DEFLEX 489\/ce i 489\/cm<\/h2>\n<p><\/a><\/div>\n<div class=\"col-lg-3\"><a href=\"https:\/\/ugwp.cfolks.pl\/bwb\/produkt\/deflex-489-c\/\"><img decoding=\"async\" width=\"100%\" height=\"auto\" src=\"https:\/\/ugwp.cfolks.pl\/bwb\/wp-content\/uploads\/DEFLEX-489c.jpg\" loading=\"lazy\" alt=\"DEFLEX 489\/c\"\/><\/p>\n<h2>DEFLEX 489\/c<\/h2>\n<p><\/a><\/div>\n<div class=\"col-lg-3\"><a href=\"https:\/\/ugwp.cfolks.pl\/bwb\/produkt\/deflex-488\/\"><img decoding=\"async\" width=\"100%\" height=\"auto\" src=\"https:\/\/ugwp.cfolks.pl\/bwb\/wp-content\/uploads\/DEFLEX-488.jpg\" loading=\"lazy\" alt=\"DEFLEX 488\"\/><\/p>\n<h2 >DEFLEX 488<\/h2>\n<p><\/a><\/div>\n<div class=\"col-lg-3\"><a href=\"https:\/\/ugwp.cfolks.pl\/bwb\/produkt\/deflex-446-nv\/\"><img decoding=\"async\" width=\"100%\" height=\"auto\" src=\"https:\/\/ugwp.cfolks.pl\/bwb\/wp-content\/uploads\/DEFLEX446NV.jpg\" loading=\"lazy\" alt=\"DEFLEX 446\/NV\"\/><\/p>\n<h2>DEFLEX 446\/NV<\/h2>\n<p><\/a><\/div>\n<div class=\"col-lg-3\"><a href=\"https:\/\/ugwp.cfolks.pl\/bwb\/produkt\/deflex-446-tn\/\"><img decoding=\"async\" width=\"100%\" height=\"auto\" src=\"https:\/\/ugwp.cfolks.pl\/bwb\/wp-content\/uploads\/DEFLEX-446TN.jpg\" loading=\"lazy\" alt=\"DEFLEX 446\/TN\"\/><\/p>\n<h2>DEFLEX 446\/TN<\/h2>\n<p><\/a><\/div>\n<div class=\"col-lg-3\"><a href=\"https:\/\/ugwp.cfolks.pl\/bwb\/produkt\/deflex-446-n\/\"><img decoding=\"async\" width=\"100%\" height=\"auto\" src=\"https:\/\/ugwp.cfolks.pl\/bwb\/wp-content\/uploads\/DEFLEX-446N.jpg\"   loading=\"lazy\" alt=\"DEFLEX 446\/N\" \/><\/p>\n<h2 >DEFLEX 446\/N<\/h2>\n<p><\/a><\/div>\n<div class=\"col-lg-3\"><a href=\"https:\/\/ugwp.cfolks.pl\/bwb\/produkt\/deflex-446-cxl\/\"><img decoding=\"async\" width=\"100%\" height=\"auto\" src=\"https:\/\/ugwp.cfolks.pl\/bwb\/wp-content\/uploads\/DEFLEX-446cxl.jpg\" loading=\"lazy\" alt=\"DEFLEX 446\/cxl\"\/><\/p>\n<h2>DEFLEX 446\/cxl<\/h2>\n<p><\/a><\/div>\n<div class=\"col-lg-3\"><a href=\"https:\/\/ugwp.cfolks.pl\/bwb\/produkt\/deflex-446-cpe-i-446-cpm\/\"><img decoding=\"async\" width=\"100%\" height=\"auto\" src=\"https:\/\/ugwp.cfolks.pl\/bwb\/wp-content\/uploads\/DEFLEX-446cPe.jpg\"   loading=\"lazy\" alt=\"DEFLEX 446\/cPe i 446\/cPm\" \/><\/p>\n<h2 >DEFLEX 446\/cPe i 446\/cPm<\/h2>\n<p><\/a><\/div>\n<div class=\"col-lg-3\"><a href=\"https:\/\/ugwp.cfolks.pl\/bwb\/produkt\/deflex-446-cp\/\"><img decoding=\"async\" width=\"100%\" height=\"auto\" src=\"https:\/\/ugwp.cfolks.pl\/bwb\/wp-content\/uploads\/DEFLEX-446cP.jpg\" loading=\"lazy\" alt=\"DEFLEX 446\/cP\"\/><\/p>\n<h2>DEFLEX 446\/cP<\/h2>\n<p><\/a><\/div>\n<div class=\"col-lg-3\"><a href=\"https:\/\/ugwp.cfolks.pl\/bwb\/produkt\/deflex-446-cl\/\"><img decoding=\"async\" width=\"100%\" height=\"auto\" src=\"https:\/\/ugwp.cfolks.pl\/bwb\/wp-content\/uploads\/DEFLEX-446cl.jpg\" loading=\"lazy\" alt=\"DEFLEX 446\/cl\"\/><\/p>\n<h2>DEFLEX 446\/cl<\/h2>\n<p><\/a><\/div>\n<div class=\"col-lg-3\"><a href=\"https:\/\/ugwp.cfolks.pl\/bwb\/produkt\/deflex-446-tc\/\"><img decoding=\"async\" width=\"100%\" height=\"auto\" src=\"https:\/\/ugwp.cfolks.pl\/bwb\/wp-content\/uploads\/DEFLEX-446Tc.jpg\"   loading=\"lazy\" alt=\"DEFLEX 446\/Tc\" \/><\/p>\n<h2 >DEFLEX 446\/Tc<\/h2>\n<p><\/a><\/div>\n<div class=\"col-lg-3\"><a href=\"https:\/\/ugwp.cfolks.pl\/bwb\/produkt\/deflex-446-c\/\"><img decoding=\"async\" width=\"100%\" height=\"auto\" src=\"https:\/\/ugwp.cfolks.pl\/bwb\/wp-content\/uploads\/DEFLEX-446c.jpg\" loading=\"lazy\" alt=\"DEFLEX 446\/c\"\/><\/p>\n<h2 >DEFLEX 446\/c<\/h2>\n<p><\/a><\/div>\n<div class=\"col-lg-3\"><a href=\"https:\/\/ugwp.cfolks.pl\/bwb\/produkt\/deflex-446-tb\/\"><img decoding=\"async\" width=\"100%\" height=\"auto\" src=\"https:\/\/ugwp.cfolks.pl\/bwb\/wp-content\/uploads\/DEFLEX-446Tb.jpg\" loading=\"lazy\" alt=\"DEFLEX 446\/Tb\"\/><\/p>\n<h2>DEFLEX 446\/Tb<\/h2>\n<p><\/a><\/div>\n<div class=\"col-lg-3\"><a href=\"https:\/\/ugwp.cfolks.pl\/bwb\/produkt\/deflex-446-b\/\"><img decoding=\"async\" width=\"100%\" height=\"auto\" src=\"https:\/\/ugwp.cfolks.pl\/bwb\/wp-content\/uploads\/DEFLEX-446b.jpg\" loading=\"lazy\" alt=\"DEFLEX 446\/b\"\/><\/p>\n<h2>DEFLEX 446\/b<\/h2>\n<p><\/a><\/div>\n<div class=\"col-lg-3\"><a href=\"https:\/\/ugwp.cfolks.pl\/bwb\/produkt\/deflex-446-ta\/\"><img decoding=\"async\" width=\"100%\" height=\"auto\" src=\"https:\/\/ugwp.cfolks.pl\/bwb\/wp-content\/uploads\/DEFLEX-446Ta.jpg\" loading=\"lazy\" alt=\"DEFLEX 446\/Ta\"\/><\/p>\n<h2 >DEFLEX 446\/Ta<\/h2>\n<p><\/a><\/div>\n<div class=\"col-lg-3\"><a href=\"https:\/\/ugwp.cfolks.pl\/bwb\/produkt\/deflex-446-a\/\"><img decoding=\"async\" width=\"100%\" height=\"auto\" src=\"https:\/\/ugwp.cfolks.pl\/bwb\/wp-content\/uploads\/DEFLEX-446a.jpg\" loading=\"lazy\" alt=\"DEFLEX 446\/a\"\/><\/p>\n<h2>DEFLEX 446\/a<\/h2>\n<p><\/a><\/div>\n<div class=\"col-lg-3\"><a href=\"https:\/\/ugwp.cfolks.pl\/bwb\/produkt\/deflex-445-e-i-445-m\/\"><img decoding=\"async\" width=\"100%\" height=\"auto\" src=\"https:\/\/ugwp.cfolks.pl\/bwb\/wp-content\/uploads\/DEFLEX-445m.jpg\" loading=\"lazy\" alt=\"DEFLEX 445\/e i 445\/m\"\/><\/p>\n<h2>DEFLEX 445\/e i 445\/m<\/h2>\n<p><\/a><\/div>\n<div class=\"col-lg-3\"><a href=\"https:\/\/ugwp.cfolks.pl\/bwb\/produkt\/deflex-445\/\"><img decoding=\"async\" width=\"100%\" height=\"auto\" src=\"https:\/\/ugwp.cfolks.pl\/bwb\/wp-content\/uploads\/DEFLEX-445.jpg\" loading=\"lazy\" alt=\"DEFLEX 445\"\/><\/p>\n<h2>DEFLEX 445<\/h2>\n<p><\/a><\/div>\n<div class=\"col-lg-3\"><a href=\"https:\/\/ugwp.cfolks.pl\/bwb\/produkt\/deflex-428\/\"><img decoding=\"async\" width=\"100%\" height=\"auto\" src=\"https:\/\/ugwp.cfolks.pl\/bwb\/wp-content\/uploads\/DEFLEX-428.jpg\" loading=\"lazy\" alt=\"DEFLEX 428\"\/><\/p>\n<h2 >DEFLEX 428<\/h2>\n<p><\/a><\/div>\n<div class=\"col-lg-3\"><a href=\"https:\/\/ugwp.cfolks.pl\/bwb\/produkt\/deflex-426-ng\/\"><img decoding=\"async\" width=\"100%\" height=\"auto\" src=\"https:\/\/ugwp.cfolks.pl\/bwb\/wp-content\/uploads\/DEFLEX-426NG.jpg\" loading=\"lazy\" alt=\"DEFLEX 426\/NG\"\/><\/p>\n<h2>DEFLEX 426\/NG<\/h2>\n<p><\/a><\/div>\n<div class=\"col-lg-3\"><a href=\"https:\/\/ugwp.cfolks.pl\/bwb\/produkt\/deflex-426-g\/\"><img decoding=\"async\" width=\"100%\" height=\"auto\" src=\"https:\/\/ugwp.cfolks.pl\/bwb\/wp-content\/uploads\/DEFLEX-426G.jpg\" loading=\"lazy\" alt=\"DEFLEX 426\/G\"\/><\/p>\n<h2>DEFLEX 426\/G<\/h2>\n<p><\/a><\/div>\n<div class=\"col-lg-3\"><a href=\"https:\/\/ugwp.cfolks.pl\/bwb\/produkt\/deflex-414\/\"><img decoding=\"async\" width=\"100%\" height=\"auto\" src=\"https:\/\/ugwp.cfolks.pl\/bwb\/wp-content\/uploads\/DEFLEX-414.jpg\" loading=\"lazy\" alt=\"DEFLEX 414\"\/><\/p>\n<h2>DEFLEX 414<\/h2>\n<p><\/a><\/div>\n<\/div>\n","protected":false},"excerpt":{"rendered":"<p>DEFLEX 489\/ce i 489\/cm DEFLEX 489\/c DEFLEX 488 DEFLEX 446\/NV DEFLEX 446\/TN DEFLEX 446\/N DEFLEX 446\/cxl DEFLEX 446\/cPe i 446\/cPm DEFLEX 446\/cP DEFLEX 446\/cl DEFLEX 446\/Tc DEFLEX 446\/c DEFLEX 446\/Tb DEFLEX 446\/b DEFLEX 446\/Ta DEFLEX 446\/a DEFLEX 445\/e i 445\/m DEFLEX 445 DEFLEX 428 DEFLEX 426\/NG DEFLEX 426\/G DEFLEX 414<\/p>\n","protected":false},"author":1,"featured_media":0,"parent":3483,"menu_order":0,"comment_status":"closed","ping_status":"closed","template":"page-kategoria-produktow.php","meta":{"_acf_changed":false,"footnotes":""},"class_list":["post-4590","page","type-page","status-publish","hentry"],"acf":[],"yoast_head":"<!-- This site is optimized with the Yoast SEO plugin v27.3 - https:\/\/yoast.com\/product\/yoast-seo-wordpress\/ -->\n<title>Wytrzyma\u0142e Profile Pod\u0142ogowe z Wk\u0142adk\u0105 Elastomerow\u0105!<\/title>\n<meta name=\"description\" content=\"Odkryj stylowe profile pod\u0142ogowe z wk\u0142adk\u0105 elastomerow\u0105. Nowoczesne rozwi\u0105zania dla estetycznego wyko\u0144czenia wn\u0119trza. Sprawd\u017a nasz\u0105 ofert\u0119!\" \/>\n<meta name=\"robots\" content=\"noindex, follow, max-snippet:-1, max-image-preview:large, max-video-preview:-1\" \/>\n<meta property=\"og:locale\" content=\"pl_PL\" \/>\n<meta property=\"og:type\" content=\"article\" \/>\n<meta property=\"og:title\" content=\"Wytrzyma\u0142e Profile Pod\u0142ogowe z Wk\u0142adk\u0105 Elastomerow\u0105!\" \/>\n<meta property=\"og:description\" content=\"Odkryj stylowe profile pod\u0142ogowe z wk\u0142adk\u0105 elastomerow\u0105. Nowoczesne rozwi\u0105zania dla estetycznego wyko\u0144czenia wn\u0119trza. Sprawd\u017a nasz\u0105 ofert\u0119!\" \/>\n<meta property=\"og:url\" content=\"https:\/\/ugwp.cfolks.pl\/bwb\/profile-dylatacyjne\/profile-podlogowe-z-wkladka-elastomerowa\/\" \/>\n<meta property=\"og:site_name\" content=\"BWB technology\" \/>\n<meta property=\"article:modified_time\" content=\"2026-02-04T14:59:36+00:00\" \/>\n<meta property=\"og:image\" content=\"https:\/\/ugwp.cfolks.pl\/bwb\/wp-content\/uploads\/DEFLEX-489ce-489cm.jpg\" \/>\n<meta name=\"twitter:card\" content=\"summary_large_image\" \/>\n<meta name=\"twitter:label1\" content=\"Szacowany czas czytania\" \/>\n\t<meta name=\"twitter:data1\" content=\"5 minut\" \/>\n<script type=\"application\/ld+json\" class=\"yoast-schema-graph\">{\"@context\":\"https:\\\/\\\/schema.org\",\"@graph\":[{\"@type\":\"WebPage\",\"@id\":\"https:\\\/\\\/ugwp.cfolks.pl\\\/bwb\\\/profile-dylatacyjne\\\/profile-podlogowe-z-wkladka-elastomerowa\\\/\",\"url\":\"https:\\\/\\\/ugwp.cfolks.pl\\\/bwb\\\/profile-dylatacyjne\\\/profile-podlogowe-z-wkladka-elastomerowa\\\/\",\"name\":\"Wytrzyma\u0142e Profile Pod\u0142ogowe z Wk\u0142adk\u0105 Elastomerow\u0105!\",\"isPartOf\":{\"@id\":\"https:\\\/\\\/ugwp.cfolks.pl\\\/bwb\\\/#website\"},\"primaryImageOfPage\":{\"@id\":\"https:\\\/\\\/ugwp.cfolks.pl\\\/bwb\\\/profile-dylatacyjne\\\/profile-podlogowe-z-wkladka-elastomerowa\\\/#primaryimage\"},\"image\":{\"@id\":\"https:\\\/\\\/ugwp.cfolks.pl\\\/bwb\\\/profile-dylatacyjne\\\/profile-podlogowe-z-wkladka-elastomerowa\\\/#primaryimage\"},\"thumbnailUrl\":\"https:\\\/\\\/ugwp.cfolks.pl\\\/bwb\\\/wp-content\\\/uploads\\\/DEFLEX-489ce-489cm.jpg\",\"datePublished\":\"2023-11-12T04:41:43+00:00\",\"dateModified\":\"2026-02-04T14:59:36+00:00\",\"description\":\"Odkryj stylowe profile pod\u0142ogowe z wk\u0142adk\u0105 elastomerow\u0105. Nowoczesne rozwi\u0105zania dla estetycznego wyko\u0144czenia wn\u0119trza. Sprawd\u017a nasz\u0105 ofert\u0119!\",\"breadcrumb\":{\"@id\":\"https:\\\/\\\/ugwp.cfolks.pl\\\/bwb\\\/profile-dylatacyjne\\\/profile-podlogowe-z-wkladka-elastomerowa\\\/#breadcrumb\"},\"inLanguage\":\"pl-PL\",\"potentialAction\":[{\"@type\":\"ReadAction\",\"target\":[\"https:\\\/\\\/ugwp.cfolks.pl\\\/bwb\\\/profile-dylatacyjne\\\/profile-podlogowe-z-wkladka-elastomerowa\\\/\"]}]},{\"@type\":\"ImageObject\",\"inLanguage\":\"pl-PL\",\"@id\":\"https:\\\/\\\/ugwp.cfolks.pl\\\/bwb\\\/profile-dylatacyjne\\\/profile-podlogowe-z-wkladka-elastomerowa\\\/#primaryimage\",\"url\":\"https:\\\/\\\/ugwp.cfolks.pl\\\/bwb\\\/wp-content\\\/uploads\\\/DEFLEX-489ce-489cm.jpg\",\"contentUrl\":\"https:\\\/\\\/ugwp.cfolks.pl\\\/bwb\\\/wp-content\\\/uploads\\\/DEFLEX-489ce-489cm.jpg\",\"width\":1100,\"height\":810,\"caption\":\"Profil dylatacyjny DEFLEX 489\\\/ce i 489\\\/cm\"},{\"@type\":\"BreadcrumbList\",\"@id\":\"https:\\\/\\\/ugwp.cfolks.pl\\\/bwb\\\/profile-dylatacyjne\\\/profile-podlogowe-z-wkladka-elastomerowa\\\/#breadcrumb\",\"itemListElement\":[{\"@type\":\"ListItem\",\"position\":1,\"name\":\"Strona g\u0142\u00f3wna\",\"item\":\"https:\\\/\\\/ugwp.cfolks.pl\\\/bwb\\\/\"},{\"@type\":\"ListItem\",\"position\":2,\"name\":\"Profile Dylatacyjne\",\"item\":\"https:\\\/\\\/ugwp.cfolks.pl\\\/bwb\\\/profile-dylatacyjne\\\/\"},{\"@type\":\"ListItem\",\"position\":3,\"name\":\"Profile pod\u0142ogowe z wk\u0142adk\u0105 elastomerow\u0105\"}]},{\"@type\":\"WebSite\",\"@id\":\"https:\\\/\\\/ugwp.cfolks.pl\\\/bwb\\\/#website\",\"url\":\"https:\\\/\\\/ugwp.cfolks.pl\\\/bwb\\\/\",\"name\":\"BWB technology\",\"description\":\"Kolejna witryna oparta na WordPressie\",\"potentialAction\":[{\"@type\":\"SearchAction\",\"target\":{\"@type\":\"EntryPoint\",\"urlTemplate\":\"https:\\\/\\\/ugwp.cfolks.pl\\\/bwb\\\/?s={search_term_string}\"},\"query-input\":{\"@type\":\"PropertyValueSpecification\",\"valueRequired\":true,\"valueName\":\"search_term_string\"}}],\"inLanguage\":\"pl-PL\"}]}<\/script>\n<!-- \/ Yoast SEO plugin. -->","yoast_head_json":{"title":"Wytrzyma\u0142e Profile Pod\u0142ogowe z Wk\u0142adk\u0105 Elastomerow\u0105!","description":"Odkryj stylowe profile pod\u0142ogowe z wk\u0142adk\u0105 elastomerow\u0105. Nowoczesne rozwi\u0105zania dla estetycznego wyko\u0144czenia wn\u0119trza. Sprawd\u017a nasz\u0105 ofert\u0119!","robots":{"index":"noindex","follow":"follow","max-snippet":"max-snippet:-1","max-image-preview":"max-image-preview:large","max-video-preview":"max-video-preview:-1"},"og_locale":"pl_PL","og_type":"article","og_title":"Wytrzyma\u0142e Profile Pod\u0142ogowe z Wk\u0142adk\u0105 Elastomerow\u0105!","og_description":"Odkryj stylowe profile pod\u0142ogowe z wk\u0142adk\u0105 elastomerow\u0105. Nowoczesne rozwi\u0105zania dla estetycznego wyko\u0144czenia wn\u0119trza. Sprawd\u017a nasz\u0105 ofert\u0119!","og_url":"https:\/\/ugwp.cfolks.pl\/bwb\/profile-dylatacyjne\/profile-podlogowe-z-wkladka-elastomerowa\/","og_site_name":"BWB technology","article_modified_time":"2026-02-04T14:59:36+00:00","og_image":[{"url":"https:\/\/ugwp.cfolks.pl\/bwb\/wp-content\/uploads\/DEFLEX-489ce-489cm.jpg","type":"","width":"","height":""}],"twitter_card":"summary_large_image","twitter_misc":{"Szacowany czas czytania":"5 minut"},"schema":{"@context":"https:\/\/schema.org","@graph":[{"@type":"WebPage","@id":"https:\/\/ugwp.cfolks.pl\/bwb\/profile-dylatacyjne\/profile-podlogowe-z-wkladka-elastomerowa\/","url":"https:\/\/ugwp.cfolks.pl\/bwb\/profile-dylatacyjne\/profile-podlogowe-z-wkladka-elastomerowa\/","name":"Wytrzyma\u0142e Profile Pod\u0142ogowe z Wk\u0142adk\u0105 Elastomerow\u0105!","isPartOf":{"@id":"https:\/\/ugwp.cfolks.pl\/bwb\/#website"},"primaryImageOfPage":{"@id":"https:\/\/ugwp.cfolks.pl\/bwb\/profile-dylatacyjne\/profile-podlogowe-z-wkladka-elastomerowa\/#primaryimage"},"image":{"@id":"https:\/\/ugwp.cfolks.pl\/bwb\/profile-dylatacyjne\/profile-podlogowe-z-wkladka-elastomerowa\/#primaryimage"},"thumbnailUrl":"https:\/\/ugwp.cfolks.pl\/bwb\/wp-content\/uploads\/DEFLEX-489ce-489cm.jpg","datePublished":"2023-11-12T04:41:43+00:00","dateModified":"2026-02-04T14:59:36+00:00","description":"Odkryj stylowe profile pod\u0142ogowe z wk\u0142adk\u0105 elastomerow\u0105. Nowoczesne rozwi\u0105zania dla estetycznego wyko\u0144czenia wn\u0119trza. Sprawd\u017a nasz\u0105 ofert\u0119!","breadcrumb":{"@id":"https:\/\/ugwp.cfolks.pl\/bwb\/profile-dylatacyjne\/profile-podlogowe-z-wkladka-elastomerowa\/#breadcrumb"},"inLanguage":"pl-PL","potentialAction":[{"@type":"ReadAction","target":["https:\/\/ugwp.cfolks.pl\/bwb\/profile-dylatacyjne\/profile-podlogowe-z-wkladka-elastomerowa\/"]}]},{"@type":"ImageObject","inLanguage":"pl-PL","@id":"https:\/\/ugwp.cfolks.pl\/bwb\/profile-dylatacyjne\/profile-podlogowe-z-wkladka-elastomerowa\/#primaryimage","url":"https:\/\/ugwp.cfolks.pl\/bwb\/wp-content\/uploads\/DEFLEX-489ce-489cm.jpg","contentUrl":"https:\/\/ugwp.cfolks.pl\/bwb\/wp-content\/uploads\/DEFLEX-489ce-489cm.jpg","width":1100,"height":810,"caption":"Profil dylatacyjny DEFLEX 489\/ce i 489\/cm"},{"@type":"BreadcrumbList","@id":"https:\/\/ugwp.cfolks.pl\/bwb\/profile-dylatacyjne\/profile-podlogowe-z-wkladka-elastomerowa\/#breadcrumb","itemListElement":[{"@type":"ListItem","position":1,"name":"Strona g\u0142\u00f3wna","item":"https:\/\/ugwp.cfolks.pl\/bwb\/"},{"@type":"ListItem","position":2,"name":"Profile Dylatacyjne","item":"https:\/\/ugwp.cfolks.pl\/bwb\/profile-dylatacyjne\/"},{"@type":"ListItem","position":3,"name":"Profile pod\u0142ogowe z wk\u0142adk\u0105 elastomerow\u0105"}]},{"@type":"WebSite","@id":"https:\/\/ugwp.cfolks.pl\/bwb\/#website","url":"https:\/\/ugwp.cfolks.pl\/bwb\/","name":"BWB technology","description":"Kolejna witryna oparta na WordPressie","potentialAction":[{"@type":"SearchAction","target":{"@type":"EntryPoint","urlTemplate":"https:\/\/ugwp.cfolks.pl\/bwb\/?s={search_term_string}"},"query-input":{"@type":"PropertyValueSpecification","valueRequired":true,"valueName":"search_term_string"}}],"inLanguage":"pl-PL"}]}},"_links":{"self":[{"href":"https:\/\/ugwp.cfolks.pl\/bwb\/wp-json\/wp\/v2\/pages\/4590","targetHints":{"allow":["GET"]}}],"collection":[{"href":"https:\/\/ugwp.cfolks.pl\/bwb\/wp-json\/wp\/v2\/pages"}],"about":[{"href":"https:\/\/ugwp.cfolks.pl\/bwb\/wp-json\/wp\/v2\/types\/page"}],"author":[{"embeddable":true,"href":"https:\/\/ugwp.cfolks.pl\/bwb\/wp-json\/wp\/v2\/users\/1"}],"replies":[{"embeddable":true,"href":"https:\/\/ugwp.cfolks.pl\/bwb\/wp-json\/wp\/v2\/comments?post=4590"}],"version-history":[{"count":17,"href":"https:\/\/ugwp.cfolks.pl\/bwb\/wp-json\/wp\/v2\/pages\/4590\/revisions"}],"predecessor-version":[{"id":7305,"href":"https:\/\/ugwp.cfolks.pl\/bwb\/wp-json\/wp\/v2\/pages\/4590\/revisions\/7305"}],"up":[{"embeddable":true,"href":"https:\/\/ugwp.cfolks.pl\/bwb\/wp-json\/wp\/v2\/pages\/3483"}],"wp:attachment":[{"href":"https:\/\/ugwp.cfolks.pl\/bwb\/wp-json\/wp\/v2\/media?parent=4590"}],"curies":[{"name":"wp","href":"https:\/\/api.w.org\/{rel}","templated":true}]}}