{"id":3483,"date":"2023-02-26T20:45:46","date_gmt":"2023-02-26T19:45:46","guid":{"rendered":"https:\/\/ugwp.cfolks.pl\/bwb\/?page_id=3483"},"modified":"2026-02-10T14:36:45","modified_gmt":"2026-02-10T13:36:45","slug":"profile-dylatacyjne","status":"publish","type":"page","link":"https:\/\/ugwp.cfolks.pl\/bwb\/profile-dylatacyjne\/","title":{"rendered":"Profile Dylatacyjne"},"content":{"rendered":"<div class=\"col-12\"><a href=\"https:\/\/ugwp.cfolks.pl\/bwb\/profile-dylatacyjne\/profile-podlogowe-z-wkladka-elastomerowa\/\"><\/p>\n<h2>Profile pod\u0142ogowe z wk\u0142adk\u0105 elastomerow\u0105<\/h2>\n<p><\/a><\/div>\n<div class=\"col-12 col-lg-6\"><a href=\"https:\/\/ugwp.cfolks.pl\/bwb\/profile-dylatacyjne\/profile-podlogowe-z-wkladka-elastomerowa\/\"><img decoding=\"async\" src=\"https:\/\/ugwp.cfolks.pl\/bwb\/wp-content\/uploads\/Profile-podlogowe-z-wkladka-elastomerowa.jpg\" alt=\"Profile pod\u0142ogowe z wk\u0142adk\u0105 elastomerow\u0105\" width=\"100%\" height=\"auto\" \/><\/a><\/div>\n<div class=\"col-12 col-lg-6\">\n<p class=\"wstep\">Profile pod\u0142ogowe Deflex wykonane z metalu i Nitriflexu (wk\u0142adka elastomerowa) przeznaczone s\u0105 dla ma\u0142ych i \u015brednich obci\u0105\u017ce\u0144 pochodz\u0105cych od w\u00f3zk\u00f3w wid\u0142owych (obci\u0105\u017cenie do 69 kN) oraz samochod\u00f3w ci\u0119\u017carowych (do 300 kN).<\/p>\n<p>Profile charakteryzuj\u0105 si\u0119 estetycznym wygl\u0105dem, mo\u017cliwo\u015bci\u0105 monta\u017cu do wszystkich rodzaj\u00f3w posadzek, a tak\u017ce odporno\u015bci\u0105 na dzia\u0142anie agresywnych medi\u00f3w. <\/p>\n<p>Zakres zastosowania: szczeliny dylatacyjne szeroko\u015bci od 20 do 170 mm, kompensacja ruch\u00f3w szczeliny dylatacyjnej od +\/-2 do +25\/-15 mm, wysoko\u015b\u0107 zabudowy od 15 do 138 mm.<\/p>\n<p>Profile wyst\u0119puj\u0105 r\u00f3wnie\u017c w wersji nak\u0142adkowej oraz naro\u017cnej.<\/p>\n<p><a class=\"zobacz-wiecej\" href=\"https:\/\/ugwp.cfolks.pl\/bwb\/profile-dylatacyjne\/profile-podlogowe-z-wkladka-elastomerowa\/\"><i class=\"fa-sharp fa-solid fa-angle-right\"><\/i> ZOBACZ WI\u0118CEJ<\/a>\n<\/div>\n<div class=\"col-12\"><a href=\"https:\/\/ugwp.cfolks.pl\/bwb\/profile-dylatacyjne\/profile-podlogowe-z-pelnego-metalu\/\"><\/p>\n<h2>Profile pod\u0142ogowe z pe\u0142nego metalu<\/h2>\n<p><\/a><\/div>\n<div class=\"col-12 col-lg-6\">\n<p class=\"wstep\">Profile pod\u0142ogowe Deflex wykonane z pe\u0142nego metalu przeznaczone s\u0105 dla du\u017cych obci\u0105\u017ce\u0144 pochodz\u0105cych od podno\u015bnik\u00f3w paletowych (obci\u0105\u017cenie do 40 kN), w\u00f3zk\u00f3w wid\u0142owych (do 190 kN) oraz samochod\u00f3w ci\u0119\u017carowych (do 600 kN).<\/p>\n<p>Profile charakteryzuj\u0105 si\u0119 estetycznym wygl\u0105dem, mo\u017cliwo\u015bci\u0105 monta\u017cu do wszystkich rodzaj\u00f3w posadzek, przenoszeniem t\u0105pni\u0119\u0107, mo\u017cliwo\u015bci\u0105 zastosowania wk\u0142adek przeciwwilgociowych.<\/p>\n<p>Zakres zastosowania: szczeliny dylatacyjne szeroko\u015bci od 35 do 250 mm, kompensacja ruch\u00f3w szczeliny dylatacyjnej od +\/-5 do +\/-50 mm, wysoko\u015b\u0107 zabudowy od 18,5 do 138 mm.<\/p>\n<p>Profile wyst\u0119puj\u0105 r\u00f3wnie\u017c w wersji nak\u0142adkowej oraz naro\u017cnej.<\/p>\n<p><a class=\"zobacz-wiecej\" href=\"https:\/\/ugwp.cfolks.pl\/bwb\/profile-dylatacyjne\/profile-podlogowe-z-pelnego-metalu\/\"> <i class=\"fa-sharp fa-solid fa-angle-right\"><\/i> ZOBACZ WI\u0118CEJ<\/a><\/div>\n<div class=\"col-12 col-lg-6\"><a href=\"https:\/\/ugwp.cfolks.pl\/bwb\/profile-dylatacyjne\/profile-podlogowe-z-pelnego-metalu\/\"><img decoding=\"async\" src=\"https:\/\/ugwp.cfolks.pl\/bwb\/wp-content\/uploads\/Profile-z-pelnego-aluminium2.jpg\" alt=\"Profile pod\u0142ogowe z pe\u0142nego metalu\" width=\"100%\" height=\"auto\" \/><\/a><\/div>\n<div class=\"col-12\"><a href=\"https:\/\/ugwp.cfolks.pl\/bwb\/profile-dylatacyjne\/profile-sejsmoodporne\/\"><\/p>\n<h2>Profile sejsmoodporne<\/h2>\n<p><\/a><\/div>\n<div class=\"col-12 col-lg-6\"><a href=\"https:\/\/ugwp.cfolks.pl\/bwb\/profile-dylatacyjne\/profile-sejsmoodporne\/\"><img decoding=\"async\" src=\"https:\/\/ugwp.cfolks.pl\/bwb\/wp-content\/uploads\/Profile-sejsmoodporne.jpg\" alt=\"Profile sejsmoodporne\" width=\"100%\" height=\"auto\" \/><\/a><\/div>\n<div class=\"col-12 col-lg-6\">\n<p class=\"wstep\">Profile sejsmoodporne (pod\u0142ogowe) Deflex wykonane z pe\u0142nego metalu lub z metalu i Nitriflexu przeznaczone s\u0105 do zabezpieczenia szerokich szczelin dylatacyjnych w obiektach zagro\u017conych szkodami g\u00f3rniczymi i oddzia\u0142ywaniem sejsmicznym.<\/p>\n<p>Profile charakteryzuj\u0105 si\u0119 estetycznym wygl\u0105dem, mo\u017cliwo\u015bci\u0105 monta\u017cu do wszystkich rodzaj\u00f3w posadzek, t\u0142umieniem ruch\u00f3w pionowych, wymiennymi elementami.<\/p>\n<p>Zakres zastosowania: szczeliny dylatacyjne szeroko\u015bci od 120 do 400 mm, kompensacja ruch\u00f3w szczeliny dylatacyjnej od +\/-8 do +\/-100 mm, wysoko\u015b\u0107 zabudowy od 30 do 88 mm, obci\u0105\u017cenie od samochod\u00f3w osobowych.<\/p>\n<p>Profile wyst\u0119puj\u0105 r\u00f3wnie\u017c w wersji naro\u017cnej.<\/p>\n<p><a class=\"zobacz-wiecej\" href=\"https:\/\/ugwp.cfolks.pl\/bwb\/profile-dylatacyjne\/profile-sejsmoodporne\/\"> <i class=\"fa-sharp fa-solid fa-angle-right\"><\/i> ZOBACZ WI\u0118CEJ<\/a>\n<\/div>\n<div class=\"col-12\"><a href=\"https:\/\/ugwp.cfolks.pl\/bwb\/profile-dylatacyjne\/profile-wodoszczelne\/\"><\/p>\n<h2>Profile wodoszczelne<\/h2>\n<p><\/a><\/div>\n<div class=\"col-12 col-lg-6\">\n<p class=\"wstep\">Profile pod\u0142ogowe Deflex wykonane z metalu i Nitriflexu przeznaczone s\u0105 do zabezpieczenia szczelin dylatacyjnych wymagaj\u0105cych szczeg\u00f3lnego uszczelnienia zar\u00f3wno wewn\u0105trz jak i na zewn\u0105trz obiekt\u00f3w budowlanych.<\/p>\n<p>Profile charakteryzuj\u0105 si\u0119 estetycznym wygl\u0105dem, mo\u017cliwo\u015bci\u0105 wymiany wk\u0142adki uszczelniaj\u0105cej, odporno\u015bci\u0105 na sole drogowe i agresywne media.<\/p>\n<p>Zakres zastosowania: szczeliny dylatacyjne szeroko\u015bci od 30 do 100 mm, kompensacja ruch\u00f3w szczeliny dylatacyjnej od +\/-15 do +\/-40 mm, wysoko\u015b\u0107 zabudowy od 25 do 80 mm, obci\u0105\u017cenie od w\u00f3zk\u00f3w wid\u0142owych (do 46 kN) oraz samochod\u00f3w ci\u0119\u017carowych (do 300 kN).<\/p>\n<p>Profile wyst\u0119puj\u0105 r\u00f3wnie\u017c w wersji naro\u017cnej.<\/p>\n<p><a class=\"zobacz-wiecej\" href=\"https:\/\/ugwp.cfolks.pl\/bwb\/profile-dylatacyjne\/profile-wodoszczelne\/\"> <i class=\"fa-sharp fa-solid fa-angle-right\"><\/i> ZOBACZ WI\u0118CEJ<\/a><\/div>\n<div class=\"col-12 col-lg-6\"><a href=\"https:\/\/ugwp.cfolks.pl\/bwb\/profile-dylatacyjne\/profile-wodoszczelne\/\"><img decoding=\"async\" src=\"https:\/\/ugwp.cfolks.pl\/bwb\/wp-content\/uploads\/Profile-wodoszczelne.jpg\" alt=\"Profile wodoszczelne\" width=\"100%\" height=\"auto\" \/><\/a><\/div>\n<div class=\"col-12\"><a href=\"https:\/\/ugwp.cfolks.pl\/bwb\/profile-dylatacyjne\/profile-dachowe\/\"><\/p>\n<h2>Profile dachowe<\/h2>\n<p><\/a><\/div>\n<div class=\"col-12 col-lg-6\"><a href=\"https:\/\/ugwp.cfolks.pl\/bwb\/profile-dylatacyjne\/profile-dachowe\/\"><img decoding=\"async\" src=\"https:\/\/ugwp.cfolks.pl\/bwb\/wp-content\/uploads\/Profile-dachowe.jpg\" alt=\"Profile dachowe\" width=\"100%\" height=\"auto\" \/><\/a><\/div>\n<div class=\"col-12 col-lg-6\">\n<p class=\"wstep\">Profile dachowe Deflex wykonane z metalu i Nitriflexu oraz Nitriflexu, a tak\u017ce Elastoflexu przeznaczone s\u0105 do zabezpieczenia szczelin dylatacyjnych w konstrukcjach dach\u00f3w p\u0142askich, tarasach, czy te\u017c gara\u017cach podziemnych.<\/p>\n<p>Profile charakteryzuj\u0105 si\u0119 wysok\u0105 elastyczno\u015bci\u0105 oraz odporno\u015bci\u0105 na kontakt z gor\u0105cymi materia\u0142ami bitumicznymi.<\/p>\n<p>Zakres zastosowania: szczeliny dylatacyjne szeroko\u015bci od 15 do 150 mm, kompensacja ruch\u00f3w szczeliny dylatacyjnej od +15\/-10 do +\/-150 mm<\/p>\n<p>Profile wyst\u0119puj\u0105 r\u00f3wnie\u017c w wersji naro\u017cnej.<\/p>\n<p><a class=\"zobacz-wiecej\" href=\"https:\/\/ugwp.cfolks.pl\/bwb\/profile-dylatacyjne\/profile-dachowe\/\"> <i class=\"fa-sharp fa-solid fa-angle-right\"><\/i> ZOBACZ WI\u0118CEJ<\/a>\n<\/div>\n<div class=\"col-12\"><a href=\"https:\/\/ugwp.cfolks.pl\/bwb\/profile-dylatacyjne\/profile-scienne-i-sufitowe\/\"><\/p>\n<h2>Profile \u015bcienne i sufitowe<\/h2>\n<p><\/a><\/div>\n<div class=\"col-12 col-lg-6\">\n<p class=\"wstep\">Profile \u015bcienne i sufitowe Deflex wykonane z takich materia\u0142\u00f3w jak Nitriflex, Besaflex, elastomer termoplastyczny, metal, PVC, H-PVC, R-PVC przeznaczone s\u0105 do stosowania wewn\u0105trz jak i na zewn\u0119trznych powierzchniach \u015bcian i fasad.<\/p>\n<p>Profile charakteryzuj\u0105 si\u0119 estetycznym wygl\u0105dem, wymiennymi elementami, wysok\u0105 elastyczno\u015bci\u0105, odporno\u015bci\u0105 na uderzenia, \u0142atwym utrzymaniem czysto\u015bci.<\/p>\n<p>Zakres zastosowania: szczeliny dylatacyjne szeroko\u015bci od 8 do 350 mm, kompensacja ruch\u00f3w szczeliny dylatacyjnej od +\/-1 do +100\/-60 mm, wysoko\u015b\u0107 zabudowy od 10 do 80 mm.<\/p>\n<p>Profile wyst\u0119puj\u0105 r\u00f3wnie\u017c w wersji nak\u0142adkowej oraz naro\u017cnej.<\/p>\n<p><a class=\"zobacz-wiecej\" href=\"https:\/\/ugwp.cfolks.pl\/bwb\/profile-dylatacyjne\/profile-scienne-i-sufitowe\/\"> <i class=\"fa-sharp fa-solid fa-angle-right\"><\/i> ZOBACZ WI\u0118CEJ<\/a><\/div>\n<div class=\"col-12 col-lg-6\"><a href=\"https:\/\/ugwp.cfolks.pl\/bwb\/profile-dylatacyjne\/profile-scienne-i-sufitowe\/\"><img decoding=\"async\" src=\"https:\/\/ugwp.cfolks.pl\/bwb\/wp-content\/uploads\/Profile-wodoszczelne.jpg\" alt=\"Profile \u015bcienne i sufitowe\" width=\"100%\" height=\"auto\" \/><\/a><\/div>\n<div class=\"col-12\"><a href=\"https:\/\/ugwp.cfolks.pl\/bwb\/profile-dylatacyjne\/profile-dachowe\/\"><\/p>\n<h2>Profile wyko\u0144czeniowe<\/h2>\n<p><\/a><\/div>\n<div class=\"col-12 col-lg-6\"><a href=\"https:\/\/ugwp.cfolks.pl\/bwb\/profile-dylatacyjne\/profile-wykonczeniowe\/\"><img decoding=\"async\" src=\"https:\/\/ugwp.cfolks.pl\/bwb\/wp-content\/uploads\/Profile-wykonczeniowe.jpg\" alt=\"Profile dachowe\" width=\"100%\" height=\"auto\" \/><\/a><\/div>\n<div class=\"col-12 col-lg-6\">\n<p class=\"wstep\">Profile pod\u0142ogowe Deflex wykonane z pe\u0142nego metalu, metalu i Nitriflexu oraz z tworzyw sztucznych przeznaczone s\u0105 do wykonywania dylatacji pod\u0142\u00f3g z uwzgl\u0119dnieniem szczelin przeciwskurczowych.<\/p>\n<p>Profile charakteryzuj\u0105 si\u0119 estetycznym wygl\u0105dem, du\u017c\u0105 przyczepno\u015bci\u0105 do posadzek poprzez perforacj\u0119, odporno\u015bci\u0105 na \u015bcieranie.<\/p>\n<p>Zakres zastosowania: szczeliny dylatacyjne szeroko\u015bci od 5 do 15 mm, kompensacja ruch\u00f3w posadzki od +\/-1 do +\/-2,5 mm, wysoko\u015b\u0107 zabudowy od 20 do 70 mm, obci\u0105\u017cenie od podno\u015bnik\u00f3w paletowych (do 10 kN), w\u00f3zk\u00f3w wid\u0142owych (do 150 kN) oraz samochod\u00f3w ci\u0119\u017carowych (do 600 kN).<\/p>\n<p>Profile wyst\u0119puj\u0105 r\u00f3wnie\u017c w wersji naro\u017cnej.<\/p>\n<p><a class=\"zobacz-wiecej\" href=\"https:\/\/ugwp.cfolks.pl\/bwb\/profile-dylatacyjne\/profile-dachowe\/\"> <i class=\"fa-sharp fa-solid fa-angle-right\"><\/i> ZOBACZ WI\u0118CEJ<\/a>\n<\/div>\n<div class=\"col-12\">\n<h2>Profile wyko\u0144czeniowe do p\u0142ytek<\/h2>\n<\/div>\n<div class=\"col-12 col-lg-6\">\n<p class=\"wstep\">Opr\u00f3cz specjalistycznych i zaawansowanych rozwi\u0105za\u0144 w zakresie profili dylatacyjnych w naszej ofercie znajduj\u0105 si\u0119 r\u00f3wnie\u017c profile wyko\u0144czeniowe do ok\u0142adzin \u015bciennych i pod\u0142ogowych.<\/p>\n<p>Profile charakteryzuj\u0105 si\u0119 estetycznym wygl\u0105dem, dobrym zamocowaniem poprzez perforacj\u0119 listwy oraz wysok\u0105 odporno\u015bci\u0105 na udar.<\/p>\n<p>Profile produkowane s\u0105 z twardego i mi\u0119kkiego PVC i przeznaczone s\u0105 wszystkich rodzaj\u00f3w ok\u0142adzin \u015bciennych lub pod\u0142ogowych.<\/p>\n<p>Dzi\u0119ki wysokiej klasy profilom wyko\u0144czeniowym mo\u017cliwe jest zabezpieczenie kraw\u0119dzi p\u0142ytek oraz atrakcyjne zako\u0144czenie samej p\u0142ytki w miejscu, gdzie styka si\u0119 ona z innym typem nawierzchni. Jednocze\u015bnie listwy wyko\u0144czeniowe stanowi\u0105 ciekawy pomys\u0142 na oddzielenie dw\u00f3ch r\u00f3\u017cnych kolor\u00f3w, b\u0105d\u017a typ\u00f3w p\u0142ytek.<\/p>\n<p><a class=\"zobacz-wiecej\" href=\"https:\/\/ugwp.cfolks.pl\/bwb\/profile-dylatacyjne\/profile-wykonczeniowe-do-plytek\/\"><i class=\"fa-sharp fa-solid fa-angle-right\"><\/i> ZOBACZ WI\u0118CEJ<\/a><\/div>\n<div class=\"col-12 col-lg-6\"><a href=\"https:\/\/ugwp.cfolks.pl\/bwb\/profile-dylatacyjne\/profile-wykonczeniowe-do-plytek\/\"><img decoding=\"async\" src=\"https:\/\/ugwp.cfolks.pl\/bwb\/wp-content\/uploads\/Profile-wykonczeniowe-do-plytek.jpg\" alt=\"Profile wyko\u0144czeniowe do p\u0142ytek\" width=\"100%\" height=\"auto\" \/><\/div>\n","protected":false},"excerpt":{"rendered":"<p>Profile pod\u0142ogowe z wk\u0142adk\u0105 elastomerow\u0105 Profile pod\u0142ogowe Deflex wykonane z metalu i Nitriflexu (wk\u0142adka elastomerowa) przeznaczone s\u0105 dla ma\u0142ych i \u015brednich obci\u0105\u017ce\u0144 pochodz\u0105cych od w\u00f3zk\u00f3w wid\u0142owych (obci\u0105\u017cenie do 69 kN) oraz samochod\u00f3w ci\u0119\u017carowych (do 300 kN). Profile charakteryzuj\u0105 si\u0119 estetycznym wygl\u0105dem, mo\u017cliwo\u015bci\u0105 monta\u017cu do wszystkich rodzaj\u00f3w posadzek, a tak\u017ce odporno\u015bci\u0105 na dzia\u0142anie agresywnych medi\u00f3w. Zakres [&hellip;]<\/p>\n","protected":false},"author":1,"featured_media":0,"parent":0,"menu_order":0,"comment_status":"closed","ping_status":"closed","template":"page-kategoria.php","meta":{"_acf_changed":false,"footnotes":""},"class_list":["post-3483","page","type-page","status-publish","hentry"],"acf":[],"yoast_head":"<!-- This site is optimized with the Yoast SEO plugin v27.3 - https:\/\/yoast.com\/product\/yoast-seo-wordpress\/ -->\n<title>Profile Dylatacyjne Innowacyjne Produkty BWB Technology<\/title>\n<meta name=\"description\" content=\"Profile Dylatacyjne Pod\u0142ogowe z Wk\u0142adk\u0105 Elastomerow\u0105 z Pe\u0142nego Metalu Sejsmoodporne Wodoszczelne Dachowe \u015acienne Sufitowe\" \/>\n<meta name=\"robots\" content=\"noindex, follow, max-snippet:-1, max-image-preview:large, max-video-preview:-1\" \/>\n<meta property=\"og:locale\" content=\"pl_PL\" \/>\n<meta property=\"og:type\" content=\"article\" \/>\n<meta property=\"og:title\" content=\"Profile Dylatacyjne Innowacyjne Produkty BWB Technology\" \/>\n<meta property=\"og:description\" content=\"Profile Dylatacyjne Pod\u0142ogowe z Wk\u0142adk\u0105 Elastomerow\u0105 z Pe\u0142nego Metalu Sejsmoodporne Wodoszczelne Dachowe \u015acienne Sufitowe\" \/>\n<meta property=\"og:url\" content=\"https:\/\/ugwp.cfolks.pl\/bwb\/profile-dylatacyjne\/\" \/>\n<meta property=\"og:site_name\" content=\"BWB technology\" \/>\n<meta property=\"article:modified_time\" content=\"2026-02-10T13:36:45+00:00\" \/>\n<meta property=\"og:image\" content=\"https:\/\/ugwp.cfolks.pl\/bwb\/wp-content\/uploads\/Profile-podlogowe-z-wkladka-elastomerowa.jpg\" \/>\n<meta name=\"twitter:card\" content=\"summary_large_image\" \/>\n<meta name=\"twitter:label1\" content=\"Szacowany czas czytania\" \/>\n\t<meta name=\"twitter:data1\" content=\"6 minut\" \/>\n<script type=\"application\/ld+json\" class=\"yoast-schema-graph\">{\"@context\":\"https:\\\/\\\/schema.org\",\"@graph\":[{\"@type\":\"WebPage\",\"@id\":\"https:\\\/\\\/ugwp.cfolks.pl\\\/bwb\\\/profile-dylatacyjne\\\/\",\"url\":\"https:\\\/\\\/ugwp.cfolks.pl\\\/bwb\\\/profile-dylatacyjne\\\/\",\"name\":\"Profile Dylatacyjne Innowacyjne Produkty BWB Technology\",\"isPartOf\":{\"@id\":\"https:\\\/\\\/ugwp.cfolks.pl\\\/bwb\\\/#website\"},\"primaryImageOfPage\":{\"@id\":\"https:\\\/\\\/ugwp.cfolks.pl\\\/bwb\\\/profile-dylatacyjne\\\/#primaryimage\"},\"image\":{\"@id\":\"https:\\\/\\\/ugwp.cfolks.pl\\\/bwb\\\/profile-dylatacyjne\\\/#primaryimage\"},\"thumbnailUrl\":\"https:\\\/\\\/ugwp.cfolks.pl\\\/bwb\\\/wp-content\\\/uploads\\\/Profile-podlogowe-z-wkladka-elastomerowa.jpg\",\"datePublished\":\"2023-02-26T19:45:46+00:00\",\"dateModified\":\"2026-02-10T13:36:45+00:00\",\"description\":\"Profile Dylatacyjne Pod\u0142ogowe z Wk\u0142adk\u0105 Elastomerow\u0105 z Pe\u0142nego Metalu Sejsmoodporne Wodoszczelne Dachowe \u015acienne Sufitowe\",\"breadcrumb\":{\"@id\":\"https:\\\/\\\/ugwp.cfolks.pl\\\/bwb\\\/profile-dylatacyjne\\\/#breadcrumb\"},\"inLanguage\":\"pl-PL\",\"potentialAction\":[{\"@type\":\"ReadAction\",\"target\":[\"https:\\\/\\\/ugwp.cfolks.pl\\\/bwb\\\/profile-dylatacyjne\\\/\"]}]},{\"@type\":\"ImageObject\",\"inLanguage\":\"pl-PL\",\"@id\":\"https:\\\/\\\/ugwp.cfolks.pl\\\/bwb\\\/profile-dylatacyjne\\\/#primaryimage\",\"url\":\"\",\"contentUrl\":\"\"},{\"@type\":\"BreadcrumbList\",\"@id\":\"https:\\\/\\\/ugwp.cfolks.pl\\\/bwb\\\/profile-dylatacyjne\\\/#breadcrumb\",\"itemListElement\":[{\"@type\":\"ListItem\",\"position\":1,\"name\":\"Strona g\u0142\u00f3wna\",\"item\":\"https:\\\/\\\/ugwp.cfolks.pl\\\/bwb\\\/\"},{\"@type\":\"ListItem\",\"position\":2,\"name\":\"Profile Dylatacyjne\"}]},{\"@type\":\"WebSite\",\"@id\":\"https:\\\/\\\/ugwp.cfolks.pl\\\/bwb\\\/#website\",\"url\":\"https:\\\/\\\/ugwp.cfolks.pl\\\/bwb\\\/\",\"name\":\"BWB technology\",\"description\":\"Kolejna witryna oparta na WordPressie\",\"potentialAction\":[{\"@type\":\"SearchAction\",\"target\":{\"@type\":\"EntryPoint\",\"urlTemplate\":\"https:\\\/\\\/ugwp.cfolks.pl\\\/bwb\\\/?s={search_term_string}\"},\"query-input\":{\"@type\":\"PropertyValueSpecification\",\"valueRequired\":true,\"valueName\":\"search_term_string\"}}],\"inLanguage\":\"pl-PL\"}]}<\/script>\n<!-- \/ Yoast SEO plugin. -->","yoast_head_json":{"title":"Profile Dylatacyjne Innowacyjne Produkty BWB Technology","description":"Profile Dylatacyjne Pod\u0142ogowe z Wk\u0142adk\u0105 Elastomerow\u0105 z Pe\u0142nego Metalu Sejsmoodporne Wodoszczelne Dachowe \u015acienne Sufitowe","robots":{"index":"noindex","follow":"follow","max-snippet":"max-snippet:-1","max-image-preview":"max-image-preview:large","max-video-preview":"max-video-preview:-1"},"og_locale":"pl_PL","og_type":"article","og_title":"Profile Dylatacyjne Innowacyjne Produkty BWB Technology","og_description":"Profile Dylatacyjne Pod\u0142ogowe z Wk\u0142adk\u0105 Elastomerow\u0105 z Pe\u0142nego Metalu Sejsmoodporne Wodoszczelne Dachowe \u015acienne Sufitowe","og_url":"https:\/\/ugwp.cfolks.pl\/bwb\/profile-dylatacyjne\/","og_site_name":"BWB technology","article_modified_time":"2026-02-10T13:36:45+00:00","og_image":[{"url":"https:\/\/ugwp.cfolks.pl\/bwb\/wp-content\/uploads\/Profile-podlogowe-z-wkladka-elastomerowa.jpg","type":"","width":"","height":""}],"twitter_card":"summary_large_image","twitter_misc":{"Szacowany czas czytania":"6 minut"},"schema":{"@context":"https:\/\/schema.org","@graph":[{"@type":"WebPage","@id":"https:\/\/ugwp.cfolks.pl\/bwb\/profile-dylatacyjne\/","url":"https:\/\/ugwp.cfolks.pl\/bwb\/profile-dylatacyjne\/","name":"Profile Dylatacyjne Innowacyjne Produkty BWB Technology","isPartOf":{"@id":"https:\/\/ugwp.cfolks.pl\/bwb\/#website"},"primaryImageOfPage":{"@id":"https:\/\/ugwp.cfolks.pl\/bwb\/profile-dylatacyjne\/#primaryimage"},"image":{"@id":"https:\/\/ugwp.cfolks.pl\/bwb\/profile-dylatacyjne\/#primaryimage"},"thumbnailUrl":"https:\/\/ugwp.cfolks.pl\/bwb\/wp-content\/uploads\/Profile-podlogowe-z-wkladka-elastomerowa.jpg","datePublished":"2023-02-26T19:45:46+00:00","dateModified":"2026-02-10T13:36:45+00:00","description":"Profile Dylatacyjne Pod\u0142ogowe z Wk\u0142adk\u0105 Elastomerow\u0105 z Pe\u0142nego Metalu Sejsmoodporne Wodoszczelne Dachowe \u015acienne Sufitowe","breadcrumb":{"@id":"https:\/\/ugwp.cfolks.pl\/bwb\/profile-dylatacyjne\/#breadcrumb"},"inLanguage":"pl-PL","potentialAction":[{"@type":"ReadAction","target":["https:\/\/ugwp.cfolks.pl\/bwb\/profile-dylatacyjne\/"]}]},{"@type":"ImageObject","inLanguage":"pl-PL","@id":"https:\/\/ugwp.cfolks.pl\/bwb\/profile-dylatacyjne\/#primaryimage","url":"","contentUrl":""},{"@type":"BreadcrumbList","@id":"https:\/\/ugwp.cfolks.pl\/bwb\/profile-dylatacyjne\/#breadcrumb","itemListElement":[{"@type":"ListItem","position":1,"name":"Strona g\u0142\u00f3wna","item":"https:\/\/ugwp.cfolks.pl\/bwb\/"},{"@type":"ListItem","position":2,"name":"Profile Dylatacyjne"}]},{"@type":"WebSite","@id":"https:\/\/ugwp.cfolks.pl\/bwb\/#website","url":"https:\/\/ugwp.cfolks.pl\/bwb\/","name":"BWB technology","description":"Kolejna witryna oparta na WordPressie","potentialAction":[{"@type":"SearchAction","target":{"@type":"EntryPoint","urlTemplate":"https:\/\/ugwp.cfolks.pl\/bwb\/?s={search_term_string}"},"query-input":{"@type":"PropertyValueSpecification","valueRequired":true,"valueName":"search_term_string"}}],"inLanguage":"pl-PL"}]}},"_links":{"self":[{"href":"https:\/\/ugwp.cfolks.pl\/bwb\/wp-json\/wp\/v2\/pages\/3483","targetHints":{"allow":["GET"]}}],"collection":[{"href":"https:\/\/ugwp.cfolks.pl\/bwb\/wp-json\/wp\/v2\/pages"}],"about":[{"href":"https:\/\/ugwp.cfolks.pl\/bwb\/wp-json\/wp\/v2\/types\/page"}],"author":[{"embeddable":true,"href":"https:\/\/ugwp.cfolks.pl\/bwb\/wp-json\/wp\/v2\/users\/1"}],"replies":[{"embeddable":true,"href":"https:\/\/ugwp.cfolks.pl\/bwb\/wp-json\/wp\/v2\/comments?post=3483"}],"version-history":[{"count":34,"href":"https:\/\/ugwp.cfolks.pl\/bwb\/wp-json\/wp\/v2\/pages\/3483\/revisions"}],"predecessor-version":[{"id":7310,"href":"https:\/\/ugwp.cfolks.pl\/bwb\/wp-json\/wp\/v2\/pages\/3483\/revisions\/7310"}],"wp:attachment":[{"href":"https:\/\/ugwp.cfolks.pl\/bwb\/wp-json\/wp\/v2\/media?parent=3483"}],"curies":[{"name":"wp","href":"https:\/\/api.w.org\/{rel}","templated":true}]}}