{"id":3481,"date":"2023-02-26T20:45:25","date_gmt":"2023-02-26T19:45:25","guid":{"rendered":"https:\/\/ugwp.cfolks.pl\/bwb\/?page_id=3481"},"modified":"2025-04-23T23:09:21","modified_gmt":"2025-04-23T21:09:21","slug":"tasmy-uszczelniajace","status":"publish","type":"page","link":"https:\/\/ugwp.cfolks.pl\/bwb\/tasmy-uszczelniajace\/","title":{"rendered":"Ta\u015bmy Uszczelniaj\u0105ce"},"content":{"rendered":"<div class=\"col-12\"><a href=\"https:\/\/ugwp.cfolks.pl\/bwb\/tasmy-uszczelniajace\/tasmy-do-przerw-roboczych\/\"><\/p>\n<h2>Ta\u015bmy do przerw roboczych<\/h2>\n<p><\/a><\/div>\n<div class=\"col-12 col-lg-6\"><a href=\"https:\/\/ugwp.cfolks.pl\/bwb\/tasmy-uszczelniajace\/tasmy-do-przerw-roboczych\/\"><img decoding=\"async\" src=\"https:\/\/ugwp.cfolks.pl\/bwb\/wp-content\/uploads\/2-1.jpg\" alt=\"Ta\u015bmy do przerw roboczych\" width=\"100%\" height=\"auto\" \/><\/a><\/div>\n<div class=\"col-12 col-lg-6\">\n<p class=\"wstep\">Najskuteczniejszym uszczelnieniem przerw roboczych podczas betonowania s\u0105 ta\u015bmy mo\u017cliwe do zakotwienia w konstrukcji betonowej podczas realizacji rob\u00f3t. Miejsca takie s\u0105 nara\u017cone na podci\u0105ganie wody i dlatego powinny by\u0107 szczeg\u00f3lnie starannie wykonane.<\/p>\n<p>Ta\u015bmy do przerw roboczych w konstrukcjach betonowych maj\u0105 symetryczny przekr\u00f3j.\n<\/p>\n<p>\nNajcz\u0119\u015bciej stosowane s\u0105 do uszczelnienia przerw roboczych p\u0142yt i \u015bcian fundamentowych.\n<\/p>\n<p>\nTa\u015bmy do przerw roboczych produkowane s\u0105 w dw\u00f3ch odmianach, jako zewn\u0119trzne i wewn\u0119trzne.<\/p>\n<p><a class=\"zobacz-wiecej\" href=\"https:\/\/ugwp.cfolks.pl\/bwb\/tasmy-uszczelniajace\/tasmy-do-przerw-roboczych\/\"><i class=\"fa-sharp fa-solid fa-angle-right\"><\/i> ZOBACZ WI\u0118CEJ<\/a>\n<\/div>\n<div class=\"col-12\"><a href=\"https:\/\/ugwp.cfolks.pl\/bwb\/tasmy-uszczelniajace\/tasmy-do-przerw-dylatacyjnych\/\"><\/p>\n<h2>Ta\u015bmy do przerw dylatacyjnych<\/h2>\n<p><\/a><\/div>\n<div class=\"col-12 col-lg-6\">\n<p class=\"wstep\">Najskuteczniejsz\u0105 metod\u0105 zapewnienia szczelno\u015bci w obr\u0119bie dylatacji konstrukcyjnej jest zabetonowanie w tym obszarze ta\u015bmy dylatacyjnej. Ta\u015bmy do przerw dylatacyjnych dziel\u0105 si\u0119 na zewn\u0119trzne, wewn\u0119trzne oraz zamykaj\u0105ce.<\/p>\n<p> Ta\u015bmy do przerw dylatacyjnych maj\u0105 za zadanie uszczelnienie konstrukcji oraz przeniesienie ruch\u00f3w obiektu za\u0142o\u017conych przez konstruktora, dlatego bardzo wa\u017cne jest dobranie takiej ta\u015bmy, kt\u00f3ra spe\u0142ni obydwa zadania.\n<\/p>\n<p>\nOkre\u015blenie wielko\u015bci ruch\u00f3w dylatacji przy jakich ta\u015bma zachowuje jej szczelno\u015b\u0107 mo\u017cna okre\u015bli\u0107 na podstawie gotowych diagram\u00f3w firmy Besaplast pokazuj\u0105cych zakres pracy ta\u015bmy w zale\u017cno\u015bci od ci\u015bnienia wody dzia\u0142aj\u0105cej na ta\u015bm\u0119 oraz wska\u017anik ruchu b\u0119d\u0105cy pierwiastkiem z sumy kwadrat\u00f3w ruch\u00f3w konstrukcji w obr\u0119bie dylatacji w kierunkach x;y;z.<\/p>\n<p><a class=\"zobacz-wiecej\" href=\"https:\/\/ugwp.cfolks.pl\/bwb\/tasmy-uszczelniajace\/tasmy-do-przerw-dylatacyjnych\/\"><i class=\"fa-sharp fa-solid fa-angle-right\"><\/i> ZOBACZ WI\u0118CEJ<\/a><\/div>\n<div class=\"col-12 col-lg-6\"><a href=\"https:\/\/ugwp.cfolks.pl\/bwb\/tasmy-uszczelniajace\/tasmy-do-przerw-dylatacyjnych\/\"><img decoding=\"async\" src=\"https:\/\/ugwp.cfolks.pl\/bwb\/wp-content\/uploads\/2-2.jpg\" alt=\"Ta\u015bmy do przerw dylatacyjnych\" width=\"100%\" height=\"auto\" \/><\/a><\/div>\n<div class=\"col-12\"><a href=\"https:\/\/ugwp.cfolks.pl\/bwb\/kontakt\/\"><\/p>\n<h2>Ta\u015bmy wciskane<\/h2>\n<p><\/a><\/div>\n<div class=\"col-12 col-lg-6\"><a href=\"https:\/\/ugwp.cfolks.pl\/bwb\/kontakt\/\"><img decoding=\"async\" src=\"https:\/\/ugwp.cfolks.pl\/bwb\/wp-content\/uploads\/2-3.jpg\" alt=\"Ta\u015bmy wciskane\" width=\"100%\" height=\"auto\" \/><\/a><\/div>\n<div class=\"col-12 col-lg-6\">\n<p class=\"wstep\">Ta\u015bmy wciskane stosowane s\u0105 na gotowych elementach konstrukcyjnych (prefabrykatach), najcz\u0119\u015bciej w okolicach elewacji i wszelkiego typu \u015bcian czy strop\u00f3w.<\/p>\n<p>Charakteryzuj\u0105 si\u0119 du\u017c\u0105 \u015bci\u015bliwo\u015bci\u0105 oraz wysokim stopniem poch\u0142aniania drga\u0144 przy jednoczesnym \u0142atwym monta\u017cu.\n<\/p>\n<p>\nNiekt\u00f3ry typu ta\u015bm dodatkowo pozwalaj\u0105 na zamaskowanie zniszczonych lub \u017ale wykonanych kraw\u0119dzi w obszarze szczeliny dylatacyjnej.<\/p>\n<p><a class=\"zobacz-wiecej\" href=\"https:\/\/ugwp.cfolks.pl\/bwb\/kontakt\/\"> <i class=\"fa-sharp fa-solid fa-angle-right\"><\/i>SKONTAKTUJ SI\u0118<\/a>\n<\/div>\n<div class=\"col-12\"><a href=\"https:\/\/ugwp.cfolks.pl\/bwb\/kontakt\/\"><\/p>\n<h2>Ta\u015bmy do monta\u017cu mechanicznego<\/h2>\n<p><\/a><\/div>\n<div class=\"col-12 col-lg-6\">\n<p class=\"wstep\">Cz\u0119sto na budowie mo\u017cemy spotka\u0107 si\u0119 z konieczno\u015bci\u0105 wykonania hydroizolacji na styku z istniej\u0105c\u0105 ju\u017c konstrukcj\u0105. Najcz\u0119\u015bciej ma to miejsce podczas remontu budynk\u00f3w, naprawie istniej\u0105cej hydroizolacji lub w sytuacji gdy pomini\u0119to monta\u017c ta\u015bm na etapie betonowania elementu konstrukcyjnego.<\/p>\n<p>Ta\u015bmy do monta\u017cu mechanicznego wyst\u0119puj\u0105 w wersji p\u0142askiej jak r\u00f3wnie\u017c naro\u017cnej do zastosowanie zar\u00f3wno w przerwach roboczych jak r\u00f3wnie\u017c dylatacyjnych.\n<\/p>\n<p>\nMonta\u017c tego rodzaju ta\u015bm wymaga odpowiedniego przygotowania powierzchni oraz wiedzy pracownik\u00f3w. Do monta\u017cu opr\u00f3cz p\u0142askownik\u00f3w i odpowiedniego (do pod\u0142o\u017ca) rodzaju kotew wykorzystywana jest ta\u015bma kauczukowa.\n<\/p>\n<p>\nOpr\u00f3cz monta\u017cu przy u\u017cyciu p\u0142askownik\u00f3w i kotew ta\u015bmy mog\u0105 by\u0107 r\u00f3wnie\u017c klejone do pod\u0142o\u017ca za pomoc\u0105 materia\u0142\u00f3w bitumicznych.<\/p>\n<p><a class=\"zobacz-wiecej\" href=\"https:\/\/ugwp.cfolks.pl\/bwb\/kontakt\/\"> <i class=\"fa-sharp fa-solid fa-angle-right\"><\/i>SKONTAKTUJ SI\u0118<\/a><\/div>\n<div class=\"col-12 col-lg-6\"><a href=\"https:\/\/ugwp.cfolks.pl\/bwb\/kontakt\/\"><img decoding=\"async\" src=\"https:\/\/ugwp.cfolks.pl\/bwb\/wp-content\/uploads\/2-4.jpg\" alt=\"Ta\u015bmy do monta\u017cu mechanicznego\" width=\"100%\" height=\"auto\" \/><\/a><\/div>\n<div class=\"col-12\"><a href=\"https:\/\/ugwp.cfolks.pl\/bwb\/kontakt\/\"><\/p>\n<h2>Maty uszczelniaj\u0105ce<\/h2>\n<p><\/a><\/div>\n<div class=\"col-12 col-lg-6\"><a href=\"https:\/\/ugwp.cfolks.pl\/bwb\/kontakt\/\"><img decoding=\"async\" src=\"https:\/\/ugwp.cfolks.pl\/bwb\/wp-content\/uploads\/2-5.jpg\" alt=\"Maty uszczelniaj\u0105ce\" width=\"100%\" height=\"auto\" \/><\/a><\/div>\n<div class=\"col-12 col-lg-6\">\n<p class=\"wstep\">Maty uszczelniaj\u0105ce typu Stegbahn produkowane przez firm\u0119 Besaplast s\u0105 ekstrudowanymi i jednorodnymi ta\u015bmami uszczelniaj\u0105cymi z tworzywa sztucznego, wykonane z PVC lub HDPE.<\/p>\n<p>Charakteryzuj\u0105 si\u0119 bardzo wysok\u0105 odporno\u015bci\u0105 na agresywne media chemiczne, a tak\u017ce dzi\u0119ki zintegrowanym, stabilnie wykonanym kotwom w kszta\u0142cie litery T mata gwarantuje pewne zakotwienie w betonie bez konieczno\u015bci wykonywania klejenia lub innych prac monta\u017cowych.\n<\/p>\n<p>\nMaty przeznaczone s\u0105 do stosowania w kana\u0142ach \u015bciekowych (jako ochrona antykorozyjna betonu), do uszczelnienia tuneli czy te\u017c jako uszczelnienie wewn\u0119trzne dla rur betonowych, dach\u00f3w, basen\u00f3w itd.\n<\/p>\n<p>\nMateria\u0142 dostarczany jest w r\u00f3\u017cnych grubo\u015bciach i d\u0142ugo\u015bciach, dost\u0119pne s\u0105 r\u00f3wnie\u017c wykonania specjalne wed\u0142ug indywidualnych potrzeb klienta.<\/p>\n<p><a class=\"zobacz-wiecej\" href=\"https:\/\/ugwp.cfolks.pl\/bwb\/kontakt\/\"> <i class=\"fa-sharp fa-solid fa-angle-right\"><\/i>SKONTAKTUJ SI\u0118<\/a>\n<\/div>\n<div class=\"col-12\"><a href=\"https:\/\/ugwp.cfolks.pl\/bwb\/kontakt\/\"><\/p>\n<h2>Rury skurczowe<\/h2>\n<p><\/a><\/div>\n<div class=\"col-12 col-lg-6\">\n<p class=\"wstep\">Rury skurczowe Besaplast stasowane s\u0105 w betonowych elementach budowlanych w celu os\u0142abienia ich przekroju i co za tym idzie, do powstania wymuszonych, kontrolowanych rys z jednoczesnym ich uszczelnieniem.<\/p>\n<p>Rury produkowane s\u0105 z materia\u0142u Besaflex (mi\u0119kki PVC) i dost\u0119pne s\u0105 w trzech typach.<\/p>\n<p>Zakres zastosowania: grubo\u015b\u0107 \u015bcian od 170 do 500 mm, d\u0142ugo\u015b\u0107 rur od 2,5 do 7,0 m<\/p>\n<p><a class=\"zobacz-wiecej\" href=\"https:\/\/ugwp.cfolks.pl\/bwb\/kontakt\/\"> <i class=\"fa-sharp fa-solid fa-angle-right\"><\/i>SKONTAKTUJ SI\u0118<\/a><\/div>\n<div class=\"col-12 col-lg-6\"><a href=\"https:\/\/ugwp.cfolks.pl\/bwb\/kontakt\/\"><img decoding=\"async\" src=\"https:\/\/ugwp.cfolks.pl\/bwb\/wp-content\/uploads\/2-6.jpg\" alt=\"Rury skurczowe\" width=\"100%\" height=\"auto\" \/><\/a><\/div>\n<div class=\"col-12\"><a href=\"https:\/\/ugwp.cfolks.pl\/bwb\/kontakt\/\"><\/p>\n<h2>Ta\u015bmy do \u0142\u0105czenia z izolacj\u0105 arkuszow\u0105<\/h2>\n<p><\/a><\/div>\n<div class=\"col-12 col-lg-6\"><a href=\"https:\/\/ugwp.cfolks.pl\/bwb\/kontakt\/\"><img decoding=\"async\" src=\"https:\/\/ugwp.cfolks.pl\/bwb\/wp-content\/uploads\/2-7.jpg\" alt=\"Ta\u015bmy do \u0142\u0105czenia z izolacj\u0105 arkuszow\u0105\" width=\"100%\" height=\"auto\" \/><\/a><\/div>\n<div class=\"col-12 col-lg-6\">\n<p class=\"wstep\">Ta grupa ta\u015bm produkowana jest zgodnie z wymaganiami dyrektywy 853 wydanej przez Kolej Niemieck\u0105, kt\u00f3ra okre\u015bla wytyczne dotycz\u0105ce ta\u015bm przy\u0142\u0105czeniowych do po\u0142\u0105czenia z membranami hydroizolacyjnymi.<\/p>\n<p>Ta\u015bmy te produkowane s\u0105 z r\u00f3\u017cnych materia\u0142\u00f3w, m.in. takich jak PVC czy polietylen.\n<\/p>\n<p>\nMateria\u0142 dobierany jest pod stosowane membrany wykorzystywane do hydroizolacji tuneli.<\/p>\n<p><a class=\"zobacz-wiecej\" href=\"https:\/\/ugwp.cfolks.pl\/bwb\/kontakt\/\"> <i class=\"fa-sharp fa-solid fa-angle-right\"><\/i>SKONTAKTUJ SI\u0118<\/a>\n<\/div>\n<div class=\"col-12\"><a href=\"https:\/\/ugwp.cfolks.pl\/bwb\/kontakt\/\"><\/p>\n<h2>Ta\u015bmy i profile specjalne<\/h2>\n<p><\/a><\/div>\n<div class=\"col-12 col-lg-6\">\n<p class=\"wstep\">Mo\u017cliwo\u015bci produkcyjne i do\u015bwiadczenie firmy Besaplast znacznie wykraczaj\u0105 poza powszechnie znane rozwi\u0105zania w zakresie ta\u015bm uszczelniaj\u0105cych. Na \u017cyczenie i potrzeby klienta opracowywane s\u0105 specjalne rozwi\u0105zania tak, aby wychodzi\u0107 na przeciw indywidualnym projektom budowlanym i skomplikowanym sytuacjom.<\/p>\n<p>Jako przyk\u0142ad mo\u017cliwo\u015bci i potencja\u0142u firmy Besapalst przedstawiamy Pa\u0144stwu kilkana\u015bcie rozwi\u0105za\u0144 ta\u015bm i profili specjalnych, wyprodukowanych pod konkretne projekty budowlane na ca\u0142ym \u015bwiecie.<\/p>\n<p><a class=\"zobacz-wiecej\" href=\"https:\/\/ugwp.cfolks.pl\/bwb\/kontakt\/\"> <i class=\"fa-sharp fa-solid fa-angle-right\"><\/i>SKONTAKTUJ SI\u0118<\/a><\/div>\n<div class=\"col-12 col-lg-6\"><a href=\"https:\/\/ugwp.cfolks.pl\/bwb\/kontakt\/\"><img decoding=\"async\" src=\"https:\/\/ugwp.cfolks.pl\/bwb\/wp-content\/uploads\/2-8.jpg\" alt=\"Ta\u015bmy i profile specjalne\" width=\"100%\" height=\"auto\" \/><\/a><\/div>\n<div class=\"col-12\"><a href=\"https:\/\/ugwp.cfolks.pl\/bwb\/kontakt\/\"><\/p>\n<h2>Kszta\u0142tki po\u0142\u0105czeniowe<\/<\/h2>\n<p><\/a><\/div>\n<div class=\"col-12 col-lg-6\"><a href=\"https:\/\/ugwp.cfolks.pl\/bwb\/kontakt\/\"><img decoding=\"async\" src=\"https:\/\/ugwp.cfolks.pl\/bwb\/wp-content\/uploads\/2-9.jpg\" alt=\"Kszta\u0142tki po\u0142\u0105czeniowe\" width=\"100%\" height=\"auto\" \/><\/a><\/div>\n<div class=\"col-12 col-lg-6\">\n<p class=\"wstep\">Opr\u00f3cz wyboru profilu ta\u015bmy, decyduj\u0105ce jest tak\u017ce fachowe wykonanie ca\u0142ego systemu ta\u015bm uszczelniaj\u0105cych, kt\u00f3re mo\u017cna wykona\u0107 zar\u00f3wno w zak\u0142adzie produkcyjnym jak i na budowie. Skomplikowane systemy, specjalne kszta\u0142tki czy po\u0142\u0105czenia, kt\u00f3re musz\u0105 zosta\u0107 wykonane na budowie, powinny by\u0107 zasadniczo wykonywane przez wykwalifikowan\u0105 firm\u0119 wykonawcz\u0105.<\/p>\n<\/p>\n<p><a class=\"zobacz-wiecej\" href=\"https:\/\/ugwp.cfolks.pl\/bwb\/kontakt\/\"> <i class=\"fa-sharp fa-solid fa-angle-right\"><\/i>SKONTAKTUJ SI\u0118<\/a>\n<\/div>\n<div class=\"col-12\"><a href=\"https:\/\/ugwp.cfolks.pl\/bwb\/kontakt\/\"><\/p>\n<h2>Oprzyrz\u0105dowanie i akcesoria monta\u017cowe<\/h2>\n<p><\/a><\/div>\n<div class=\"col-12 col-lg-6\">\n<p class=\"wstep\">Odpowiednie systemowe akcesoria monta\u017cowe nie tylko gwarantuj\u0105 prawid\u0142owy monta\u017c, ale r\u00f3wnie\u017c pozwalaj\u0105 ograniczy\u0107 czas monta\u017cu do minimum, nios\u0105c za sob\u0105 oszcz\u0119dno\u015bci na etapie monta\u017cu i p\u00f3\u017aniejszej eksploatacji obiektu.<\/p>\n<p>Spos\u00f3b monta\u017cu i odpowiednie akcesoria dobierane s\u0105 w zale\u017cno\u015bci od typu i rozmiaru danej ta\u015bmy.\n<\/p>\n<p>\nProfesjonalny sprz\u0119t do wykonywania po\u0142\u0105cze\u0144 poszczeg\u00f3lnych odcink\u00f3w ta\u015bm jest niezb\u0119dnym atrybutem ka\u017cdej profesjonalnej ekipy monta\u017cowej zajmuj\u0105cej si\u0119 wykonywaniem uszczelnie\u0144 na budowie.<\/p>\n<p><a class=\"zobacz-wiecej\" href=\"https:\/\/ugwp.cfolks.pl\/bwb\/kontakt\/\"> <i class=\"fa-sharp fa-solid fa-angle-right\"><\/i>SKONTAKTUJ SI\u0118<\/a><\/div>\n<div class=\"col-12 col-lg-6\"><a href=\"https:\/\/ugwp.cfolks.pl\/bwb\/kontakt\/\"><img decoding=\"async\" src=\"https:\/\/ugwp.cfolks.pl\/bwb\/wp-content\/uploads\/2-10.jpg\" alt=\"Oprzyrz\u0105dowanie i akcesoria monta\u017cowe\" width=\"100%\" height=\"auto\" \/><\/a><\/div>\n","protected":false},"excerpt":{"rendered":"<p>Ta\u015bmy do przerw roboczych Najskuteczniejszym uszczelnieniem przerw roboczych podczas betonowania s\u0105 ta\u015bmy mo\u017cliwe do zakotwienia w konstrukcji betonowej podczas realizacji rob\u00f3t. Miejsca takie s\u0105 nara\u017cone na podci\u0105ganie wody i dlatego powinny by\u0107 szczeg\u00f3lnie starannie wykonane. Ta\u015bmy do przerw roboczych w konstrukcjach betonowych maj\u0105 symetryczny przekr\u00f3j. Najcz\u0119\u015bciej stosowane s\u0105 do uszczelnienia przerw roboczych p\u0142yt i \u015bcian [&hellip;]<\/p>\n","protected":false},"author":1,"featured_media":0,"parent":0,"menu_order":0,"comment_status":"closed","ping_status":"closed","template":"page-kategoria.php","meta":{"_acf_changed":false,"footnotes":""},"class_list":["post-3481","page","type-page","status-publish","hentry"],"acf":[],"yoast_head":"<!-- This site is optimized with the Yoast SEO plugin v27.3 - https:\/\/yoast.com\/product\/yoast-seo-wordpress\/ -->\n<title>Trwa\u0142e Ta\u015bmy Uszczelniaj\u0105ce Innowacyjne Produkty BWB Technology<\/title>\n<meta name=\"description\" content=\"Ta\u015bmy Uszczelniaj\u0105ce Do Przerw Roboczych Dylatacyjnych Monta\u017cu Mechanicznego \u0141\u0105czenia z Izolacj\u0105 Wciskane Maty Rury Skurczowe Kszta\u0142tki Po\u0142\u0105czeniowe\" \/>\n<meta name=\"robots\" content=\"noindex, follow, max-snippet:-1, max-image-preview:large, max-video-preview:-1\" \/>\n<meta property=\"og:locale\" content=\"pl_PL\" \/>\n<meta property=\"og:type\" content=\"article\" \/>\n<meta property=\"og:title\" content=\"Trwa\u0142e Ta\u015bmy Uszczelniaj\u0105ce Innowacyjne Produkty BWB Technology\" \/>\n<meta property=\"og:description\" content=\"Ta\u015bmy Uszczelniaj\u0105ce Do Przerw Roboczych Dylatacyjnych Monta\u017cu Mechanicznego \u0141\u0105czenia z Izolacj\u0105 Wciskane Maty Rury Skurczowe Kszta\u0142tki Po\u0142\u0105czeniowe\" \/>\n<meta property=\"og:url\" content=\"https:\/\/ugwp.cfolks.pl\/bwb\/tasmy-uszczelniajace\/\" \/>\n<meta property=\"og:site_name\" content=\"BWB technology\" \/>\n<meta property=\"article:modified_time\" content=\"2025-04-23T21:09:21+00:00\" \/>\n<meta property=\"og:image\" content=\"https:\/\/ugwp.cfolks.pl\/bwb\/wp-content\/uploads\/2-1.jpg\" \/>\n<meta name=\"twitter:card\" content=\"summary_large_image\" \/>\n<meta name=\"twitter:label1\" content=\"Szacowany czas czytania\" \/>\n\t<meta name=\"twitter:data1\" content=\"7 minut\" \/>\n<script type=\"application\/ld+json\" class=\"yoast-schema-graph\">{\"@context\":\"https:\\\/\\\/schema.org\",\"@graph\":[{\"@type\":\"WebPage\",\"@id\":\"https:\\\/\\\/ugwp.cfolks.pl\\\/bwb\\\/tasmy-uszczelniajace\\\/\",\"url\":\"https:\\\/\\\/ugwp.cfolks.pl\\\/bwb\\\/tasmy-uszczelniajace\\\/\",\"name\":\"Trwa\u0142e Ta\u015bmy Uszczelniaj\u0105ce Innowacyjne Produkty BWB Technology\",\"isPartOf\":{\"@id\":\"https:\\\/\\\/ugwp.cfolks.pl\\\/bwb\\\/#website\"},\"primaryImageOfPage\":{\"@id\":\"https:\\\/\\\/ugwp.cfolks.pl\\\/bwb\\\/tasmy-uszczelniajace\\\/#primaryimage\"},\"image\":{\"@id\":\"https:\\\/\\\/ugwp.cfolks.pl\\\/bwb\\\/tasmy-uszczelniajace\\\/#primaryimage\"},\"thumbnailUrl\":\"https:\\\/\\\/ugwp.cfolks.pl\\\/bwb\\\/wp-content\\\/uploads\\\/2-1.jpg\",\"datePublished\":\"2023-02-26T19:45:25+00:00\",\"dateModified\":\"2025-04-23T21:09:21+00:00\",\"description\":\"Ta\u015bmy Uszczelniaj\u0105ce Do Przerw Roboczych Dylatacyjnych Monta\u017cu Mechanicznego \u0141\u0105czenia z Izolacj\u0105 Wciskane Maty Rury Skurczowe Kszta\u0142tki Po\u0142\u0105czeniowe\",\"breadcrumb\":{\"@id\":\"https:\\\/\\\/ugwp.cfolks.pl\\\/bwb\\\/tasmy-uszczelniajace\\\/#breadcrumb\"},\"inLanguage\":\"pl-PL\",\"potentialAction\":[{\"@type\":\"ReadAction\",\"target\":[\"https:\\\/\\\/ugwp.cfolks.pl\\\/bwb\\\/tasmy-uszczelniajace\\\/\"]}]},{\"@type\":\"ImageObject\",\"inLanguage\":\"pl-PL\",\"@id\":\"https:\\\/\\\/ugwp.cfolks.pl\\\/bwb\\\/tasmy-uszczelniajace\\\/#primaryimage\",\"url\":\"https:\\\/\\\/ugwp.cfolks.pl\\\/bwb\\\/wp-content\\\/uploads\\\/2-1.jpg\",\"contentUrl\":\"https:\\\/\\\/ugwp.cfolks.pl\\\/bwb\\\/wp-content\\\/uploads\\\/2-1.jpg\",\"width\":1100,\"height\":600},{\"@type\":\"BreadcrumbList\",\"@id\":\"https:\\\/\\\/ugwp.cfolks.pl\\\/bwb\\\/tasmy-uszczelniajace\\\/#breadcrumb\",\"itemListElement\":[{\"@type\":\"ListItem\",\"position\":1,\"name\":\"Strona g\u0142\u00f3wna\",\"item\":\"https:\\\/\\\/ugwp.cfolks.pl\\\/bwb\\\/\"},{\"@type\":\"ListItem\",\"position\":2,\"name\":\"Ta\u015bmy Uszczelniaj\u0105ce\"}]},{\"@type\":\"WebSite\",\"@id\":\"https:\\\/\\\/ugwp.cfolks.pl\\\/bwb\\\/#website\",\"url\":\"https:\\\/\\\/ugwp.cfolks.pl\\\/bwb\\\/\",\"name\":\"BWB technology\",\"description\":\"Kolejna witryna oparta na WordPressie\",\"potentialAction\":[{\"@type\":\"SearchAction\",\"target\":{\"@type\":\"EntryPoint\",\"urlTemplate\":\"https:\\\/\\\/ugwp.cfolks.pl\\\/bwb\\\/?s={search_term_string}\"},\"query-input\":{\"@type\":\"PropertyValueSpecification\",\"valueRequired\":true,\"valueName\":\"search_term_string\"}}],\"inLanguage\":\"pl-PL\"}]}<\/script>\n<!-- \/ Yoast SEO plugin. -->","yoast_head_json":{"title":"Trwa\u0142e Ta\u015bmy Uszczelniaj\u0105ce Innowacyjne Produkty BWB Technology","description":"Ta\u015bmy Uszczelniaj\u0105ce Do Przerw Roboczych Dylatacyjnych Monta\u017cu Mechanicznego \u0141\u0105czenia z Izolacj\u0105 Wciskane Maty Rury Skurczowe Kszta\u0142tki Po\u0142\u0105czeniowe","robots":{"index":"noindex","follow":"follow","max-snippet":"max-snippet:-1","max-image-preview":"max-image-preview:large","max-video-preview":"max-video-preview:-1"},"og_locale":"pl_PL","og_type":"article","og_title":"Trwa\u0142e Ta\u015bmy Uszczelniaj\u0105ce Innowacyjne Produkty BWB Technology","og_description":"Ta\u015bmy Uszczelniaj\u0105ce Do Przerw Roboczych Dylatacyjnych Monta\u017cu Mechanicznego \u0141\u0105czenia z Izolacj\u0105 Wciskane Maty Rury Skurczowe Kszta\u0142tki Po\u0142\u0105czeniowe","og_url":"https:\/\/ugwp.cfolks.pl\/bwb\/tasmy-uszczelniajace\/","og_site_name":"BWB technology","article_modified_time":"2025-04-23T21:09:21+00:00","og_image":[{"url":"https:\/\/ugwp.cfolks.pl\/bwb\/wp-content\/uploads\/2-1.jpg","type":"","width":"","height":""}],"twitter_card":"summary_large_image","twitter_misc":{"Szacowany czas czytania":"7 minut"},"schema":{"@context":"https:\/\/schema.org","@graph":[{"@type":"WebPage","@id":"https:\/\/ugwp.cfolks.pl\/bwb\/tasmy-uszczelniajace\/","url":"https:\/\/ugwp.cfolks.pl\/bwb\/tasmy-uszczelniajace\/","name":"Trwa\u0142e Ta\u015bmy Uszczelniaj\u0105ce Innowacyjne Produkty BWB Technology","isPartOf":{"@id":"https:\/\/ugwp.cfolks.pl\/bwb\/#website"},"primaryImageOfPage":{"@id":"https:\/\/ugwp.cfolks.pl\/bwb\/tasmy-uszczelniajace\/#primaryimage"},"image":{"@id":"https:\/\/ugwp.cfolks.pl\/bwb\/tasmy-uszczelniajace\/#primaryimage"},"thumbnailUrl":"https:\/\/ugwp.cfolks.pl\/bwb\/wp-content\/uploads\/2-1.jpg","datePublished":"2023-02-26T19:45:25+00:00","dateModified":"2025-04-23T21:09:21+00:00","description":"Ta\u015bmy Uszczelniaj\u0105ce Do Przerw Roboczych Dylatacyjnych Monta\u017cu Mechanicznego \u0141\u0105czenia z Izolacj\u0105 Wciskane Maty Rury Skurczowe Kszta\u0142tki Po\u0142\u0105czeniowe","breadcrumb":{"@id":"https:\/\/ugwp.cfolks.pl\/bwb\/tasmy-uszczelniajace\/#breadcrumb"},"inLanguage":"pl-PL","potentialAction":[{"@type":"ReadAction","target":["https:\/\/ugwp.cfolks.pl\/bwb\/tasmy-uszczelniajace\/"]}]},{"@type":"ImageObject","inLanguage":"pl-PL","@id":"https:\/\/ugwp.cfolks.pl\/bwb\/tasmy-uszczelniajace\/#primaryimage","url":"https:\/\/ugwp.cfolks.pl\/bwb\/wp-content\/uploads\/2-1.jpg","contentUrl":"https:\/\/ugwp.cfolks.pl\/bwb\/wp-content\/uploads\/2-1.jpg","width":1100,"height":600},{"@type":"BreadcrumbList","@id":"https:\/\/ugwp.cfolks.pl\/bwb\/tasmy-uszczelniajace\/#breadcrumb","itemListElement":[{"@type":"ListItem","position":1,"name":"Strona g\u0142\u00f3wna","item":"https:\/\/ugwp.cfolks.pl\/bwb\/"},{"@type":"ListItem","position":2,"name":"Ta\u015bmy Uszczelniaj\u0105ce"}]},{"@type":"WebSite","@id":"https:\/\/ugwp.cfolks.pl\/bwb\/#website","url":"https:\/\/ugwp.cfolks.pl\/bwb\/","name":"BWB technology","description":"Kolejna witryna oparta na WordPressie","potentialAction":[{"@type":"SearchAction","target":{"@type":"EntryPoint","urlTemplate":"https:\/\/ugwp.cfolks.pl\/bwb\/?s={search_term_string}"},"query-input":{"@type":"PropertyValueSpecification","valueRequired":true,"valueName":"search_term_string"}}],"inLanguage":"pl-PL"}]}},"_links":{"self":[{"href":"https:\/\/ugwp.cfolks.pl\/bwb\/wp-json\/wp\/v2\/pages\/3481","targetHints":{"allow":["GET"]}}],"collection":[{"href":"https:\/\/ugwp.cfolks.pl\/bwb\/wp-json\/wp\/v2\/pages"}],"about":[{"href":"https:\/\/ugwp.cfolks.pl\/bwb\/wp-json\/wp\/v2\/types\/page"}],"author":[{"embeddable":true,"href":"https:\/\/ugwp.cfolks.pl\/bwb\/wp-json\/wp\/v2\/users\/1"}],"replies":[{"embeddable":true,"href":"https:\/\/ugwp.cfolks.pl\/bwb\/wp-json\/wp\/v2\/comments?post=3481"}],"version-history":[{"count":54,"href":"https:\/\/ugwp.cfolks.pl\/bwb\/wp-json\/wp\/v2\/pages\/3481\/revisions"}],"predecessor-version":[{"id":7191,"href":"https:\/\/ugwp.cfolks.pl\/bwb\/wp-json\/wp\/v2\/pages\/3481\/revisions\/7191"}],"wp:attachment":[{"href":"https:\/\/ugwp.cfolks.pl\/bwb\/wp-json\/wp\/v2\/media?parent=3481"}],"curies":[{"name":"wp","href":"https:\/\/api.w.org\/{rel}","templated":true}]}}