{"id":3477,"date":"2023-02-26T20:44:53","date_gmt":"2023-02-26T19:44:53","guid":{"rendered":"https:\/\/ugwp.cfolks.pl\/bwb\/?page_id=3477"},"modified":"2024-08-30T14:50:55","modified_gmt":"2024-08-30T12:50:55","slug":"podkladki-elastomerowe-i-folie-slizgowe","status":"publish","type":"page","link":"https:\/\/ugwp.cfolks.pl\/bwb\/podkladki-elastomerowe-i-folie-slizgowe\/","title":{"rendered":"Podk\u0142adki elastomerowe i folie \u015blizgowe"},"content":{"rendered":"<div class=\"col-12\"><a href=\"https:\/\/ugwp.cfolks.pl\/bwb\/kontakt\/\"><\/p>\n<h2>Podk\u0142adki elastomerowe niezbrojone<\/h2>\n<p><\/a><\/div>\n<div class=\"col-12 col-lg-6\"><a href=\"https:\/\/ugwp.cfolks.pl\/bwb\/kontakt\/\"><img decoding=\"async\" src=\"https:\/\/ugwp.cfolks.pl\/bwb\/wp-content\/uploads\/4-1.jpg\" alt=\"Podk\u0142adki elastomerowe niezbrojone\" width=\"100%\" height=\"auto\" \/><\/a><\/div>\n<div class=\"col-12 col-lg-6\">\n<p class=\"wstep\">Podk\u0142adki elastomerowe niezbrojone typ N 15 oraz N 20 s\u0105 typem podk\u0142adek nieprzesuwnych. Produkowane s\u0105 z kauczuku etylenowo-propylenowo-dienowego o oznaczeniu EPDM i s\u0142u\u017c\u0105 do \u0142o\u017cyskowania d\u017awigar\u00f3w, belek, podci\u0105g\u00f3w.<\/p>\n<p>Produkty Leschuplast GLT stosowane s\u0105 w obiektach o niewielkich rozpi\u0119to\u015bciach element\u00f3w konstrukcyjnych, gdy przemieszczenia wzgl\u0119dne element\u00f3w na podporze s\u0105 nieznaczne i kompensowane poziomym odkszta\u0142ceniem samej podk\u0142adki. Dodatkowo wyr\u00f3wnuj\u0105 one nier\u00f3wno\u015bci i odchylenia od r\u00f3wnoleg\u0142o\u015bci na podporach.\n<\/p>\n<p>\nPodk\u0142adki elastomerowe niezbrojone N 15 i N 20 stosowane s\u0105 dla dopuszczalnych obci\u0105\u017ce\u0144 15 i 20 N\/mm2 oraz dla wymaga\u0144 odporno\u015bci ogniowej RE I 120.\n<\/p>\n<p>\nPodk\u0142adki produkowane s\u0105 w wymiarach od 100&#215;100 do 1000&#215;1400 mm, oraz grubo\u015bciach 5, 10, 15, 20 mm.<\/p>\n<p><a class=\"zobacz-wiecej\" href=\"https:\/\/ugwp.cfolks.pl\/bwb\/kontakt\/\"><i class=\"fa-sharp fa-solid fa-angle-right\"><\/i> SKONTAKTUJ SI\u0118<\/a>\n<\/div>\n<div class=\"col-12\"><a href=\"https:\/\/ugwp.cfolks.pl\/bwb\/kontakt\/\"><\/p>\n<h2>Podk\u0142adki elastomerowe \u015blizgowe<\/h2>\n<p><\/a><\/div>\n<div class=\"col-12 col-lg-6\">\n<p class=\"wstep\">Podk\u0142adki elastomerowe \u015blizgowe s\u0142u\u017c\u0105 do \u0142o\u017cyskowania d\u017awigar\u00f3w, belek, podci\u0105g\u00f3w itp. z du\u017cymi drogami przesuwu przy niskich obci\u0105\u017ceniach. W\u015br\u00f3d podk\u0142adek elastomerowych \u015blizgowych wyr\u00f3\u017cniamy podk\u0142adki typ NEG oraz B1EG.<\/p>\n<p>\u0141\u0105cz\u0105 one w sobie walory podk\u0142adek zbrojonych, w tym zdolno\u015b\u0107 do przenoszenia du\u017cych obrot\u00f3w, z mo\u017cliwo\u015bci\u0105 znacznych przesuw\u00f3w ograniczonych jedynie wymiarami p\u0142yty \u015blizgowej. Dodatkowo podk\u0142adki wyr\u00f3wnuj\u0105 odchylenia i nier\u00f3wno\u015bci powierzchni przylegaj\u0105cych.\n<\/p>\n<p>\nCharakteryzuj\u0105 si\u0119 one ma\u0142ym wsp\u00f3\u0142czynnikiem tarcia (\u03bc \u2264 0,04).\n<\/p>\n<p>\nTrzpienie podk\u0142adek B1EG odpowiadaj\u0105 w budowie materia\u0142owi \u0142o\u017cysk elastomerowych zbrojonych produkowanych wed\u0142ug normy EN 1337-3.\n<\/p>\n<p>\nPodk\u0142adki elastomerowe \u015blizgowe produkowane s\u0105 w wymiarach od 100&#215;100 do 300&#215;400 mm, wysoko\u015bci od 10 do 52 mm w zakresie obci\u0105\u017ce\u0144 od 2,4 do 15 N\/mm2.<\/p>\n<p><a class=\"zobacz-wiecej\" href=\"https:\/\/ugwp.cfolks.pl\/bwb\/kontakt\/\"><i class=\"fa-sharp fa-solid fa-angle-right\"><\/i> SKONTAKTUJ SI\u0118<\/a><\/div>\n<div class=\"col-12 col-lg-6\"><a href=\"https:\/\/ugwp.cfolks.pl\/bwb\/kontakt\/\"><img decoding=\"async\" src=\"https:\/\/ugwp.cfolks.pl\/bwb\/wp-content\/uploads\/4-2.jpg\" alt=\"Podk\u0142adki elastomerowe \u015blizgowe\" width=\"100%\" height=\"auto\" \/><\/a><\/div>\n<div class=\"col-12\"><a href=\"https:\/\/ugwp.cfolks.pl\/bwb\/kontakt\/\"><\/p>\n<h2>Podk\u0142adki ta\u015bmowe z rdzeniem elastomerowym<\/h2>\n<p><\/a><\/div>\n<div class=\"col-12 col-lg-6\"><a href=\"https:\/\/ugwp.cfolks.pl\/bwb\/kontakt\/\"><img decoding=\"async\" src=\"https:\/\/ugwp.cfolks.pl\/bwb\/wp-content\/uploads\/4-3.jpg\" alt=\"Podk\u0142adki ta\u015bmowe z rdzeniem elastomerowym\" width=\"100%\" height=\"auto\" \/><\/a><\/div>\n<div class=\"col-12 col-lg-6\">\n<p class=\"wstep\">Ten typ podk\u0142adek znajduje zastosowanie zar\u00f3wno w budownictwie prefabrykowanym jak i w obiektach budowlanych z betonu lanego. Oferta firmy Leschuplast GLT obejmuje 2 typy podk\u0142adek z rdzeniem elastomerowym: TDG 27 SZ oraz TD 21 S.<\/p>\n<p> Dzi\u0119ki idealnemu doborowi materia\u0142\u00f3w \u015blizgowych, wchodz\u0105cych w sk\u0142ad podk\u0142adki ta\u015bmowej z rdzeniem elastomerowym TDG 27 SZ, zminimalizowany zostaje wsp\u00f3\u0142czynnik tarcia przy jednoczesnym zachowaniu prawid\u0142owego \u0142o\u017cyska.\n<\/p>\n<p>\nPodk\u0142adki ta\u015bmowe z rdzeniem elastomerowym sta\u0142e TD 21 S, stosowane s\u0105 w celu wyznaczenia punktu sta\u0142ego lub w przypadku minimalnych przemieszcze\u0144 konstrukcji podpieranych np. stropu, dachu itp.\n<\/p>\n<p>\nPodk\u0142adki ta\u015bmowe z rdzeniem elastomerowym dostarczane s\u0105 w odcinkach 1,0 m i s\u0105 produkowane w wymiarach: szeroko\u015b\u0107 rdzenia 25, 50, 75, 100 mm, grubo\u015b\u0107 5, 10 mm w zakresie obci\u0105\u017ce\u0144 od 3 do 15 N\/mm2.<\/p>\n<p><a class=\"zobacz-wiecej\" href=\"https:\/\/ugwp.cfolks.pl\/bwb\/kontakt\/\"><i class=\"fa-sharp fa-solid fa-angle-right\"><\/i> SKONTAKTUJ SI\u0118<\/a>\n<\/div>\n<div class=\"col-12\"><a href=\"https:\/\/ugwp.cfolks.pl\/bwb\/kontakt\/\"><\/p>\n<h2>Folie \u015blizgowe<\/h2>\n<p><\/a><\/div>\n<div class=\"col-12 col-lg-6\">\n<p class=\"wstep\">Zastosowanie folii \u015blizgowych produkowanych przez Leschuplast GLT gwarantuje ograniczenie \u201ezakleszczania si\u0119\u201d element\u00f3w konstrukcyjnych budynku na skutek skurczu oraz rozszerzania si\u0119 pod wp\u0142ywem dzia\u0142ania temperatury na budynek.<\/p>\n<p>Produkty te znajduj\u0105 zastosowanie zar\u00f3wno w budownictwie wykonywanym w technologii monolitycznej (jednostronnie laminowane piank\u0105) jak r\u00f3wnie\u017c w budownictwie prefabrykowanym (dwustronnie laminowane piank\u0105 ochronn\u0105).\n<\/p>\n<p>\nCech\u0105 charakterystyczn\u0105 folii \u015blizgowych jest eliminacja zakleszczania si\u0119 element\u00f3w konstrukcyjnych obiektu na skutek zmiany ich wymiar\u00f3w. Dotyczy to du\u017cych powierzchni, kt\u00f3re wyst\u0119puj\u0105 w takich obiektach jak basen, zbiorniki na wod\u0119, lodowiska, powierzchnie fundament\u00f3w czy nawet p\u0142yty mostowe.\n<\/p>\n<p>\nFolie \u015blizgowe w zale\u017cno\u015bci od typu mog\u0105 by\u0107 stasowane dla obci\u0105\u017ce\u0144 od 0,5 do 10 N\/mm2.<\/p>\n<p><a class=\"zobacz-wiecej\" href=\"https:\/\/ugwp.cfolks.pl\/bwb\/kontakt\/\"><i class=\"fa-sharp fa-solid fa-angle-right\"><\/i> SKONTAKTUJ SI\u0118<\/a><\/div>\n<div class=\"col-12 col-lg-6\"><a href=\"https:\/\/ugwp.cfolks.pl\/bwb\/kontakt\/\"><img decoding=\"async\" src=\"https:\/\/ugwp.cfolks.pl\/bwb\/wp-content\/uploads\/4-4.jpg\" alt=\"Folie \u015blizgowe\" width=\"100%\" height=\"auto\" \/><\/a><\/div>\n<div class=\"col-12\"><a href=\"https:\/\/ugwp.cfolks.pl\/bwb\/kontakt\/\"><\/p>\n<h2>Podk\u0142adki akustyczne<\/h2>\n<p><\/a><\/div>\n<div class=\"col-12 col-lg-6\"><a href=\"https:\/\/ugwp.cfolks.pl\/bwb\/kontakt\/\"><img decoding=\"async\" src=\"https:\/\/ugwp.cfolks.pl\/bwb\/wp-content\/uploads\/4-5.jpg\" alt=\"Podk\u0142adki akustyczne\" width=\"100%\" height=\"auto\" \/><\/a><\/div>\n<div class=\"col-12 col-lg-6\">\n<p class=\"wstep\">Podk\u0142adki t\u0142umi\u0105ce SD przeznaczone s\u0105 do t\u0142umienia drga\u0144 i d\u017awi\u0119k\u00f3w w budynkach budownictwa og\u00f3lnego i konstrukcjach przemys\u0142owych.<\/p>\n<p>G\u0142\u00f3wne zastosowanie tego typu podk\u0142adek to biegi schodowe w budownictwie mieszkaniowym lub u\u017cyteczno\u015bci publicznej. Dodatkowo podk\u0142adki te gwarantuj\u0105 znoszenie obci\u0105\u017ce\u0144 i zapobiegaj\u0105 zbyt wysokim naciskom na kraw\u0119dzie i odpryskiwaniu element\u00f3w budowlanych.\n<\/p>\n<p>\nPoprawa izolacji akustycznej w stosunku do zastosowania standardowych podk\u0142adek elastomerowych wynosi co najmniej 28 dB. Najlepsze parametry t\u0142umi\u0105ce uzyskuje si\u0119 przy napr\u0119\u017ceniu 0,5 N\/mm2 \u2013 34 dB.\n<\/p>\n<p>\nFirma Leschuplast GLT rozwin\u0119\u0142a tak\u017ce inne podk\u0142adki akustyczne w oparciu o typ podstawowy SD, do kt\u00f3rych zaliczaj\u0105 si\u0119 typ Z, typ TD 21 SD oraz typ B.<\/p>\n<p><a class=\"zobacz-wiecej\" href=\"https:\/\/ugwp.cfolks.pl\/bwb\/kontakt\/\"><i class=\"fa-sharp fa-solid fa-angle-right\"><\/i>SKONTAKTUJ SI\u0118<\/a>\n<\/div>\n<div class=\"col-12\"><a href=\"https:\/\/ugwp.cfolks.pl\/bwb\/kontakt\/\"><\/p>\n<h2>Podk\u0142adki wyr\u00f3wnuj\u0105ce<\/h2>\n<p><\/a><\/div>\n<div class=\"col-12 col-lg-6\">\n<p class=\"wstep\">Podk\u0142adki wyr\u00f3wnuj\u0105ce Leschuplast GLT produkowane s\u0105 w dw\u00f3ch typach N3 i R5 z przeznaczeniem do stosowania w miejscach, gdzie wyst\u0119puj\u0105 niskie obci\u0105\u017cenia statyczne.<\/p>\n<p>Znajduj\u0105 one zastosowanie w budownictwie wysokim i in\u017cynieryjnym, a ich zadaniem jest oddzielanie element\u00f3w budowlanych le\u017c\u0105cych na sobie, wy\u015brodkowywanie obci\u0105\u017ce\u0144 pod nimi, wyr\u00f3wnywanie nier\u00f3wno\u015bci oraz odchyle\u0144 od r\u00f3wnoleg\u0142o\u015bci oraz przesuw\u00f3w element\u00f3w budowlanych z jedoczesnym przejmowaniem niewielkich si\u0142 oddzia\u0142ywuj\u0105cych na podpor\u0119.\n<\/p>\n<p>\nPodk\u0142adki produkowane s\u0105 z kauczuku etylenowo-propylenowo-dienowego o oznaczeniu EPDM oraz z elastomeru b\u0119d\u0105cego mieszank\u0105 poliuretanowo- gumow\u0105.\n<\/p>\n<p>\nPodk\u0142adki wyr\u00f3wnuj\u0105ce przesuwaj\u0105 si\u0119 horyzontalnie na skutek deformacji. Nale\u017cy pami\u0119ta\u0107, \u017ce podk\u0142adki typ N3 oraz CR w\u0142a\u015bciwe s\u0105 jedynie do obci\u0105\u017ce\u0144 statycznych.\n<\/p>\n<p>\nPodk\u0142adki wyr\u00f3wnuj\u0105ce produkowane s\u0105 w dowolnych wymiarach o grubo\u015bci 5, 10, 15 i 20 mm.<\/p>\n<p><a class=\"zobacz-wiecej\" href=\"https:\/\/ugwp.cfolks.pl\/bwb\/kontakt\/\"><i class=\"fa-sharp fa-solid fa-angle-right\"><\/i>SKONTAKTUJ SI\u0118<\/a><\/div>\n<div class=\"col-12 col-lg-6\"><a href=\"https:\/\/ugwp.cfolks.pl\/bwb\/kontakt\/\"><img decoding=\"async\" src=\"https:\/\/ugwp.cfolks.pl\/bwb\/wp-content\/uploads\/4-6.jpg\" alt=\"Podk\u0142adki wyr\u00f3wnuj\u0105ce\" width=\"100%\" height=\"auto\" \/><\/a><\/div>\n","protected":false},"excerpt":{"rendered":"<p>Podk\u0142adki elastomerowe niezbrojone Podk\u0142adki elastomerowe niezbrojone typ N 15 oraz N 20 s\u0105 typem podk\u0142adek nieprzesuwnych. Produkowane s\u0105 z kauczuku etylenowo-propylenowo-dienowego o oznaczeniu EPDM i s\u0142u\u017c\u0105 do \u0142o\u017cyskowania d\u017awigar\u00f3w, belek, podci\u0105g\u00f3w. Produkty Leschuplast GLT stosowane s\u0105 w obiektach o niewielkich rozpi\u0119to\u015bciach element\u00f3w konstrukcyjnych, gdy przemieszczenia wzgl\u0119dne element\u00f3w na podporze s\u0105 nieznaczne i kompensowane poziomym odkszta\u0142ceniem [&hellip;]<\/p>\n","protected":false},"author":1,"featured_media":0,"parent":0,"menu_order":0,"comment_status":"closed","ping_status":"closed","template":"page-kategoria.php","meta":{"_acf_changed":false,"footnotes":""},"class_list":["post-3477","page","type-page","status-publish","hentry"],"acf":[],"yoast_head":"<!-- This site is optimized with the Yoast SEO plugin v27.3 - https:\/\/yoast.com\/product\/yoast-seo-wordpress\/ -->\n<title>Podk\u0142adki Elastomerowe i Folie \u015alizgowe Innowacyjne Produkty<\/title>\n<meta name=\"description\" content=\"Podk\u0142adki Elastomerowe Niezbrojone Nieprzesuwne z Kauczuku Ta\u015bmowe z Rdzeniem Elastomerowym Folie \u015alizgowe Podk\u0142adki Akustyczne T\u0142umi\u0105ce Wyr\u00f3wnuj\u0105ce\" \/>\n<meta name=\"robots\" content=\"noindex, follow, max-snippet:-1, max-image-preview:large, max-video-preview:-1\" \/>\n<meta property=\"og:locale\" content=\"pl_PL\" \/>\n<meta property=\"og:type\" content=\"article\" \/>\n<meta property=\"og:title\" content=\"Podk\u0142adki Elastomerowe i Folie \u015alizgowe Innowacyjne Produkty\" \/>\n<meta property=\"og:description\" content=\"Podk\u0142adki Elastomerowe Niezbrojone Nieprzesuwne z Kauczuku Ta\u015bmowe z Rdzeniem Elastomerowym Folie \u015alizgowe Podk\u0142adki Akustyczne T\u0142umi\u0105ce Wyr\u00f3wnuj\u0105ce\" \/>\n<meta property=\"og:url\" content=\"https:\/\/ugwp.cfolks.pl\/bwb\/podkladki-elastomerowe-i-folie-slizgowe\/\" \/>\n<meta property=\"og:site_name\" content=\"BWB technology\" \/>\n<meta property=\"article:modified_time\" content=\"2024-08-30T12:50:55+00:00\" \/>\n<meta property=\"og:image\" content=\"https:\/\/ugwp.cfolks.pl\/bwb\/wp-content\/uploads\/4-1.jpg\" \/>\n<meta name=\"twitter:card\" content=\"summary_large_image\" \/>\n<meta name=\"twitter:label1\" content=\"Szacowany czas czytania\" \/>\n\t<meta name=\"twitter:data1\" content=\"6 minut\" \/>\n<script type=\"application\/ld+json\" class=\"yoast-schema-graph\">{\"@context\":\"https:\\\/\\\/schema.org\",\"@graph\":[{\"@type\":\"WebPage\",\"@id\":\"https:\\\/\\\/ugwp.cfolks.pl\\\/bwb\\\/podkladki-elastomerowe-i-folie-slizgowe\\\/\",\"url\":\"https:\\\/\\\/ugwp.cfolks.pl\\\/bwb\\\/podkladki-elastomerowe-i-folie-slizgowe\\\/\",\"name\":\"Podk\u0142adki Elastomerowe i Folie \u015alizgowe Innowacyjne Produkty\",\"isPartOf\":{\"@id\":\"https:\\\/\\\/ugwp.cfolks.pl\\\/bwb\\\/#website\"},\"primaryImageOfPage\":{\"@id\":\"https:\\\/\\\/ugwp.cfolks.pl\\\/bwb\\\/podkladki-elastomerowe-i-folie-slizgowe\\\/#primaryimage\"},\"image\":{\"@id\":\"https:\\\/\\\/ugwp.cfolks.pl\\\/bwb\\\/podkladki-elastomerowe-i-folie-slizgowe\\\/#primaryimage\"},\"thumbnailUrl\":\"https:\\\/\\\/ugwp.cfolks.pl\\\/bwb\\\/wp-content\\\/uploads\\\/4-1.jpg\",\"datePublished\":\"2023-02-26T19:44:53+00:00\",\"dateModified\":\"2024-08-30T12:50:55+00:00\",\"description\":\"Podk\u0142adki Elastomerowe Niezbrojone Nieprzesuwne z Kauczuku Ta\u015bmowe z Rdzeniem Elastomerowym Folie \u015alizgowe Podk\u0142adki Akustyczne T\u0142umi\u0105ce Wyr\u00f3wnuj\u0105ce\",\"breadcrumb\":{\"@id\":\"https:\\\/\\\/ugwp.cfolks.pl\\\/bwb\\\/podkladki-elastomerowe-i-folie-slizgowe\\\/#breadcrumb\"},\"inLanguage\":\"pl-PL\",\"potentialAction\":[{\"@type\":\"ReadAction\",\"target\":[\"https:\\\/\\\/ugwp.cfolks.pl\\\/bwb\\\/podkladki-elastomerowe-i-folie-slizgowe\\\/\"]}]},{\"@type\":\"ImageObject\",\"inLanguage\":\"pl-PL\",\"@id\":\"https:\\\/\\\/ugwp.cfolks.pl\\\/bwb\\\/podkladki-elastomerowe-i-folie-slizgowe\\\/#primaryimage\",\"url\":\"https:\\\/\\\/ugwp.cfolks.pl\\\/bwb\\\/wp-content\\\/uploads\\\/4-1.jpg\",\"contentUrl\":\"https:\\\/\\\/ugwp.cfolks.pl\\\/bwb\\\/wp-content\\\/uploads\\\/4-1.jpg\",\"width\":1100,\"height\":600},{\"@type\":\"BreadcrumbList\",\"@id\":\"https:\\\/\\\/ugwp.cfolks.pl\\\/bwb\\\/podkladki-elastomerowe-i-folie-slizgowe\\\/#breadcrumb\",\"itemListElement\":[{\"@type\":\"ListItem\",\"position\":1,\"name\":\"Strona g\u0142\u00f3wna\",\"item\":\"https:\\\/\\\/ugwp.cfolks.pl\\\/bwb\\\/\"},{\"@type\":\"ListItem\",\"position\":2,\"name\":\"Podk\u0142adki elastomerowe i folie \u015blizgowe\"}]},{\"@type\":\"WebSite\",\"@id\":\"https:\\\/\\\/ugwp.cfolks.pl\\\/bwb\\\/#website\",\"url\":\"https:\\\/\\\/ugwp.cfolks.pl\\\/bwb\\\/\",\"name\":\"BWB technology\",\"description\":\"Kolejna witryna oparta na WordPressie\",\"potentialAction\":[{\"@type\":\"SearchAction\",\"target\":{\"@type\":\"EntryPoint\",\"urlTemplate\":\"https:\\\/\\\/ugwp.cfolks.pl\\\/bwb\\\/?s={search_term_string}\"},\"query-input\":{\"@type\":\"PropertyValueSpecification\",\"valueRequired\":true,\"valueName\":\"search_term_string\"}}],\"inLanguage\":\"pl-PL\"}]}<\/script>\n<!-- \/ Yoast SEO plugin. -->","yoast_head_json":{"title":"Podk\u0142adki Elastomerowe i Folie \u015alizgowe Innowacyjne Produkty","description":"Podk\u0142adki Elastomerowe Niezbrojone Nieprzesuwne z Kauczuku Ta\u015bmowe z Rdzeniem Elastomerowym Folie \u015alizgowe Podk\u0142adki Akustyczne T\u0142umi\u0105ce Wyr\u00f3wnuj\u0105ce","robots":{"index":"noindex","follow":"follow","max-snippet":"max-snippet:-1","max-image-preview":"max-image-preview:large","max-video-preview":"max-video-preview:-1"},"og_locale":"pl_PL","og_type":"article","og_title":"Podk\u0142adki Elastomerowe i Folie \u015alizgowe Innowacyjne Produkty","og_description":"Podk\u0142adki Elastomerowe Niezbrojone Nieprzesuwne z Kauczuku Ta\u015bmowe z Rdzeniem Elastomerowym Folie \u015alizgowe Podk\u0142adki Akustyczne T\u0142umi\u0105ce Wyr\u00f3wnuj\u0105ce","og_url":"https:\/\/ugwp.cfolks.pl\/bwb\/podkladki-elastomerowe-i-folie-slizgowe\/","og_site_name":"BWB technology","article_modified_time":"2024-08-30T12:50:55+00:00","og_image":[{"url":"https:\/\/ugwp.cfolks.pl\/bwb\/wp-content\/uploads\/4-1.jpg","type":"","width":"","height":""}],"twitter_card":"summary_large_image","twitter_misc":{"Szacowany czas czytania":"6 minut"},"schema":{"@context":"https:\/\/schema.org","@graph":[{"@type":"WebPage","@id":"https:\/\/ugwp.cfolks.pl\/bwb\/podkladki-elastomerowe-i-folie-slizgowe\/","url":"https:\/\/ugwp.cfolks.pl\/bwb\/podkladki-elastomerowe-i-folie-slizgowe\/","name":"Podk\u0142adki Elastomerowe i Folie \u015alizgowe Innowacyjne Produkty","isPartOf":{"@id":"https:\/\/ugwp.cfolks.pl\/bwb\/#website"},"primaryImageOfPage":{"@id":"https:\/\/ugwp.cfolks.pl\/bwb\/podkladki-elastomerowe-i-folie-slizgowe\/#primaryimage"},"image":{"@id":"https:\/\/ugwp.cfolks.pl\/bwb\/podkladki-elastomerowe-i-folie-slizgowe\/#primaryimage"},"thumbnailUrl":"https:\/\/ugwp.cfolks.pl\/bwb\/wp-content\/uploads\/4-1.jpg","datePublished":"2023-02-26T19:44:53+00:00","dateModified":"2024-08-30T12:50:55+00:00","description":"Podk\u0142adki Elastomerowe Niezbrojone Nieprzesuwne z Kauczuku Ta\u015bmowe z Rdzeniem Elastomerowym Folie \u015alizgowe Podk\u0142adki Akustyczne T\u0142umi\u0105ce Wyr\u00f3wnuj\u0105ce","breadcrumb":{"@id":"https:\/\/ugwp.cfolks.pl\/bwb\/podkladki-elastomerowe-i-folie-slizgowe\/#breadcrumb"},"inLanguage":"pl-PL","potentialAction":[{"@type":"ReadAction","target":["https:\/\/ugwp.cfolks.pl\/bwb\/podkladki-elastomerowe-i-folie-slizgowe\/"]}]},{"@type":"ImageObject","inLanguage":"pl-PL","@id":"https:\/\/ugwp.cfolks.pl\/bwb\/podkladki-elastomerowe-i-folie-slizgowe\/#primaryimage","url":"https:\/\/ugwp.cfolks.pl\/bwb\/wp-content\/uploads\/4-1.jpg","contentUrl":"https:\/\/ugwp.cfolks.pl\/bwb\/wp-content\/uploads\/4-1.jpg","width":1100,"height":600},{"@type":"BreadcrumbList","@id":"https:\/\/ugwp.cfolks.pl\/bwb\/podkladki-elastomerowe-i-folie-slizgowe\/#breadcrumb","itemListElement":[{"@type":"ListItem","position":1,"name":"Strona g\u0142\u00f3wna","item":"https:\/\/ugwp.cfolks.pl\/bwb\/"},{"@type":"ListItem","position":2,"name":"Podk\u0142adki elastomerowe i folie \u015blizgowe"}]},{"@type":"WebSite","@id":"https:\/\/ugwp.cfolks.pl\/bwb\/#website","url":"https:\/\/ugwp.cfolks.pl\/bwb\/","name":"BWB technology","description":"Kolejna witryna oparta na WordPressie","potentialAction":[{"@type":"SearchAction","target":{"@type":"EntryPoint","urlTemplate":"https:\/\/ugwp.cfolks.pl\/bwb\/?s={search_term_string}"},"query-input":{"@type":"PropertyValueSpecification","valueRequired":true,"valueName":"search_term_string"}}],"inLanguage":"pl-PL"}]}},"_links":{"self":[{"href":"https:\/\/ugwp.cfolks.pl\/bwb\/wp-json\/wp\/v2\/pages\/3477","targetHints":{"allow":["GET"]}}],"collection":[{"href":"https:\/\/ugwp.cfolks.pl\/bwb\/wp-json\/wp\/v2\/pages"}],"about":[{"href":"https:\/\/ugwp.cfolks.pl\/bwb\/wp-json\/wp\/v2\/types\/page"}],"author":[{"embeddable":true,"href":"https:\/\/ugwp.cfolks.pl\/bwb\/wp-json\/wp\/v2\/users\/1"}],"replies":[{"embeddable":true,"href":"https:\/\/ugwp.cfolks.pl\/bwb\/wp-json\/wp\/v2\/comments?post=3477"}],"version-history":[{"count":18,"href":"https:\/\/ugwp.cfolks.pl\/bwb\/wp-json\/wp\/v2\/pages\/3477\/revisions"}],"predecessor-version":[{"id":6423,"href":"https:\/\/ugwp.cfolks.pl\/bwb\/wp-json\/wp\/v2\/pages\/3477\/revisions\/6423"}],"wp:attachment":[{"href":"https:\/\/ugwp.cfolks.pl\/bwb\/wp-json\/wp\/v2\/media?parent=3477"}],"curies":[{"name":"wp","href":"https:\/\/api.w.org\/{rel}","templated":true}]}}