{"id":3414,"date":"2023-02-21T20:18:05","date_gmt":"2023-02-21T19:18:05","guid":{"rendered":"https:\/\/ugwp.cfolks.pl\/bwb\/?page_id=3414"},"modified":"2023-03-05T23:11:26","modified_gmt":"2023-03-05T22:11:26","slug":"zbrojenie-odginane-dwurzedowe-standardowe","status":"publish","type":"page","link":"https:\/\/ugwp.cfolks.pl\/bwb\/systemy-zbrojenia-betonu\/zbrojenie-odginane-dwurzedowe-standardowe\/","title":{"rendered":"Zbrojenie odginane dwurz\u0119dowe standardowe"},"content":{"rendered":"<div class=\"row kategoria-produktow\">\n<div class=\"col-lg-3\"><a href=\"https:\/\/ugwp.cfolks.pl\/bwb\/produkt\/zbrojenie-odginane-dwurzedowe-standardowe-typ-b-bwt-120\/\" ><img width=\"100%\" height=\"auto\" src=\"https:\/\/ugwp.cfolks.pl\/bwb\/wp-content\/uploads\/Zbrojenie-odginane-dwurzedowe-standardowe-Typ-B-\u2013-BWT-120-640x471.jpg\"  alt=\"Zbrojenie odginane dwurz\u0119dowe standardowe Typ B \u2013 BWT 120\" decoding=\"async\" loading=\"lazy\" srcset=\"https:\/\/ugwp.cfolks.pl\/bwb\/wp-content\/uploads\/Zbrojenie-odginane-dwurzedowe-standardowe-Typ-B-\u2013-BWT-120-640x471.jpg 640w, https:\/\/ugwp.cfolks.pl\/bwb\/wp-content\/uploads\/Zbrojenie-odginane-dwurzedowe-standardowe-Typ-B-\u2013-BWT-120-300x221.jpg 300w, https:\/\/ugwp.cfolks.pl\/bwb\/wp-content\/uploads\/Zbrojenie-odginane-dwurzedowe-standardowe-Typ-B-\u2013-BWT-120-1024x754.jpg 1024w, https:\/\/ugwp.cfolks.pl\/bwb\/wp-content\/uploads\/Zbrojenie-odginane-dwurzedowe-standardowe-Typ-B-\u2013-BWT-120-150x110.jpg 150w, https:\/\/ugwp.cfolks.pl\/bwb\/wp-content\/uploads\/Zbrojenie-odginane-dwurzedowe-standardowe-Typ-B-\u2013-BWT-120-768x566.jpg 768w, https:\/\/ugwp.cfolks.pl\/bwb\/wp-content\/uploads\/Zbrojenie-odginane-dwurzedowe-standardowe-Typ-B-\u2013-BWT-120.jpg 1100w\" sizes=\"auto, (max-width: 640px) 100vw, 640px\" \/><\/p>\n<h2>Zbrojenie odginane dwurz\u0119dowe standardowe Typ B \u2013 BWT 120<\/h2>\n<p><\/a><\/div>\n<div class=\"col-lg-3\"><a href=\"https:\/\/ugwp.cfolks.pl\/bwb\/produkt\/zbrojenie-odginane-dwurzedowe-standardowe-typ-b-bwt-150\/\" ><img width=\"100%\" height=\"auto\" src=\"https:\/\/ugwp.cfolks.pl\/bwb\/wp-content\/uploads\/Zbrojenie-odginane-dwurzedowe-standardowe-Typ-B-\u2013-BWT-150-640x471.jpg\"  alt=\"Zbrojenie odginane dwurz\u0119dowe standardowe Typ B \u2013 BWT 150\" decoding=\"async\" loading=\"lazy\" srcset=\"https:\/\/ugwp.cfolks.pl\/bwb\/wp-content\/uploads\/Zbrojenie-odginane-dwurzedowe-standardowe-Typ-B-\u2013-BWT-150-640x471.jpg 640w, https:\/\/ugwp.cfolks.pl\/bwb\/wp-content\/uploads\/Zbrojenie-odginane-dwurzedowe-standardowe-Typ-B-\u2013-BWT-150-300x221.jpg 300w, https:\/\/ugwp.cfolks.pl\/bwb\/wp-content\/uploads\/Zbrojenie-odginane-dwurzedowe-standardowe-Typ-B-\u2013-BWT-150-1024x754.jpg 1024w, https:\/\/ugwp.cfolks.pl\/bwb\/wp-content\/uploads\/Zbrojenie-odginane-dwurzedowe-standardowe-Typ-B-\u2013-BWT-150-150x110.jpg 150w, https:\/\/ugwp.cfolks.pl\/bwb\/wp-content\/uploads\/Zbrojenie-odginane-dwurzedowe-standardowe-Typ-B-\u2013-BWT-150-768x566.jpg 768w, https:\/\/ugwp.cfolks.pl\/bwb\/wp-content\/uploads\/Zbrojenie-odginane-dwurzedowe-standardowe-Typ-B-\u2013-BWT-150.jpg 1100w\" sizes=\"auto, (max-width: 640px) 100vw, 640px\" \/><\/p>\n<h2>Zbrojenie odginane dwurz\u0119dowe standardowe Typ B \u2013 BWT 150<\/h2>\n<p><\/a><\/div>\n<div class=\"col-lg-3\"><a href=\"https:\/\/ugwp.cfolks.pl\/bwb\/produkt\/zbrojenie-odginane-dwurzedowe-standardowe-typ-b-bwt-170\/\" ><img width=\"100%\" height=\"auto\" src=\"https:\/\/ugwp.cfolks.pl\/bwb\/wp-content\/uploads\/Zbrojenie-odginane-dwurzedowe-standardowe-Typ-B-\u2013-BWT-170-640x471.jpg\"  alt=\"Zbrojenie odginane dwurz\u0119dowe standardowe Typ B \u2013 BWT 170\" decoding=\"async\" loading=\"lazy\" srcset=\"https:\/\/ugwp.cfolks.pl\/bwb\/wp-content\/uploads\/Zbrojenie-odginane-dwurzedowe-standardowe-Typ-B-\u2013-BWT-170-640x471.jpg 640w, https:\/\/ugwp.cfolks.pl\/bwb\/wp-content\/uploads\/Zbrojenie-odginane-dwurzedowe-standardowe-Typ-B-\u2013-BWT-170-300x221.jpg 300w, https:\/\/ugwp.cfolks.pl\/bwb\/wp-content\/uploads\/Zbrojenie-odginane-dwurzedowe-standardowe-Typ-B-\u2013-BWT-170-1024x754.jpg 1024w, https:\/\/ugwp.cfolks.pl\/bwb\/wp-content\/uploads\/Zbrojenie-odginane-dwurzedowe-standardowe-Typ-B-\u2013-BWT-170-150x110.jpg 150w, https:\/\/ugwp.cfolks.pl\/bwb\/wp-content\/uploads\/Zbrojenie-odginane-dwurzedowe-standardowe-Typ-B-\u2013-BWT-170-768x566.jpg 768w, https:\/\/ugwp.cfolks.pl\/bwb\/wp-content\/uploads\/Zbrojenie-odginane-dwurzedowe-standardowe-Typ-B-\u2013-BWT-170.jpg 1100w\" sizes=\"auto, (max-width: 640px) 100vw, 640px\" \/><\/p>\n<h2>Zbrojenie odginane dwurz\u0119dowe standardowe Typ B \u2013 BWT 170<\/h2>\n<p><\/a><\/div>\n<div class=\"col-lg-3\"><a href=\"https:\/\/ugwp.cfolks.pl\/bwb\/produkt\/zbrojenie-odginane-dwurzedowe-standardowe-typ-b-bwt-190\/\" ><img width=\"100%\" height=\"auto\" src=\"https:\/\/ugwp.cfolks.pl\/bwb\/wp-content\/uploads\/Zbrojenie-odginane-dwurzedowe-standardowe-Typ-B-\u2013-BWT-190-640x471.jpg\"  alt=\"Zbrojenie odginane dwurz\u0119dowe standardowe Typ B \u2013 BWT 190\" decoding=\"async\" loading=\"lazy\" srcset=\"https:\/\/ugwp.cfolks.pl\/bwb\/wp-content\/uploads\/Zbrojenie-odginane-dwurzedowe-standardowe-Typ-B-\u2013-BWT-190-640x471.jpg 640w, https:\/\/ugwp.cfolks.pl\/bwb\/wp-content\/uploads\/Zbrojenie-odginane-dwurzedowe-standardowe-Typ-B-\u2013-BWT-190-300x221.jpg 300w, https:\/\/ugwp.cfolks.pl\/bwb\/wp-content\/uploads\/Zbrojenie-odginane-dwurzedowe-standardowe-Typ-B-\u2013-BWT-190-1024x754.jpg 1024w, https:\/\/ugwp.cfolks.pl\/bwb\/wp-content\/uploads\/Zbrojenie-odginane-dwurzedowe-standardowe-Typ-B-\u2013-BWT-190-150x110.jpg 150w, https:\/\/ugwp.cfolks.pl\/bwb\/wp-content\/uploads\/Zbrojenie-odginane-dwurzedowe-standardowe-Typ-B-\u2013-BWT-190-768x566.jpg 768w, https:\/\/ugwp.cfolks.pl\/bwb\/wp-content\/uploads\/Zbrojenie-odginane-dwurzedowe-standardowe-Typ-B-\u2013-BWT-190.jpg 1100w\" sizes=\"auto, (max-width: 640px) 100vw, 640px\" \/><\/p>\n<h2>Zbrojenie odginane dwurz\u0119dowe standardowe Typ B \u2013 BWT 190<\/h2>\n<p><\/a><\/div>\n<div class=\"col-lg-3\"><a href=\"https:\/\/ugwp.cfolks.pl\/bwb\/produkt\/zbrojenie-odginane-dwurzedowe-standardowe-typ-b-bwt-220\/\" ><img width=\"100%\" height=\"auto\" src=\"https:\/\/ugwp.cfolks.pl\/bwb\/wp-content\/uploads\/Zbrojenie-odginane-dwurzedowe-standardowe-Typ-B-\u2013-BWT-220-640x471.jpg\"  alt=\"Zbrojenie odginane dwurz\u0119dowe standardowe Typ B \u2013 BWT 220\" decoding=\"async\" loading=\"lazy\" srcset=\"https:\/\/ugwp.cfolks.pl\/bwb\/wp-content\/uploads\/Zbrojenie-odginane-dwurzedowe-standardowe-Typ-B-\u2013-BWT-220-640x471.jpg 640w, https:\/\/ugwp.cfolks.pl\/bwb\/wp-content\/uploads\/Zbrojenie-odginane-dwurzedowe-standardowe-Typ-B-\u2013-BWT-220-300x221.jpg 300w, https:\/\/ugwp.cfolks.pl\/bwb\/wp-content\/uploads\/Zbrojenie-odginane-dwurzedowe-standardowe-Typ-B-\u2013-BWT-220-1024x754.jpg 1024w, https:\/\/ugwp.cfolks.pl\/bwb\/wp-content\/uploads\/Zbrojenie-odginane-dwurzedowe-standardowe-Typ-B-\u2013-BWT-220-150x110.jpg 150w, https:\/\/ugwp.cfolks.pl\/bwb\/wp-content\/uploads\/Zbrojenie-odginane-dwurzedowe-standardowe-Typ-B-\u2013-BWT-220-768x566.jpg 768w, https:\/\/ugwp.cfolks.pl\/bwb\/wp-content\/uploads\/Zbrojenie-odginane-dwurzedowe-standardowe-Typ-B-\u2013-BWT-220.jpg 1100w\" sizes=\"auto, (max-width: 640px) 100vw, 640px\" \/><\/p>\n<h2>Zbrojenie odginane dwurz\u0119dowe standardowe Typ B \u2013 BWT 220<\/h2>\n<p><\/a><\/div>\n<div class=\"col-lg-3\"><a href=\"https:\/\/ugwp.cfolks.pl\/bwb\/produkt\/zbrojenie-odginane-dwurzedowe-standardowe-typ-b-bwt-240\/\" ><img width=\"100%\" height=\"auto\" src=\"https:\/\/ugwp.cfolks.pl\/bwb\/wp-content\/uploads\/Zbrojenie-odginane-dwurzedowe-standardowe-Typ-B-\u2013-BWT-240-640x471.jpg\"  alt=\"Zbrojenie odginane dwurz\u0119dowe standardowe Typ B \u2013 BWT 240\" decoding=\"async\" loading=\"lazy\" srcset=\"https:\/\/ugwp.cfolks.pl\/bwb\/wp-content\/uploads\/Zbrojenie-odginane-dwurzedowe-standardowe-Typ-B-\u2013-BWT-240-640x471.jpg 640w, https:\/\/ugwp.cfolks.pl\/bwb\/wp-content\/uploads\/Zbrojenie-odginane-dwurzedowe-standardowe-Typ-B-\u2013-BWT-240-300x221.jpg 300w, https:\/\/ugwp.cfolks.pl\/bwb\/wp-content\/uploads\/Zbrojenie-odginane-dwurzedowe-standardowe-Typ-B-\u2013-BWT-240-1024x754.jpg 1024w, https:\/\/ugwp.cfolks.pl\/bwb\/wp-content\/uploads\/Zbrojenie-odginane-dwurzedowe-standardowe-Typ-B-\u2013-BWT-240-150x110.jpg 150w, https:\/\/ugwp.cfolks.pl\/bwb\/wp-content\/uploads\/Zbrojenie-odginane-dwurzedowe-standardowe-Typ-B-\u2013-BWT-240-768x566.jpg 768w, https:\/\/ugwp.cfolks.pl\/bwb\/wp-content\/uploads\/Zbrojenie-odginane-dwurzedowe-standardowe-Typ-B-\u2013-BWT-240.jpg 1100w\" sizes=\"auto, (max-width: 640px) 100vw, 640px\" \/><\/p>\n<h2>Zbrojenie odginane dwurz\u0119dowe standardowe Typ B \u2013 BWT 240<\/h2>\n<p><\/a><\/div>\n<div class=\"col-lg-3\"><a href=\"https:\/\/ugwp.cfolks.pl\/bwb\/produkt\/zbrojenie-odginane-dwurzedowe-standardowe-typ-b-bwa-06\/\" ><img width=\"100%\" height=\"auto\" src=\"https:\/\/ugwp.cfolks.pl\/bwb\/wp-content\/uploads\/Zbrojenie-odginane-dwurzedowe-standardowe-Typ-B-\u2013-BWA-06-640x471.jpg\"  alt=\"Zbrojenie odginane dwurz\u0119dowe standardowe Typ B \u2013 BWA 06\" decoding=\"async\" loading=\"lazy\" srcset=\"https:\/\/ugwp.cfolks.pl\/bwb\/wp-content\/uploads\/Zbrojenie-odginane-dwurzedowe-standardowe-Typ-B-\u2013-BWA-06-640x471.jpg 640w, https:\/\/ugwp.cfolks.pl\/bwb\/wp-content\/uploads\/Zbrojenie-odginane-dwurzedowe-standardowe-Typ-B-\u2013-BWA-06-300x221.jpg 300w, https:\/\/ugwp.cfolks.pl\/bwb\/wp-content\/uploads\/Zbrojenie-odginane-dwurzedowe-standardowe-Typ-B-\u2013-BWA-06-1024x754.jpg 1024w, https:\/\/ugwp.cfolks.pl\/bwb\/wp-content\/uploads\/Zbrojenie-odginane-dwurzedowe-standardowe-Typ-B-\u2013-BWA-06-150x110.jpg 150w, https:\/\/ugwp.cfolks.pl\/bwb\/wp-content\/uploads\/Zbrojenie-odginane-dwurzedowe-standardowe-Typ-B-\u2013-BWA-06-768x566.jpg 768w, https:\/\/ugwp.cfolks.pl\/bwb\/wp-content\/uploads\/Zbrojenie-odginane-dwurzedowe-standardowe-Typ-B-\u2013-BWA-06.jpg 1100w\" sizes=\"auto, (max-width: 640px) 100vw, 640px\" \/><\/p>\n<h2>Zbrojenie odginane dwurz\u0119dowe standardowe Typ B \u2013 BWA 06<\/h2>\n<p><\/a><\/div>\n<div class=\"col-lg-3\"><a href=\"https:\/\/ugwp.cfolks.pl\/bwb\/produkt\/zbrojenie-odginane-dwurzedowe-standardowe-typ-b-bwa-08\/\" ><img width=\"100%\" height=\"auto\" src=\"https:\/\/ugwp.cfolks.pl\/bwb\/wp-content\/uploads\/Zbrojenie-odginane-dwurzedowe-standardowe-Typ-B-\u2013-BWA-08-640x471.jpg\"  alt=\"Zbrojenie odginane dwurz\u0119dowe standardowe Typ B \u2013 BWA 08\" decoding=\"async\" loading=\"lazy\" srcset=\"https:\/\/ugwp.cfolks.pl\/bwb\/wp-content\/uploads\/Zbrojenie-odginane-dwurzedowe-standardowe-Typ-B-\u2013-BWA-08-640x471.jpg 640w, https:\/\/ugwp.cfolks.pl\/bwb\/wp-content\/uploads\/Zbrojenie-odginane-dwurzedowe-standardowe-Typ-B-\u2013-BWA-08-300x221.jpg 300w, https:\/\/ugwp.cfolks.pl\/bwb\/wp-content\/uploads\/Zbrojenie-odginane-dwurzedowe-standardowe-Typ-B-\u2013-BWA-08-1024x754.jpg 1024w, https:\/\/ugwp.cfolks.pl\/bwb\/wp-content\/uploads\/Zbrojenie-odginane-dwurzedowe-standardowe-Typ-B-\u2013-BWA-08-150x110.jpg 150w, https:\/\/ugwp.cfolks.pl\/bwb\/wp-content\/uploads\/Zbrojenie-odginane-dwurzedowe-standardowe-Typ-B-\u2013-BWA-08-768x566.jpg 768w, https:\/\/ugwp.cfolks.pl\/bwb\/wp-content\/uploads\/Zbrojenie-odginane-dwurzedowe-standardowe-Typ-B-\u2013-BWA-08.jpg 1100w\" sizes=\"auto, (max-width: 640px) 100vw, 640px\" \/><\/p>\n<h2>Zbrojenie odginane dwurz\u0119dowe standardowe Typ B \u2013 BWA 08<\/h2>\n<p><\/a><\/div>\n<div class=\"col-lg-3\"><a href=\"https:\/\/ugwp.cfolks.pl\/bwb\/produkt\/zbrojenie-odginane-dwurzedowe-standardowe-typ-b-bwa-09\/\" ><img width=\"100%\" height=\"auto\" src=\"https:\/\/ugwp.cfolks.pl\/bwb\/wp-content\/uploads\/Zbrojenie-odginane-dwurzedowe-standardowe-Typ-B-\u2013-BWA-09-640x471.jpg\"  alt=\"Zbrojenie odginane dwurz\u0119dowe standardowe Typ B \u2013 BWA 09\" decoding=\"async\" loading=\"lazy\" srcset=\"https:\/\/ugwp.cfolks.pl\/bwb\/wp-content\/uploads\/Zbrojenie-odginane-dwurzedowe-standardowe-Typ-B-\u2013-BWA-09-640x471.jpg 640w, https:\/\/ugwp.cfolks.pl\/bwb\/wp-content\/uploads\/Zbrojenie-odginane-dwurzedowe-standardowe-Typ-B-\u2013-BWA-09-300x221.jpg 300w, https:\/\/ugwp.cfolks.pl\/bwb\/wp-content\/uploads\/Zbrojenie-odginane-dwurzedowe-standardowe-Typ-B-\u2013-BWA-09-1024x754.jpg 1024w, https:\/\/ugwp.cfolks.pl\/bwb\/wp-content\/uploads\/Zbrojenie-odginane-dwurzedowe-standardowe-Typ-B-\u2013-BWA-09-150x110.jpg 150w, https:\/\/ugwp.cfolks.pl\/bwb\/wp-content\/uploads\/Zbrojenie-odginane-dwurzedowe-standardowe-Typ-B-\u2013-BWA-09-768x566.jpg 768w, https:\/\/ugwp.cfolks.pl\/bwb\/wp-content\/uploads\/Zbrojenie-odginane-dwurzedowe-standardowe-Typ-B-\u2013-BWA-09.jpg 1100w\" sizes=\"auto, (max-width: 640px) 100vw, 640px\" \/><\/p>\n<h2>Zbrojenie odginane dwurz\u0119dowe standardowe Typ B \u2013 BWA 09<\/h2>\n<p><\/a><\/div>\n<\/div>\n","protected":false},"excerpt":{"rendered":"<p>Zbrojenie odginane dwurz\u0119dowe standardowe Typ B \u2013 BWT 120 Zbrojenie odginane dwurz\u0119dowe standardowe Typ B \u2013 BWT 150 Zbrojenie odginane dwurz\u0119dowe standardowe Typ B \u2013 BWT 170 Zbrojenie odginane dwurz\u0119dowe standardowe Typ B \u2013 BWT 190 Zbrojenie odginane dwurz\u0119dowe standardowe Typ B \u2013 BWT 220 Zbrojenie odginane dwurz\u0119dowe standardowe Typ B \u2013 BWT 240 Zbrojenie [&hellip;]<\/p>\n","protected":false},"author":1,"featured_media":0,"parent":3407,"menu_order":0,"comment_status":"closed","ping_status":"closed","template":"page-kategoria-produktow.php","meta":{"_acf_changed":false,"footnotes":""},"class_list":["post-3414","page","type-page","status-publish","hentry"],"acf":[],"yoast_head":"<!-- This site is optimized with the Yoast SEO plugin v27.3 - https:\/\/yoast.com\/product\/yoast-seo-wordpress\/ -->\n<title>Zbrojenia Odginane Dwurz\u0119dowe Standardowe Innowacyjne Produkty<\/title>\n<meta name=\"description\" content=\"Uci\u0105glenie Zbrojenia Odginane Dwurz\u0119dowe Stalowe Standardowe Do Po\u0142\u0105cze\u0144 \u017belbetowych Monolitycznych Betonowych Odcinkowo i Konstrukcji Prefabrykowanych\" \/>\n<meta name=\"robots\" content=\"noindex, follow, max-snippet:-1, max-image-preview:large, max-video-preview:-1\" \/>\n<meta property=\"og:locale\" content=\"pl_PL\" \/>\n<meta property=\"og:type\" content=\"article\" \/>\n<meta property=\"og:title\" content=\"Zbrojenia Odginane Dwurz\u0119dowe Standardowe Innowacyjne Produkty\" \/>\n<meta property=\"og:description\" content=\"Uci\u0105glenie Zbrojenia Odginane Dwurz\u0119dowe Stalowe Standardowe Do Po\u0142\u0105cze\u0144 \u017belbetowych Monolitycznych Betonowych Odcinkowo i Konstrukcji Prefabrykowanych\" \/>\n<meta property=\"og:url\" content=\"https:\/\/ugwp.cfolks.pl\/bwb\/systemy-zbrojenia-betonu\/zbrojenie-odginane-dwurzedowe-standardowe\/\" \/>\n<meta property=\"og:site_name\" content=\"BWB technology\" \/>\n<meta property=\"article:modified_time\" content=\"2023-03-05T22:11:26+00:00\" \/>\n<meta name=\"twitter:card\" content=\"summary_large_image\" \/>\n<meta name=\"twitter:label1\" content=\"Szacowany czas czytania\" \/>\n\t<meta name=\"twitter:data1\" content=\"3 minuty\" \/>\n<script type=\"application\/ld+json\" class=\"yoast-schema-graph\">{\"@context\":\"https:\\\/\\\/schema.org\",\"@graph\":[{\"@type\":\"WebPage\",\"@id\":\"https:\\\/\\\/ugwp.cfolks.pl\\\/bwb\\\/systemy-zbrojenia-betonu\\\/zbrojenie-odginane-dwurzedowe-standardowe\\\/\",\"url\":\"https:\\\/\\\/ugwp.cfolks.pl\\\/bwb\\\/systemy-zbrojenia-betonu\\\/zbrojenie-odginane-dwurzedowe-standardowe\\\/\",\"name\":\"Zbrojenia Odginane Dwurz\u0119dowe Standardowe Innowacyjne Produkty\",\"isPartOf\":{\"@id\":\"https:\\\/\\\/ugwp.cfolks.pl\\\/bwb\\\/#website\"},\"datePublished\":\"2023-02-21T19:18:05+00:00\",\"dateModified\":\"2023-03-05T22:11:26+00:00\",\"description\":\"Uci\u0105glenie Zbrojenia Odginane Dwurz\u0119dowe Stalowe Standardowe Do Po\u0142\u0105cze\u0144 \u017belbetowych Monolitycznych Betonowych Odcinkowo i Konstrukcji Prefabrykowanych\",\"breadcrumb\":{\"@id\":\"https:\\\/\\\/ugwp.cfolks.pl\\\/bwb\\\/systemy-zbrojenia-betonu\\\/zbrojenie-odginane-dwurzedowe-standardowe\\\/#breadcrumb\"},\"inLanguage\":\"pl-PL\",\"potentialAction\":[{\"@type\":\"ReadAction\",\"target\":[\"https:\\\/\\\/ugwp.cfolks.pl\\\/bwb\\\/systemy-zbrojenia-betonu\\\/zbrojenie-odginane-dwurzedowe-standardowe\\\/\"]}]},{\"@type\":\"BreadcrumbList\",\"@id\":\"https:\\\/\\\/ugwp.cfolks.pl\\\/bwb\\\/systemy-zbrojenia-betonu\\\/zbrojenie-odginane-dwurzedowe-standardowe\\\/#breadcrumb\",\"itemListElement\":[{\"@type\":\"ListItem\",\"position\":1,\"name\":\"Strona g\u0142\u00f3wna\",\"item\":\"https:\\\/\\\/ugwp.cfolks.pl\\\/bwb\\\/\"},{\"@type\":\"ListItem\",\"position\":2,\"name\":\"Systemy zbrojenia betonu\",\"item\":\"https:\\\/\\\/ugwp.cfolks.pl\\\/bwb\\\/systemy-zbrojenia-betonu\\\/\"},{\"@type\":\"ListItem\",\"position\":3,\"name\":\"Zbrojenie odginane dwurz\u0119dowe standardowe\"}]},{\"@type\":\"WebSite\",\"@id\":\"https:\\\/\\\/ugwp.cfolks.pl\\\/bwb\\\/#website\",\"url\":\"https:\\\/\\\/ugwp.cfolks.pl\\\/bwb\\\/\",\"name\":\"BWB technology\",\"description\":\"Kolejna witryna oparta na WordPressie\",\"potentialAction\":[{\"@type\":\"SearchAction\",\"target\":{\"@type\":\"EntryPoint\",\"urlTemplate\":\"https:\\\/\\\/ugwp.cfolks.pl\\\/bwb\\\/?s={search_term_string}\"},\"query-input\":{\"@type\":\"PropertyValueSpecification\",\"valueRequired\":true,\"valueName\":\"search_term_string\"}}],\"inLanguage\":\"pl-PL\"}]}<\/script>\n<!-- \/ Yoast SEO plugin. -->","yoast_head_json":{"title":"Zbrojenia Odginane Dwurz\u0119dowe Standardowe Innowacyjne Produkty","description":"Uci\u0105glenie Zbrojenia Odginane Dwurz\u0119dowe Stalowe Standardowe Do Po\u0142\u0105cze\u0144 \u017belbetowych Monolitycznych Betonowych Odcinkowo i Konstrukcji Prefabrykowanych","robots":{"index":"noindex","follow":"follow","max-snippet":"max-snippet:-1","max-image-preview":"max-image-preview:large","max-video-preview":"max-video-preview:-1"},"og_locale":"pl_PL","og_type":"article","og_title":"Zbrojenia Odginane Dwurz\u0119dowe Standardowe Innowacyjne Produkty","og_description":"Uci\u0105glenie Zbrojenia Odginane Dwurz\u0119dowe Stalowe Standardowe Do Po\u0142\u0105cze\u0144 \u017belbetowych Monolitycznych Betonowych Odcinkowo i Konstrukcji Prefabrykowanych","og_url":"https:\/\/ugwp.cfolks.pl\/bwb\/systemy-zbrojenia-betonu\/zbrojenie-odginane-dwurzedowe-standardowe\/","og_site_name":"BWB technology","article_modified_time":"2023-03-05T22:11:26+00:00","twitter_card":"summary_large_image","twitter_misc":{"Szacowany czas czytania":"3 minuty"},"schema":{"@context":"https:\/\/schema.org","@graph":[{"@type":"WebPage","@id":"https:\/\/ugwp.cfolks.pl\/bwb\/systemy-zbrojenia-betonu\/zbrojenie-odginane-dwurzedowe-standardowe\/","url":"https:\/\/ugwp.cfolks.pl\/bwb\/systemy-zbrojenia-betonu\/zbrojenie-odginane-dwurzedowe-standardowe\/","name":"Zbrojenia Odginane Dwurz\u0119dowe Standardowe Innowacyjne Produkty","isPartOf":{"@id":"https:\/\/ugwp.cfolks.pl\/bwb\/#website"},"datePublished":"2023-02-21T19:18:05+00:00","dateModified":"2023-03-05T22:11:26+00:00","description":"Uci\u0105glenie Zbrojenia Odginane Dwurz\u0119dowe Stalowe Standardowe Do Po\u0142\u0105cze\u0144 \u017belbetowych Monolitycznych Betonowych Odcinkowo i Konstrukcji Prefabrykowanych","breadcrumb":{"@id":"https:\/\/ugwp.cfolks.pl\/bwb\/systemy-zbrojenia-betonu\/zbrojenie-odginane-dwurzedowe-standardowe\/#breadcrumb"},"inLanguage":"pl-PL","potentialAction":[{"@type":"ReadAction","target":["https:\/\/ugwp.cfolks.pl\/bwb\/systemy-zbrojenia-betonu\/zbrojenie-odginane-dwurzedowe-standardowe\/"]}]},{"@type":"BreadcrumbList","@id":"https:\/\/ugwp.cfolks.pl\/bwb\/systemy-zbrojenia-betonu\/zbrojenie-odginane-dwurzedowe-standardowe\/#breadcrumb","itemListElement":[{"@type":"ListItem","position":1,"name":"Strona g\u0142\u00f3wna","item":"https:\/\/ugwp.cfolks.pl\/bwb\/"},{"@type":"ListItem","position":2,"name":"Systemy zbrojenia betonu","item":"https:\/\/ugwp.cfolks.pl\/bwb\/systemy-zbrojenia-betonu\/"},{"@type":"ListItem","position":3,"name":"Zbrojenie odginane dwurz\u0119dowe standardowe"}]},{"@type":"WebSite","@id":"https:\/\/ugwp.cfolks.pl\/bwb\/#website","url":"https:\/\/ugwp.cfolks.pl\/bwb\/","name":"BWB technology","description":"Kolejna witryna oparta na WordPressie","potentialAction":[{"@type":"SearchAction","target":{"@type":"EntryPoint","urlTemplate":"https:\/\/ugwp.cfolks.pl\/bwb\/?s={search_term_string}"},"query-input":{"@type":"PropertyValueSpecification","valueRequired":true,"valueName":"search_term_string"}}],"inLanguage":"pl-PL"}]}},"_links":{"self":[{"href":"https:\/\/ugwp.cfolks.pl\/bwb\/wp-json\/wp\/v2\/pages\/3414","targetHints":{"allow":["GET"]}}],"collection":[{"href":"https:\/\/ugwp.cfolks.pl\/bwb\/wp-json\/wp\/v2\/pages"}],"about":[{"href":"https:\/\/ugwp.cfolks.pl\/bwb\/wp-json\/wp\/v2\/types\/page"}],"author":[{"embeddable":true,"href":"https:\/\/ugwp.cfolks.pl\/bwb\/wp-json\/wp\/v2\/users\/1"}],"replies":[{"embeddable":true,"href":"https:\/\/ugwp.cfolks.pl\/bwb\/wp-json\/wp\/v2\/comments?post=3414"}],"version-history":[{"count":0,"href":"https:\/\/ugwp.cfolks.pl\/bwb\/wp-json\/wp\/v2\/pages\/3414\/revisions"}],"up":[{"embeddable":true,"href":"https:\/\/ugwp.cfolks.pl\/bwb\/wp-json\/wp\/v2\/pages\/3407"}],"wp:attachment":[{"href":"https:\/\/ugwp.cfolks.pl\/bwb\/wp-json\/wp\/v2\/media?parent=3414"}],"curies":[{"name":"wp","href":"https:\/\/api.w.org\/{rel}","templated":true}]}}