{"id":3407,"date":"2023-02-21T20:09:00","date_gmt":"2023-02-21T19:09:00","guid":{"rendered":"https:\/\/ugwp.cfolks.pl\/bwb\/?page_id=3407"},"modified":"2023-11-27T03:30:28","modified_gmt":"2023-11-27T02:30:28","slug":"systemy-zbrojenia-betonu","status":"publish","type":"page","link":"https:\/\/ugwp.cfolks.pl\/bwb\/systemy-zbrojenia-betonu\/","title":{"rendered":"Systemy zbrojenia betonu"},"content":{"rendered":"<div class=\"col-12\"><a href=\"https:\/\/ugwp.cfolks.pl\/bwb\/systemy-zbrojenia-betonu\/zbrojenie-odginane-jednorzedowe-standardowe\/\"><\/p>\n<h2>Zbrojenie odginane jednorz\u0119dowe standardowe<\/h2>\n<p><\/a><\/div>\n<div class=\"col-12 col-lg-6\"><a href=\"https:\/\/ugwp.cfolks.pl\/bwb\/systemy-zbrojenia-betonu\/zbrojenie-odginane-jednorzedowe-standardowe\/\"><img decoding=\"async\" src=\"https:\/\/ugwp.cfolks.pl\/bwb\/wp-content\/uploads\/Zbrojenia-odginane-jednorzedowe-standardowe.jpg\" alt=\"Zbrojenie odginane jednorz\u0119dowe standardowe\" width=\"100%\" height=\"auto\" \/><\/a><\/div>\n<div class=\"col-12 col-lg-6\">\n<p class=\"wstep\">W po\u0142\u0105czeniach element\u00f3w monolitycznych \u015bciennych i p\u0142ytowych znajduj\u0105 coraz szersze zastosowanie zestawy kotwi\u0105ce i uci\u0105gaj\u0105ce zbrojenie. Przyspieszaj\u0105 one wykonanie zbrojenia konstrukcji i pozwalaj\u0105 uzyska\u0107 w\u0142a\u015bciw\u0105 jako\u015b\u0107 po\u0142\u0105czenia pr\u0119t\u00f3w.<\/p>\n<p>Konieczno\u015b\u0107 uci\u0105glania pr\u0119t\u00f3w wyst\u0119puje przede wszystkim w miejscach nieuniknionych przerw roboczych w betonowaniu.<\/p>\n<p>Zestawy \u0142\u0105cznik\u00f3w odginanych przeznaczone s\u0105 do uci\u0105glania na podporze zbrojenia s\u0105siednich p\u00f3l strop\u00f3w, po\u0142\u0105czenia i zakotwienia zbrojenia w w\u0119\u017ale na po\u0142\u0105czeniu p\u0142yty stropowej, balkonowej czy te\u017c schod\u00f3w ze \u015bcian\u0105 oraz \u015bcian stykaj\u0105cych si\u0119 pod dowolnymi k\u0105tami w r\u00f3\u017cnych fazach budowy.<\/p>\n<p>Przy projektowaniu z\u0142\u0105czy wykonanych z zestawu element\u00f3w odginanych oferowanych przez firm\u0119 BWB nale\u017cy przyjmowa\u0107 charakterystyczne i obliczeniowe warto\u015bci granicy plastyczno\u015bci oraz charakterystyczne warto\u015bci wytrzyma\u0142o\u015bciowe jak dla stali klasy A-III N wed\u0142ug normy PN-B-03264:2002.<\/p>\n<p>\u0141\u0105czniki sk\u0142adaj\u0105 si\u0119 z listwy i pr\u0119t\u00f3w przechodz\u0105cych przez ni\u0105, z jednej strony uformowanych w spos\u00f3b zapewniaj\u0105cy w\u0142a\u015bciwe kotwienie, z drugiej zagi\u0119tych w rynnie listwy i zabezpieczonych os\u0142on\u0105 przed czynnikami zewn\u0119trznymi oraz zanieczyszczeniem. Monta\u017c listew nie wymaga specjalnych narz\u0119dzi. S\u0105 one mocowane do deskowania od jego wewn\u0119trznej strony za pomoc\u0105 gwo\u017adzi.<\/p>\n<p><a class=\"zobacz-wiecej\" href=\"https:\/\/ugwp.cfolks.pl\/bwb\/systemy-zbrojenia-betonu\/zbrojenie-odginane-jednorzedowe-standardowe\/\"><i class=\"fa-sharp fa-solid fa-angle-right\"><\/i> ZOBACZ WI\u0118CEJ<\/a><\/div>\n<div class=\"col-12\"><a href=\"https:\/\/ugwp.cfolks.pl\/bwb\/systemy-zbrojenia-betonu\/zbrojenie-odginane-jednorzedowe-niestandardowe\/\"><\/p>\n<h2>Zbrojenie odginane jednorz\u0119dowe niestandardowe<\/h2>\n<p><\/a><\/div>\n<div class=\"col-12 col-lg-6\">\n<p class=\"wstep\">W po\u0142\u0105czeniach element\u00f3w monolitycznych \u015bciennych i p\u0142ytowych znajduj\u0105 coraz szersze zastosowanie zestawy kotwi\u0105ce i uci\u0105gaj\u0105ce zbrojenie. Przyspieszaj\u0105 one wykonanie zbrojenia konstrukcji i pozwalaj\u0105 uzyska\u0107 w\u0142a\u015bciw\u0105 jako\u015b\u0107 po\u0142\u0105czenia pr\u0119t\u00f3w.<\/p>\n<p>Konieczno\u015b\u0107 uci\u0105glania pr\u0119t\u00f3w wyst\u0119puje przede wszystkim w miejscach nieuniknionych przerw roboczych w betonowaniu.<\/p>\n<p>Zestawy \u0142\u0105cznik\u00f3w odginanych przeznaczone s\u0105 do uci\u0105glania na podporze zbrojenia s\u0105siednich p\u00f3l strop\u00f3w, po\u0142\u0105czenia i zakotwienia zbrojenia w w\u0119\u017ale na po\u0142\u0105czeniu p\u0142yty stropowej, balkonowej czy te\u017c schod\u00f3w ze \u015bcian\u0105 oraz \u015bcian stykaj\u0105cych si\u0119 pod dowolnymi k\u0105tami w r\u00f3\u017cnych fazach budowy.<\/p>\n<p>Przy projektowaniu z\u0142\u0105czy wykonanych z zestawu element\u00f3w odginanych oferowanych przez firm\u0119 BWB nale\u017cy przyjmowa\u0107 charakterystyczne i obliczeniowe warto\u015bci granicy plastyczno\u015bci oraz charakterystyczne warto\u015bci wytrzyma\u0142o\u015bciowe jak dla stali klasy A-III N wed\u0142ug normy PN-B-03264:2002.<\/p>\n<p>\u0141\u0105czniki sk\u0142adaj\u0105 si\u0119 z listwy i pr\u0119t\u00f3w przechodz\u0105cych przez ni\u0105, z jednej strony uformowanych w spos\u00f3b zapewniaj\u0105cy w\u0142a\u015bciwe kotwienie, z drugiej zagi\u0119tych w rynnie listwy i zabezpieczonych os\u0142on\u0105 przed czynnikami zewn\u0119trznymi oraz zanieczyszczeniem. Monta\u017c listew nie wymaga specjalnych narz\u0119dzi. S\u0105 one mocowane do deskowania od jego wewn\u0119trznej strony za pomoc\u0105 gwo\u017adzi.<\/p>\n<p><a class=\"zobacz-wiecej\" href=\"https:\/\/ugwp.cfolks.pl\/bwb\/systemy-zbrojenia-betonu\/zbrojenie-odginane-jednorzedowe-niestandardowe\/\"><i class=\"fa-sharp fa-solid fa-angle-right\"><\/i> ZOBACZ WI\u0118CEJ<\/a><\/div>\n<div class=\"col-12 col-lg-6\"><a href=\"https:\/\/ugwp.cfolks.pl\/bwb\/systemy-zbrojenia-betonu\/zbrojenie-odginane-jednorzedowe-niestandardowe\/\"><img decoding=\"async\" src=\"https:\/\/ugwp.cfolks.pl\/bwb\/wp-content\/uploads\/Zbrojenia-odginane-jednorzedowe-niestandardowe.jpg\" alt=\"Zbrojenie odginane jednorz\u0119dowe niestandardowe\" width=\"100%\" height=\"auto\" \/><\/a><\/div>\n<div class=\"col-12\"><a href=\"https:\/\/ugwp.cfolks.pl\/bwb\/systemy-zbrojenia-betonu\/zbrojenie-odginane-dwurzedowe-standardowe\/\"><\/p>\n<h2>Zbrojenie odginane dwurz\u0119dowe standardowe<\/h2>\n<p><\/a><\/div>\n<div class=\"col-12 col-lg-6\"><a href=\"https:\/\/ugwp.cfolks.pl\/bwb\/systemy-zbrojenia-betonu\/zbrojenie-odginane-dwurzedowe-standardowe\/\"><img decoding=\"async\" src=\"https:\/\/ugwp.cfolks.pl\/bwb\/wp-content\/uploads\/Zbrojenia-odginane-dwurzedowe-standardowe.jpg\" alt=\"Zbrojenie odginane dwurz\u0119dowe standardowe\" width=\"100%\" height=\"auto\" \/><\/a><\/div>\n<div class=\"col-12 col-lg-6\">\n<p class=\"wstep\">W po\u0142\u0105czeniach element\u00f3w monolitycznych \u015bciennych i p\u0142ytowych znajduj\u0105 coraz szersze zastosowanie zestawy kotwi\u0105ce i uci\u0105gaj\u0105ce zbrojenie. Przyspieszaj\u0105 one wykonanie zbrojenia konstrukcji i pozwalaj\u0105 uzyska\u0107 w\u0142a\u015bciw\u0105 jako\u015b\u0107 po\u0142\u0105czenia pr\u0119t\u00f3w.<\/p>\n<p>Konieczno\u015b\u0107 uci\u0105glania pr\u0119t\u00f3w wyst\u0119puje przede wszystkim w miejscach nieuniknionych przerw roboczych w betonowaniu.<\/p>\n<p>Zestawy \u0142\u0105cznik\u00f3w odginanych przeznaczone s\u0105 do uci\u0105glania na podporze zbrojenia s\u0105siednich p\u00f3l strop\u00f3w, po\u0142\u0105czenia i zakotwienia zbrojenia w w\u0119\u017ale na po\u0142\u0105czeniu p\u0142yty stropowej, balkonowej czy te\u017c schod\u00f3w ze \u015bcian\u0105 oraz \u015bcian stykaj\u0105cych si\u0119 pod dowolnymi k\u0105tami w r\u00f3\u017cnych fazach budowy.<\/p>\n<p>Przy projektowaniu z\u0142\u0105czy wykonanych z zestawu element\u00f3w odginanych oferowanych przez firm\u0119 BWB nale\u017cy przyjmowa\u0107 charakterystyczne i obliczeniowe warto\u015bci granicy plastyczno\u015bci oraz charakterystyczne warto\u015bci wytrzyma\u0142o\u015bciowe jak dla stali klasy A-III N wed\u0142ug normy PN-B-03264:2002.<\/p>\n<p>\u0141\u0105czniki sk\u0142adaj\u0105 si\u0119 z listwy i pr\u0119t\u00f3w przechodz\u0105cych przez ni\u0105, z jednej strony uformowanych w spos\u00f3b zapewniaj\u0105cy w\u0142a\u015bciwe kotwienie, z drugiej zagi\u0119tych w rynnie listwy i zabezpieczonych os\u0142on\u0105 przed czynnikami zewn\u0119trznymi oraz zanieczyszczeniem. Monta\u017c listew nie wymaga specjalnych narz\u0119dzi. S\u0105 one mocowane do deskowania od jego wewn\u0119trznej strony za pomoc\u0105 gwo\u017adzi.<\/p>\n<p><a class=\"zobacz-wiecej\" href=\"https:\/\/ugwp.cfolks.pl\/bwb\/systemy-zbrojenia-betonu\/zbrojenie-odginane-dwurzedowe-standardowe\/\"><i class=\"fa-sharp fa-solid fa-angle-right\"><\/i> ZOBACZ WI\u0118CEJ<\/a><\/div>\n<div class=\"col-12\"><a href=\"https:\/\/ugwp.cfolks.pl\/bwb\/systemy-zbrojenia-betonu\/zbrojenie-odginane-dwurzedowe-niestandardowe\/\"><\/p>\n<h2>Zbrojenie odginane dwurz\u0119dowe niestandardowe<\/h2>\n<p><\/a><\/div>\n<div class=\"col-12 col-lg-6\">\n<p class=\"wstep\">W po\u0142\u0105czeniach element\u00f3w monolitycznych \u015bciennych i p\u0142ytowych znajduj\u0105 coraz szersze zastosowanie zestawy kotwi\u0105ce i uci\u0105gaj\u0105ce zbrojenie. Przyspieszaj\u0105 one wykonanie zbrojenia konstrukcji i pozwalaj\u0105 uzyska\u0107 w\u0142a\u015bciw\u0105 jako\u015b\u0107 po\u0142\u0105czenia pr\u0119t\u00f3w.<\/p>\n<p>Konieczno\u015b\u0107 uci\u0105glania pr\u0119t\u00f3w wyst\u0119puje przede wszystkim w miejscach nieuniknionych przerw roboczych w betonowaniu.<\/p>\n<p>Zestawy \u0142\u0105cznik\u00f3w odginanych przeznaczone s\u0105 do uci\u0105glania na podporze zbrojenia s\u0105siednich p\u00f3l strop\u00f3w, po\u0142\u0105czenia i zakotwienia zbrojenia w w\u0119\u017ale na po\u0142\u0105czeniu p\u0142yty stropowej, balkonowej czy te\u017c schod\u00f3w ze \u015bcian\u0105 oraz \u015bcian stykaj\u0105cych si\u0119 pod dowolnymi k\u0105tami w r\u00f3\u017cnych fazach budowy.<\/p>\n<p>Przy projektowaniu z\u0142\u0105czy wykonanych z zestawu element\u00f3w odginanych oferowanych przez firm\u0119 BWB nale\u017cy przyjmowa\u0107 charakterystyczne i obliczeniowe warto\u015bci granicy plastyczno\u015bci oraz charakterystyczne warto\u015bci wytrzyma\u0142o\u015bciowe jak dla stali klasy A-III N wed\u0142ug normy PN-B-03264:2002.<\/p>\n<p>\u0141\u0105czniki sk\u0142adaj\u0105 si\u0119 z listwy i pr\u0119t\u00f3w przechodz\u0105cych przez ni\u0105, z jednej strony uformowanych w spos\u00f3b zapewniaj\u0105cy w\u0142a\u015bciwe kotwienie, z drugiej zagi\u0119tych w rynnie listwy i zabezpieczonych os\u0142on\u0105 przed czynnikami zewn\u0119trznymi oraz zanieczyszczeniem. Monta\u017c listew nie wymaga specjalnych narz\u0119dzi. S\u0105 one mocowane do deskowania od jego wewn\u0119trznej strony za pomoc\u0105 gwo\u017adzi.<\/p>\n<p><a class=\"zobacz-wiecej\" href=\"https:\/\/ugwp.cfolks.pl\/bwb\/systemy-zbrojenia-betonu\/zbrojenie-odginane-dwurzedowe-niestandardowe\/\"><i class=\"fa-sharp fa-solid fa-angle-right\"><\/i> ZOBACZ WI\u0118CEJ<\/a><\/div>\n<div class=\"col-12 col-lg-6\"><a href=\"https:\/\/ugwp.cfolks.pl\/bwb\/systemy-zbrojenia-betonu\/zbrojenie-odginane-dwurzedowe-niestandardowe\/\"><img decoding=\"async\" src=\"https:\/\/ugwp.cfolks.pl\/bwb\/wp-content\/uploads\/Zbrojenia-odginane-dwurzedowe-niestandardowe.jpg\" alt=\"Zbrojenie odginane dwurz\u0119dowe niestandardowe\" width=\"100%\" height=\"auto\" \/><\/a><\/div>\n","protected":false},"excerpt":{"rendered":"<p>Zbrojenie odginane jednorz\u0119dowe standardowe W po\u0142\u0105czeniach element\u00f3w monolitycznych \u015bciennych i p\u0142ytowych znajduj\u0105 coraz szersze zastosowanie zestawy kotwi\u0105ce i uci\u0105gaj\u0105ce zbrojenie. Przyspieszaj\u0105 one wykonanie zbrojenia konstrukcji i pozwalaj\u0105 uzyska\u0107 w\u0142a\u015bciw\u0105 jako\u015b\u0107 po\u0142\u0105czenia pr\u0119t\u00f3w. Konieczno\u015b\u0107 uci\u0105glania pr\u0119t\u00f3w wyst\u0119puje przede wszystkim w miejscach nieuniknionych przerw roboczych w betonowaniu. Zestawy \u0142\u0105cznik\u00f3w odginanych przeznaczone s\u0105 do uci\u0105glania na podporze zbrojenia [&hellip;]<\/p>\n","protected":false},"author":1,"featured_media":0,"parent":0,"menu_order":0,"comment_status":"closed","ping_status":"closed","template":"page-kategoria.php","meta":{"_acf_changed":false,"footnotes":""},"class_list":["post-3407","page","type-page","status-publish","hentry"],"acf":[],"yoast_head":"<!-- This site is optimized with the Yoast SEO plugin v27.3 - https:\/\/yoast.com\/product\/yoast-seo-wordpress\/ -->\n<title>Odginane Systemy Zbrojenia Betonu Innowacyjne Produkty<\/title>\n<meta name=\"description\" content=\"Systemy Zbrojenia Odginane Jednorz\u0119dowe Dwurz\u0119dowe Standardowe Niestandardowe z Blachy Stalowej do Po\u0142\u0105cze\u0144 \u017belbetowych Element\u00f3w Konstrukcyjnych\" \/>\n<meta name=\"robots\" content=\"noindex, follow, max-snippet:-1, max-image-preview:large, max-video-preview:-1\" \/>\n<meta property=\"og:locale\" content=\"pl_PL\" \/>\n<meta property=\"og:type\" content=\"article\" \/>\n<meta property=\"og:title\" content=\"Odginane Systemy Zbrojenia Betonu Innowacyjne Produkty\" \/>\n<meta property=\"og:description\" content=\"Systemy Zbrojenia Odginane Jednorz\u0119dowe Dwurz\u0119dowe Standardowe Niestandardowe z Blachy Stalowej do Po\u0142\u0105cze\u0144 \u017belbetowych Element\u00f3w Konstrukcyjnych\" \/>\n<meta property=\"og:url\" content=\"https:\/\/ugwp.cfolks.pl\/bwb\/systemy-zbrojenia-betonu\/\" \/>\n<meta property=\"og:site_name\" content=\"BWB technology\" \/>\n<meta property=\"article:modified_time\" content=\"2023-11-27T02:30:28+00:00\" \/>\n<meta property=\"og:image\" content=\"https:\/\/ugwp.cfolks.pl\/bwb\/wp-content\/uploads\/Zbrojenia-odginane-jednorzedowe-standardowe.jpg\" \/>\n<meta name=\"twitter:card\" content=\"summary_large_image\" \/>\n<meta name=\"twitter:label1\" content=\"Szacowany czas czytania\" \/>\n\t<meta name=\"twitter:data1\" content=\"5 minut\" \/>\n<script type=\"application\/ld+json\" class=\"yoast-schema-graph\">{\"@context\":\"https:\\\/\\\/schema.org\",\"@graph\":[{\"@type\":\"WebPage\",\"@id\":\"https:\\\/\\\/ugwp.cfolks.pl\\\/bwb\\\/systemy-zbrojenia-betonu\\\/\",\"url\":\"https:\\\/\\\/ugwp.cfolks.pl\\\/bwb\\\/systemy-zbrojenia-betonu\\\/\",\"name\":\"Odginane Systemy Zbrojenia Betonu Innowacyjne Produkty\",\"isPartOf\":{\"@id\":\"https:\\\/\\\/ugwp.cfolks.pl\\\/bwb\\\/#website\"},\"primaryImageOfPage\":{\"@id\":\"https:\\\/\\\/ugwp.cfolks.pl\\\/bwb\\\/systemy-zbrojenia-betonu\\\/#primaryimage\"},\"image\":{\"@id\":\"https:\\\/\\\/ugwp.cfolks.pl\\\/bwb\\\/systemy-zbrojenia-betonu\\\/#primaryimage\"},\"thumbnailUrl\":\"https:\\\/\\\/ugwp.cfolks.pl\\\/bwb\\\/wp-content\\\/uploads\\\/Zbrojenia-odginane-jednorzedowe-standardowe.jpg\",\"datePublished\":\"2023-02-21T19:09:00+00:00\",\"dateModified\":\"2023-11-27T02:30:28+00:00\",\"description\":\"Systemy Zbrojenia Odginane Jednorz\u0119dowe Dwurz\u0119dowe Standardowe Niestandardowe z Blachy Stalowej do Po\u0142\u0105cze\u0144 \u017belbetowych Element\u00f3w Konstrukcyjnych\",\"breadcrumb\":{\"@id\":\"https:\\\/\\\/ugwp.cfolks.pl\\\/bwb\\\/systemy-zbrojenia-betonu\\\/#breadcrumb\"},\"inLanguage\":\"pl-PL\",\"potentialAction\":[{\"@type\":\"ReadAction\",\"target\":[\"https:\\\/\\\/ugwp.cfolks.pl\\\/bwb\\\/systemy-zbrojenia-betonu\\\/\"]}]},{\"@type\":\"ImageObject\",\"inLanguage\":\"pl-PL\",\"@id\":\"https:\\\/\\\/ugwp.cfolks.pl\\\/bwb\\\/systemy-zbrojenia-betonu\\\/#primaryimage\",\"url\":\"https:\\\/\\\/ugwp.cfolks.pl\\\/bwb\\\/wp-content\\\/uploads\\\/Zbrojenia-odginane-jednorzedowe-standardowe.jpg\",\"contentUrl\":\"https:\\\/\\\/ugwp.cfolks.pl\\\/bwb\\\/wp-content\\\/uploads\\\/Zbrojenia-odginane-jednorzedowe-standardowe.jpg\",\"width\":1100,\"height\":810},{\"@type\":\"BreadcrumbList\",\"@id\":\"https:\\\/\\\/ugwp.cfolks.pl\\\/bwb\\\/systemy-zbrojenia-betonu\\\/#breadcrumb\",\"itemListElement\":[{\"@type\":\"ListItem\",\"position\":1,\"name\":\"Strona g\u0142\u00f3wna\",\"item\":\"https:\\\/\\\/ugwp.cfolks.pl\\\/bwb\\\/\"},{\"@type\":\"ListItem\",\"position\":2,\"name\":\"Systemy zbrojenia betonu\"}]},{\"@type\":\"WebSite\",\"@id\":\"https:\\\/\\\/ugwp.cfolks.pl\\\/bwb\\\/#website\",\"url\":\"https:\\\/\\\/ugwp.cfolks.pl\\\/bwb\\\/\",\"name\":\"BWB technology\",\"description\":\"Kolejna witryna oparta na WordPressie\",\"potentialAction\":[{\"@type\":\"SearchAction\",\"target\":{\"@type\":\"EntryPoint\",\"urlTemplate\":\"https:\\\/\\\/ugwp.cfolks.pl\\\/bwb\\\/?s={search_term_string}\"},\"query-input\":{\"@type\":\"PropertyValueSpecification\",\"valueRequired\":true,\"valueName\":\"search_term_string\"}}],\"inLanguage\":\"pl-PL\"}]}<\/script>\n<!-- \/ Yoast SEO plugin. -->","yoast_head_json":{"title":"Odginane Systemy Zbrojenia Betonu Innowacyjne Produkty","description":"Systemy Zbrojenia Odginane Jednorz\u0119dowe Dwurz\u0119dowe Standardowe Niestandardowe z Blachy Stalowej do Po\u0142\u0105cze\u0144 \u017belbetowych Element\u00f3w Konstrukcyjnych","robots":{"index":"noindex","follow":"follow","max-snippet":"max-snippet:-1","max-image-preview":"max-image-preview:large","max-video-preview":"max-video-preview:-1"},"og_locale":"pl_PL","og_type":"article","og_title":"Odginane Systemy Zbrojenia Betonu Innowacyjne Produkty","og_description":"Systemy Zbrojenia Odginane Jednorz\u0119dowe Dwurz\u0119dowe Standardowe Niestandardowe z Blachy Stalowej do Po\u0142\u0105cze\u0144 \u017belbetowych Element\u00f3w Konstrukcyjnych","og_url":"https:\/\/ugwp.cfolks.pl\/bwb\/systemy-zbrojenia-betonu\/","og_site_name":"BWB technology","article_modified_time":"2023-11-27T02:30:28+00:00","og_image":[{"url":"https:\/\/ugwp.cfolks.pl\/bwb\/wp-content\/uploads\/Zbrojenia-odginane-jednorzedowe-standardowe.jpg","type":"","width":"","height":""}],"twitter_card":"summary_large_image","twitter_misc":{"Szacowany czas czytania":"5 minut"},"schema":{"@context":"https:\/\/schema.org","@graph":[{"@type":"WebPage","@id":"https:\/\/ugwp.cfolks.pl\/bwb\/systemy-zbrojenia-betonu\/","url":"https:\/\/ugwp.cfolks.pl\/bwb\/systemy-zbrojenia-betonu\/","name":"Odginane Systemy Zbrojenia Betonu Innowacyjne Produkty","isPartOf":{"@id":"https:\/\/ugwp.cfolks.pl\/bwb\/#website"},"primaryImageOfPage":{"@id":"https:\/\/ugwp.cfolks.pl\/bwb\/systemy-zbrojenia-betonu\/#primaryimage"},"image":{"@id":"https:\/\/ugwp.cfolks.pl\/bwb\/systemy-zbrojenia-betonu\/#primaryimage"},"thumbnailUrl":"https:\/\/ugwp.cfolks.pl\/bwb\/wp-content\/uploads\/Zbrojenia-odginane-jednorzedowe-standardowe.jpg","datePublished":"2023-02-21T19:09:00+00:00","dateModified":"2023-11-27T02:30:28+00:00","description":"Systemy Zbrojenia Odginane Jednorz\u0119dowe Dwurz\u0119dowe Standardowe Niestandardowe z Blachy Stalowej do Po\u0142\u0105cze\u0144 \u017belbetowych Element\u00f3w Konstrukcyjnych","breadcrumb":{"@id":"https:\/\/ugwp.cfolks.pl\/bwb\/systemy-zbrojenia-betonu\/#breadcrumb"},"inLanguage":"pl-PL","potentialAction":[{"@type":"ReadAction","target":["https:\/\/ugwp.cfolks.pl\/bwb\/systemy-zbrojenia-betonu\/"]}]},{"@type":"ImageObject","inLanguage":"pl-PL","@id":"https:\/\/ugwp.cfolks.pl\/bwb\/systemy-zbrojenia-betonu\/#primaryimage","url":"https:\/\/ugwp.cfolks.pl\/bwb\/wp-content\/uploads\/Zbrojenia-odginane-jednorzedowe-standardowe.jpg","contentUrl":"https:\/\/ugwp.cfolks.pl\/bwb\/wp-content\/uploads\/Zbrojenia-odginane-jednorzedowe-standardowe.jpg","width":1100,"height":810},{"@type":"BreadcrumbList","@id":"https:\/\/ugwp.cfolks.pl\/bwb\/systemy-zbrojenia-betonu\/#breadcrumb","itemListElement":[{"@type":"ListItem","position":1,"name":"Strona g\u0142\u00f3wna","item":"https:\/\/ugwp.cfolks.pl\/bwb\/"},{"@type":"ListItem","position":2,"name":"Systemy zbrojenia betonu"}]},{"@type":"WebSite","@id":"https:\/\/ugwp.cfolks.pl\/bwb\/#website","url":"https:\/\/ugwp.cfolks.pl\/bwb\/","name":"BWB technology","description":"Kolejna witryna oparta na WordPressie","potentialAction":[{"@type":"SearchAction","target":{"@type":"EntryPoint","urlTemplate":"https:\/\/ugwp.cfolks.pl\/bwb\/?s={search_term_string}"},"query-input":{"@type":"PropertyValueSpecification","valueRequired":true,"valueName":"search_term_string"}}],"inLanguage":"pl-PL"}]}},"_links":{"self":[{"href":"https:\/\/ugwp.cfolks.pl\/bwb\/wp-json\/wp\/v2\/pages\/3407","targetHints":{"allow":["GET"]}}],"collection":[{"href":"https:\/\/ugwp.cfolks.pl\/bwb\/wp-json\/wp\/v2\/pages"}],"about":[{"href":"https:\/\/ugwp.cfolks.pl\/bwb\/wp-json\/wp\/v2\/types\/page"}],"author":[{"embeddable":true,"href":"https:\/\/ugwp.cfolks.pl\/bwb\/wp-json\/wp\/v2\/users\/1"}],"replies":[{"embeddable":true,"href":"https:\/\/ugwp.cfolks.pl\/bwb\/wp-json\/wp\/v2\/comments?post=3407"}],"version-history":[{"count":0,"href":"https:\/\/ugwp.cfolks.pl\/bwb\/wp-json\/wp\/v2\/pages\/3407\/revisions"}],"wp:attachment":[{"href":"https:\/\/ugwp.cfolks.pl\/bwb\/wp-json\/wp\/v2\/media?parent=3407"}],"curies":[{"name":"wp","href":"https:\/\/api.w.org\/{rel}","templated":true}]}}