{"id":2837,"date":"2022-12-19T13:56:29","date_gmt":"2022-12-19T12:56:29","guid":{"rendered":"https:\/\/ugwp.cfolks.pl\/bwb\/?page_id=2837"},"modified":"2024-10-17T12:38:54","modified_gmt":"2024-10-17T10:38:54","slug":"rury-oslonowe","status":"publish","type":"page","link":"https:\/\/ugwp.cfolks.pl\/bwb\/wodoszczelne-przejscia-instalacyjne\/rury-oslonowe\/","title":{"rendered":"Rury os\u0142onowe"},"content":{"rendered":"<div class=\"row kategoria-produktow\">\n<div class=\"col-lg-3\"><a href=\"https:\/\/ugwp.cfolks.pl\/bwb\/produkt\/rura-oslonowa-kraso-typu-fe\/\" ><img width=\"100%\" height=\"auto\" src=\"https:\/\/ugwp.cfolks.pl\/bwb\/wp-content\/uploads\/Rura-oslonowa-KRASO\u00ae-typu-FE-640x471.jpg\"  alt=\"Rura os\u0142onowa KRASO\u00ae typu FE\" decoding=\"async\" loading=\"lazy\" srcset=\"https:\/\/ugwp.cfolks.pl\/bwb\/wp-content\/uploads\/Rura-oslonowa-KRASO\u00ae-typu-FE-640x471.jpg 640w, https:\/\/ugwp.cfolks.pl\/bwb\/wp-content\/uploads\/Rura-oslonowa-KRASO\u00ae-typu-FE-300x221.jpg 300w, https:\/\/ugwp.cfolks.pl\/bwb\/wp-content\/uploads\/Rura-oslonowa-KRASO\u00ae-typu-FE-1024x754.jpg 1024w, https:\/\/ugwp.cfolks.pl\/bwb\/wp-content\/uploads\/Rura-oslonowa-KRASO\u00ae-typu-FE-150x110.jpg 150w, https:\/\/ugwp.cfolks.pl\/bwb\/wp-content\/uploads\/Rura-oslonowa-KRASO\u00ae-typu-FE-768x566.jpg 768w, https:\/\/ugwp.cfolks.pl\/bwb\/wp-content\/uploads\/Rura-oslonowa-KRASO\u00ae-typu-FE.jpg 1100w\" sizes=\"auto, (max-width: 640px) 100vw, 640px\" \/><\/p>\n<h2>Rura os\u0142onowa KRASO\u00ae typu FE<\/h2>\n<p><\/a><\/div>\n<div class=\"col-lg-3\"><a href=\"https:\/\/ugwp.cfolks.pl\/bwb\/produkt\/rura-oslonowa-kraso-typ-fe-mi-rura-oslonowa-z-rdzeniem-wewnetrznym\/\" ><img width=\"100%\" height=\"auto\" src=\"https:\/\/ugwp.cfolks.pl\/bwb\/wp-content\/uploads\/Rura-oslonowa-KRASO\u00ae-typ-FE-MI-\u2013-rura-oslonowa-z-rdzeniem-wewnetrznym-640x471.jpg\"  alt=\"Rura os\u0142onowa KRASO\u00ae typ FE \/ MI \u2013 rura os\u0142onowa z rdzeniem wewn\u0119trznym\" decoding=\"async\" loading=\"lazy\" srcset=\"https:\/\/ugwp.cfolks.pl\/bwb\/wp-content\/uploads\/Rura-oslonowa-KRASO\u00ae-typ-FE-MI-\u2013-rura-oslonowa-z-rdzeniem-wewnetrznym-640x471.jpg 640w, https:\/\/ugwp.cfolks.pl\/bwb\/wp-content\/uploads\/Rura-oslonowa-KRASO\u00ae-typ-FE-MI-\u2013-rura-oslonowa-z-rdzeniem-wewnetrznym-300x221.jpg 300w, https:\/\/ugwp.cfolks.pl\/bwb\/wp-content\/uploads\/Rura-oslonowa-KRASO\u00ae-typ-FE-MI-\u2013-rura-oslonowa-z-rdzeniem-wewnetrznym-1024x754.jpg 1024w, https:\/\/ugwp.cfolks.pl\/bwb\/wp-content\/uploads\/Rura-oslonowa-KRASO\u00ae-typ-FE-MI-\u2013-rura-oslonowa-z-rdzeniem-wewnetrznym-150x110.jpg 150w, https:\/\/ugwp.cfolks.pl\/bwb\/wp-content\/uploads\/Rura-oslonowa-KRASO\u00ae-typ-FE-MI-\u2013-rura-oslonowa-z-rdzeniem-wewnetrznym-768x566.jpg 768w, https:\/\/ugwp.cfolks.pl\/bwb\/wp-content\/uploads\/Rura-oslonowa-KRASO\u00ae-typ-FE-MI-\u2013-rura-oslonowa-z-rdzeniem-wewnetrznym.jpg 1100w\" sizes=\"auto, (max-width: 640px) 100vw, 640px\" \/><\/p>\n<h2>Rura os\u0142onowa KRASO\u00ae typ FE \/ MI \u2013 rura os\u0142onowa z rdzeniem [&#8230;]<\/h2>\n<p><\/a><\/div>\n<div class=\"col-lg-3\"><a href=\"https:\/\/ugwp.cfolks.pl\/bwb\/produkt\/rura-oslonowa-kraso-typu-e-fe-stal-nierdzewna\/\" ><img width=\"100%\" height=\"auto\" src=\"https:\/\/ugwp.cfolks.pl\/bwb\/wp-content\/uploads\/Rura-oslonowa-KRASO\u00ae-typu-E-FE-\u2013-stal-nierdzewna-640x471.jpg\"  alt=\"Rura os\u0142onowa KRASO\u00ae typu E \/ FE \u2013 stal nierdzewna\" decoding=\"async\" loading=\"lazy\" srcset=\"https:\/\/ugwp.cfolks.pl\/bwb\/wp-content\/uploads\/Rura-oslonowa-KRASO\u00ae-typu-E-FE-\u2013-stal-nierdzewna-640x471.jpg 640w, https:\/\/ugwp.cfolks.pl\/bwb\/wp-content\/uploads\/Rura-oslonowa-KRASO\u00ae-typu-E-FE-\u2013-stal-nierdzewna-300x221.jpg 300w, https:\/\/ugwp.cfolks.pl\/bwb\/wp-content\/uploads\/Rura-oslonowa-KRASO\u00ae-typu-E-FE-\u2013-stal-nierdzewna-1024x754.jpg 1024w, https:\/\/ugwp.cfolks.pl\/bwb\/wp-content\/uploads\/Rura-oslonowa-KRASO\u00ae-typu-E-FE-\u2013-stal-nierdzewna-150x110.jpg 150w, https:\/\/ugwp.cfolks.pl\/bwb\/wp-content\/uploads\/Rura-oslonowa-KRASO\u00ae-typu-E-FE-\u2013-stal-nierdzewna-768x566.jpg 768w, https:\/\/ugwp.cfolks.pl\/bwb\/wp-content\/uploads\/Rura-oslonowa-KRASO\u00ae-typu-E-FE-\u2013-stal-nierdzewna.jpg 1100w\" sizes=\"auto, (max-width: 640px) 100vw, 640px\" \/><\/p>\n<h2>Rura os\u0142onowa KRASO\u00ae typu E\/FE \u2013 stal nierdzewna<\/h2>\n<p><\/a><\/div>\n<div class=\"col-lg-3\"><a href=\"https:\/\/ugwp.cfolks.pl\/bwb\/produkt\/tuleja-rurowa-va\/\" ><img width=\"100%\" height=\"auto\" src=\"https:\/\/ugwp.cfolks.pl\/bwb\/wp-content\/uploads\/Tuleja-rurowa-VA-640x471.jpg\"  alt=\"Tuleja rurowa VA\" decoding=\"async\" loading=\"lazy\" srcset=\"https:\/\/ugwp.cfolks.pl\/bwb\/wp-content\/uploads\/Tuleja-rurowa-VA-640x471.jpg 640w, https:\/\/ugwp.cfolks.pl\/bwb\/wp-content\/uploads\/Tuleja-rurowa-VA-300x221.jpg 300w, https:\/\/ugwp.cfolks.pl\/bwb\/wp-content\/uploads\/Tuleja-rurowa-VA-1024x754.jpg 1024w, https:\/\/ugwp.cfolks.pl\/bwb\/wp-content\/uploads\/Tuleja-rurowa-VA-150x110.jpg 150w, https:\/\/ugwp.cfolks.pl\/bwb\/wp-content\/uploads\/Tuleja-rurowa-VA-768x566.jpg 768w, https:\/\/ugwp.cfolks.pl\/bwb\/wp-content\/uploads\/Tuleja-rurowa-VA.jpg 1100w\" sizes=\"auto, (max-width: 640px) 100vw, 640px\" \/><\/p>\n<h2>Tuleja rurowa VA<\/h2>\n<p><\/a><\/div>\n<div class=\"col-lg-3\"><a href=\"https:\/\/ugwp.cfolks.pl\/bwb\/produkt\/rura-oslonowa-kraso-typ-e-fe-m\/\" ><img width=\"100%\" height=\"auto\" src=\"https:\/\/ugwp.cfolks.pl\/bwb\/wp-content\/uploads\/Rura-oslonowa-KRASO\u00ae-typ-E-FE-M-640x471.jpg\"  alt=\"Rura os\u0142onowa KRASO\u00ae typ E \/ FE \/ M\" decoding=\"async\" loading=\"lazy\" srcset=\"https:\/\/ugwp.cfolks.pl\/bwb\/wp-content\/uploads\/Rura-oslonowa-KRASO\u00ae-typ-E-FE-M-640x471.jpg 640w, https:\/\/ugwp.cfolks.pl\/bwb\/wp-content\/uploads\/Rura-oslonowa-KRASO\u00ae-typ-E-FE-M-300x221.jpg 300w, https:\/\/ugwp.cfolks.pl\/bwb\/wp-content\/uploads\/Rura-oslonowa-KRASO\u00ae-typ-E-FE-M-1024x754.jpg 1024w, https:\/\/ugwp.cfolks.pl\/bwb\/wp-content\/uploads\/Rura-oslonowa-KRASO\u00ae-typ-E-FE-M-150x110.jpg 150w, https:\/\/ugwp.cfolks.pl\/bwb\/wp-content\/uploads\/Rura-oslonowa-KRASO\u00ae-typ-E-FE-M-768x566.jpg 768w, https:\/\/ugwp.cfolks.pl\/bwb\/wp-content\/uploads\/Rura-oslonowa-KRASO\u00ae-typ-E-FE-M.jpg 1100w\" sizes=\"auto, (max-width: 640px) 100vw, 640px\" \/><\/p>\n<h2>Rura os\u0142onowa KRASO\u00ae typ E\/FE\/M<\/h2>\n<p><\/a><\/div>\n<div class=\"col-lg-3\"><a href=\"https:\/\/ugwp.cfolks.pl\/bwb\/produkt\/rura-oslonowa-kraso-z-kolnierzem-samoprzylepnym\/\" ><img width=\"100%\" height=\"auto\" src=\"https:\/\/ugwp.cfolks.pl\/bwb\/wp-content\/uploads\/Rura-oslonowa-KRASO\u00ae-z-kolnierzem-samoprzylepnym-640x471.jpg\"  alt=\"Rura os\u0142onowa KRASO\u00ae z ko\u0142nierzem samoprzylepnym\" decoding=\"async\" loading=\"lazy\" srcset=\"https:\/\/ugwp.cfolks.pl\/bwb\/wp-content\/uploads\/Rura-oslonowa-KRASO\u00ae-z-kolnierzem-samoprzylepnym-640x471.jpg 640w, https:\/\/ugwp.cfolks.pl\/bwb\/wp-content\/uploads\/Rura-oslonowa-KRASO\u00ae-z-kolnierzem-samoprzylepnym-300x221.jpg 300w, https:\/\/ugwp.cfolks.pl\/bwb\/wp-content\/uploads\/Rura-oslonowa-KRASO\u00ae-z-kolnierzem-samoprzylepnym-1024x754.jpg 1024w, https:\/\/ugwp.cfolks.pl\/bwb\/wp-content\/uploads\/Rura-oslonowa-KRASO\u00ae-z-kolnierzem-samoprzylepnym-150x110.jpg 150w, https:\/\/ugwp.cfolks.pl\/bwb\/wp-content\/uploads\/Rura-oslonowa-KRASO\u00ae-z-kolnierzem-samoprzylepnym-768x566.jpg 768w, https:\/\/ugwp.cfolks.pl\/bwb\/wp-content\/uploads\/Rura-oslonowa-KRASO\u00ae-z-kolnierzem-samoprzylepnym.jpg 1100w\" sizes=\"auto, (max-width: 640px) 100vw, 640px\" \/><\/p>\n<h2>Rura os\u0142onowa KRASO\u00ae z ko\u0142nierzem samoprzylepnym<\/h2>\n<p><\/a><\/div>\n<div class=\"col-lg-3\"><a href=\"https:\/\/ugwp.cfolks.pl\/bwb\/produkt\/rura-oslonowa-kraso-fbv-fe\/\" ><img width=\"100%\" height=\"auto\" src=\"https:\/\/ugwp.cfolks.pl\/bwb\/wp-content\/uploads\/Rura-oslonowa-KRASO\u00ae-FBV-FE-640x471.jpg\"  alt=\"Rura os\u0142onowa KRASO\u00ae FBV-FE\" decoding=\"async\" loading=\"lazy\" srcset=\"https:\/\/ugwp.cfolks.pl\/bwb\/wp-content\/uploads\/Rura-oslonowa-KRASO\u00ae-FBV-FE-640x471.jpg 640w, https:\/\/ugwp.cfolks.pl\/bwb\/wp-content\/uploads\/Rura-oslonowa-KRASO\u00ae-FBV-FE-300x221.jpg 300w, https:\/\/ugwp.cfolks.pl\/bwb\/wp-content\/uploads\/Rura-oslonowa-KRASO\u00ae-FBV-FE-1024x754.jpg 1024w, https:\/\/ugwp.cfolks.pl\/bwb\/wp-content\/uploads\/Rura-oslonowa-KRASO\u00ae-FBV-FE-150x110.jpg 150w, https:\/\/ugwp.cfolks.pl\/bwb\/wp-content\/uploads\/Rura-oslonowa-KRASO\u00ae-FBV-FE-768x566.jpg 768w, https:\/\/ugwp.cfolks.pl\/bwb\/wp-content\/uploads\/Rura-oslonowa-KRASO\u00ae-FBV-FE.jpg 1100w\" sizes=\"auto, (max-width: 640px) 100vw, 640px\" \/><\/p>\n<h2>Rura os\u0142onowa KRASO\u00ae FBV-FE<\/h2>\n<p><\/a><\/div>\n<div class=\"col-lg-3\"><a href=\"https:\/\/ugwp.cfolks.pl\/bwb\/produkt\/rura-oslonowa-kraso-typ-fe-sf-4\/\" ><img width=\"100%\" height=\"auto\" src=\"https:\/\/ugwp.cfolks.pl\/bwb\/wp-content\/uploads\/Rura-oslonowa-KRASO\u00ae-typ-FE-SF-4-640x471.jpg\"  alt=\"Rura os\u0142onowa KRASO\u00ae typ FE \/ SF 5\" decoding=\"async\" loading=\"lazy\" srcset=\"https:\/\/ugwp.cfolks.pl\/bwb\/wp-content\/uploads\/Rura-oslonowa-KRASO\u00ae-typ-FE-SF-4-640x471.jpg 640w, https:\/\/ugwp.cfolks.pl\/bwb\/wp-content\/uploads\/Rura-oslonowa-KRASO\u00ae-typ-FE-SF-4-300x221.jpg 300w, https:\/\/ugwp.cfolks.pl\/bwb\/wp-content\/uploads\/Rura-oslonowa-KRASO\u00ae-typ-FE-SF-4-1024x754.jpg 1024w, https:\/\/ugwp.cfolks.pl\/bwb\/wp-content\/uploads\/Rura-oslonowa-KRASO\u00ae-typ-FE-SF-4-150x110.jpg 150w, https:\/\/ugwp.cfolks.pl\/bwb\/wp-content\/uploads\/Rura-oslonowa-KRASO\u00ae-typ-FE-SF-4-768x566.jpg 768w, https:\/\/ugwp.cfolks.pl\/bwb\/wp-content\/uploads\/Rura-oslonowa-KRASO\u00ae-typ-FE-SF-4.jpg 1100w\" sizes=\"auto, (max-width: 640px) 100vw, 640px\" \/><\/p>\n<h2>Rura os\u0142onowa KRASO\u00ae typ FE \/ SF 5<\/h2>\n<p><\/a><\/div>\n<div class=\"col-lg-3\"><a href=\"https:\/\/ugwp.cfolks.pl\/bwb\/produkt\/rura-oslonowa-kraso-typ-dfw-fe-sciana-trojwarstwowa-dla-budownictwa-prefabrykowanego\/\" ><img width=\"100%\" height=\"auto\" src=\"https:\/\/ugwp.cfolks.pl\/bwb\/wp-content\/uploads\/Rura-oslonowa-KRASO\u00ae-typ-DFW-FE-4-640x471.jpg\"  alt=\"Rura os\u0142onowa KRASO\u00ae typ DFW \/ FE 4\" decoding=\"async\" loading=\"lazy\" srcset=\"https:\/\/ugwp.cfolks.pl\/bwb\/wp-content\/uploads\/Rura-oslonowa-KRASO\u00ae-typ-DFW-FE-4-640x471.jpg 640w, https:\/\/ugwp.cfolks.pl\/bwb\/wp-content\/uploads\/Rura-oslonowa-KRASO\u00ae-typ-DFW-FE-4-300x221.jpg 300w, https:\/\/ugwp.cfolks.pl\/bwb\/wp-content\/uploads\/Rura-oslonowa-KRASO\u00ae-typ-DFW-FE-4-1024x754.jpg 1024w, https:\/\/ugwp.cfolks.pl\/bwb\/wp-content\/uploads\/Rura-oslonowa-KRASO\u00ae-typ-DFW-FE-4-150x110.jpg 150w, https:\/\/ugwp.cfolks.pl\/bwb\/wp-content\/uploads\/Rura-oslonowa-KRASO\u00ae-typ-DFW-FE-4-768x566.jpg 768w, https:\/\/ugwp.cfolks.pl\/bwb\/wp-content\/uploads\/Rura-oslonowa-KRASO\u00ae-typ-DFW-FE-4.jpg 1100w\" sizes=\"auto, (max-width: 640px) 100vw, 640px\" \/><\/p>\n<h2>Rura os\u0142onowa KRASO\u00ae typ DFW \/ FE &#8211; \u015bciana tr\u00f3jwarstwowa [&#8230;]<\/h2>\n<p><\/a><\/div>\n<div class=\"col-lg-3\"><a href=\"https:\/\/ugwp.cfolks.pl\/bwb\/produkt\/rura-kolnierzowa-kraso-typ-fe\/\" ><img width=\"100%\" height=\"auto\" src=\"https:\/\/ugwp.cfolks.pl\/bwb\/wp-content\/uploads\/Rura-kolnierzowa-KRASO\u00ae-typ-FE-640x471.jpg\"  alt=\"Rura ko\u0142nierzowa KRASO\u00ae typ FE\" decoding=\"async\" loading=\"lazy\" srcset=\"https:\/\/ugwp.cfolks.pl\/bwb\/wp-content\/uploads\/Rura-kolnierzowa-KRASO\u00ae-typ-FE-640x471.jpg 640w, https:\/\/ugwp.cfolks.pl\/bwb\/wp-content\/uploads\/Rura-kolnierzowa-KRASO\u00ae-typ-FE-300x221.jpg 300w, https:\/\/ugwp.cfolks.pl\/bwb\/wp-content\/uploads\/Rura-kolnierzowa-KRASO\u00ae-typ-FE-1024x754.jpg 1024w, https:\/\/ugwp.cfolks.pl\/bwb\/wp-content\/uploads\/Rura-kolnierzowa-KRASO\u00ae-typ-FE-150x110.jpg 150w, https:\/\/ugwp.cfolks.pl\/bwb\/wp-content\/uploads\/Rura-kolnierzowa-KRASO\u00ae-typ-FE-768x566.jpg 768w, https:\/\/ugwp.cfolks.pl\/bwb\/wp-content\/uploads\/Rura-kolnierzowa-KRASO\u00ae-typ-FE.jpg 1100w\" sizes=\"auto, (max-width: 640px) 100vw, 640px\" \/><\/p>\n<h2>Rura ko\u0142nierzowa KRASO\u00ae typ FE<\/h2>\n<p><\/a><\/div>\n<div class=\"col-lg-3\"><a href=\"https:\/\/ugwp.cfolks.pl\/bwb\/produkt\/rura-oslonowa-kraso-z-wloknobetonu\/\" ><img decoding=\"async\" width=\"100%\" height=\"auto\" src=\"https:\/\/ugwp.cfolks.pl\/bwb\/wp-content\/uploads\/Rura-oslonowa-KRASO%C2%AE-z-wloknobetonu.jpg\" alt=\"Rura os\u0142onowa KRASO\u00ae z w\u0142\u00f3knobetonu\" \/><\/p>\n<h2>Rura os\u0142onowa KRASO\u00ae z w\u0142\u00f3knobetonu<\/h2>\n<p><\/a><\/div>\n<\/div>\n","protected":false},"excerpt":{"rendered":"<p>Rura os\u0142onowa KRASO\u00ae typu FE Rura os\u0142onowa KRASO\u00ae typ FE \/ MI \u2013 rura os\u0142onowa z rdzeniem [&#8230;] Rura os\u0142onowa KRASO\u00ae typu E\/FE \u2013 stal nierdzewna Tuleja rurowa VA Rura os\u0142onowa KRASO\u00ae typ E\/FE\/M Rura os\u0142onowa KRASO\u00ae z ko\u0142nierzem samoprzylepnym Rura os\u0142onowa KRASO\u00ae FBV-FE Rura os\u0142onowa KRASO\u00ae typ FE \/ SF 5 Rura os\u0142onowa KRASO\u00ae [&hellip;]<\/p>\n","protected":false},"author":1,"featured_media":0,"parent":2111,"menu_order":0,"comment_status":"closed","ping_status":"closed","template":"page-kategoria-produktow.php","meta":{"_acf_changed":false,"footnotes":""},"class_list":["post-2837","page","type-page","status-publish","hentry"],"acf":[],"yoast_head":"<!-- This site is optimized with the Yoast SEO plugin v27.3 - https:\/\/yoast.com\/product\/yoast-seo-wordpress\/ -->\n<title>Wodoszczelne Rury Os\u0142onowe KRASO\u00ae Innowacyjne Produkty<\/title>\n<meta name=\"description\" content=\"Wodoszczelne Rury Os\u0142onowe FE z Rdzeniem Wewn\u0119trznym Ko\u0142nierzem Samoprzylepnym ze Stali Nierdzewnej \u015acian\u0105 Tr\u00f3jwarstwow\u0105 Tuleje Rurowe VA Rury Ko\u0142nierzowe\" \/>\n<meta name=\"robots\" content=\"noindex, follow, max-snippet:-1, max-image-preview:large, max-video-preview:-1\" \/>\n<meta property=\"og:locale\" content=\"pl_PL\" \/>\n<meta property=\"og:type\" content=\"article\" \/>\n<meta property=\"og:title\" content=\"Wodoszczelne Rury Os\u0142onowe KRASO\u00ae Innowacyjne Produkty\" \/>\n<meta property=\"og:description\" content=\"Wodoszczelne Rury Os\u0142onowe FE z Rdzeniem Wewn\u0119trznym Ko\u0142nierzem Samoprzylepnym ze Stali Nierdzewnej \u015acian\u0105 Tr\u00f3jwarstwow\u0105 Tuleje Rurowe VA Rury Ko\u0142nierzowe\" \/>\n<meta property=\"og:url\" content=\"https:\/\/ugwp.cfolks.pl\/bwb\/wodoszczelne-przejscia-instalacyjne\/rury-oslonowe\/\" \/>\n<meta property=\"og:site_name\" content=\"BWB technology\" \/>\n<meta property=\"article:modified_time\" content=\"2024-10-17T10:38:54+00:00\" \/>\n<meta property=\"og:image\" content=\"https:\/\/ugwp.cfolks.pl\/bwb\/wp-content\/uploads\/Tuleja-rurowa-VA-640x471.jpg\" \/>\n<meta name=\"twitter:card\" content=\"summary_large_image\" \/>\n<meta name=\"twitter:label1\" content=\"Szacowany czas czytania\" \/>\n\t<meta name=\"twitter:data1\" content=\"3 minuty\" \/>\n<script type=\"application\/ld+json\" class=\"yoast-schema-graph\">{\"@context\":\"https:\\\/\\\/schema.org\",\"@graph\":[{\"@type\":\"WebPage\",\"@id\":\"https:\\\/\\\/ugwp.cfolks.pl\\\/bwb\\\/wodoszczelne-przejscia-instalacyjne\\\/rury-oslonowe\\\/\",\"url\":\"https:\\\/\\\/ugwp.cfolks.pl\\\/bwb\\\/wodoszczelne-przejscia-instalacyjne\\\/rury-oslonowe\\\/\",\"name\":\"Wodoszczelne Rury Os\u0142onowe KRASO\u00ae Innowacyjne Produkty\",\"isPartOf\":{\"@id\":\"https:\\\/\\\/ugwp.cfolks.pl\\\/bwb\\\/#website\"},\"primaryImageOfPage\":{\"@id\":\"https:\\\/\\\/ugwp.cfolks.pl\\\/bwb\\\/wodoszczelne-przejscia-instalacyjne\\\/rury-oslonowe\\\/#primaryimage\"},\"image\":{\"@id\":\"https:\\\/\\\/ugwp.cfolks.pl\\\/bwb\\\/wodoszczelne-przejscia-instalacyjne\\\/rury-oslonowe\\\/#primaryimage\"},\"thumbnailUrl\":\"https:\\\/\\\/ugwp.cfolks.pl\\\/bwb\\\/wp-content\\\/uploads\\\/Tuleja-rurowa-VA-640x471.jpg\",\"datePublished\":\"2022-12-19T12:56:29+00:00\",\"dateModified\":\"2024-10-17T10:38:54+00:00\",\"description\":\"Wodoszczelne Rury Os\u0142onowe FE z Rdzeniem Wewn\u0119trznym Ko\u0142nierzem Samoprzylepnym ze Stali Nierdzewnej \u015acian\u0105 Tr\u00f3jwarstwow\u0105 Tuleje Rurowe VA Rury Ko\u0142nierzowe\",\"breadcrumb\":{\"@id\":\"https:\\\/\\\/ugwp.cfolks.pl\\\/bwb\\\/wodoszczelne-przejscia-instalacyjne\\\/rury-oslonowe\\\/#breadcrumb\"},\"inLanguage\":\"pl-PL\",\"potentialAction\":[{\"@type\":\"ReadAction\",\"target\":[\"https:\\\/\\\/ugwp.cfolks.pl\\\/bwb\\\/wodoszczelne-przejscia-instalacyjne\\\/rury-oslonowe\\\/\"]}]},{\"@type\":\"ImageObject\",\"inLanguage\":\"pl-PL\",\"@id\":\"https:\\\/\\\/ugwp.cfolks.pl\\\/bwb\\\/wodoszczelne-przejscia-instalacyjne\\\/rury-oslonowe\\\/#primaryimage\",\"url\":\"https:\\\/\\\/ugwp.cfolks.pl\\\/bwb\\\/wp-content\\\/uploads\\\/Tuleja-rurowa-VA.jpg\",\"contentUrl\":\"https:\\\/\\\/ugwp.cfolks.pl\\\/bwb\\\/wp-content\\\/uploads\\\/Tuleja-rurowa-VA.jpg\",\"width\":1100,\"height\":810,\"caption\":\"Tuleja rurowa VA\"},{\"@type\":\"BreadcrumbList\",\"@id\":\"https:\\\/\\\/ugwp.cfolks.pl\\\/bwb\\\/wodoszczelne-przejscia-instalacyjne\\\/rury-oslonowe\\\/#breadcrumb\",\"itemListElement\":[{\"@type\":\"ListItem\",\"position\":1,\"name\":\"Strona g\u0142\u00f3wna\",\"item\":\"https:\\\/\\\/ugwp.cfolks.pl\\\/bwb\\\/\"},{\"@type\":\"ListItem\",\"position\":2,\"name\":\"Wodoszczelne Przej\u015bcia Instalacyjne\",\"item\":\"https:\\\/\\\/ugwp.cfolks.pl\\\/bwb\\\/wodoszczelne-przejscia-instalacyjne\\\/\"},{\"@type\":\"ListItem\",\"position\":3,\"name\":\"Rury os\u0142onowe\"}]},{\"@type\":\"WebSite\",\"@id\":\"https:\\\/\\\/ugwp.cfolks.pl\\\/bwb\\\/#website\",\"url\":\"https:\\\/\\\/ugwp.cfolks.pl\\\/bwb\\\/\",\"name\":\"BWB technology\",\"description\":\"Kolejna witryna oparta na WordPressie\",\"potentialAction\":[{\"@type\":\"SearchAction\",\"target\":{\"@type\":\"EntryPoint\",\"urlTemplate\":\"https:\\\/\\\/ugwp.cfolks.pl\\\/bwb\\\/?s={search_term_string}\"},\"query-input\":{\"@type\":\"PropertyValueSpecification\",\"valueRequired\":true,\"valueName\":\"search_term_string\"}}],\"inLanguage\":\"pl-PL\"}]}<\/script>\n<!-- \/ Yoast SEO plugin. -->","yoast_head_json":{"title":"Wodoszczelne Rury Os\u0142onowe KRASO\u00ae Innowacyjne Produkty","description":"Wodoszczelne Rury Os\u0142onowe FE z Rdzeniem Wewn\u0119trznym Ko\u0142nierzem Samoprzylepnym ze Stali Nierdzewnej \u015acian\u0105 Tr\u00f3jwarstwow\u0105 Tuleje Rurowe VA Rury Ko\u0142nierzowe","robots":{"index":"noindex","follow":"follow","max-snippet":"max-snippet:-1","max-image-preview":"max-image-preview:large","max-video-preview":"max-video-preview:-1"},"og_locale":"pl_PL","og_type":"article","og_title":"Wodoszczelne Rury Os\u0142onowe KRASO\u00ae Innowacyjne Produkty","og_description":"Wodoszczelne Rury Os\u0142onowe FE z Rdzeniem Wewn\u0119trznym Ko\u0142nierzem Samoprzylepnym ze Stali Nierdzewnej \u015acian\u0105 Tr\u00f3jwarstwow\u0105 Tuleje Rurowe VA Rury Ko\u0142nierzowe","og_url":"https:\/\/ugwp.cfolks.pl\/bwb\/wodoszczelne-przejscia-instalacyjne\/rury-oslonowe\/","og_site_name":"BWB technology","article_modified_time":"2024-10-17T10:38:54+00:00","og_image":[{"url":"https:\/\/ugwp.cfolks.pl\/bwb\/wp-content\/uploads\/Tuleja-rurowa-VA-640x471.jpg","type":"","width":"","height":""}],"twitter_card":"summary_large_image","twitter_misc":{"Szacowany czas czytania":"3 minuty"},"schema":{"@context":"https:\/\/schema.org","@graph":[{"@type":"WebPage","@id":"https:\/\/ugwp.cfolks.pl\/bwb\/wodoszczelne-przejscia-instalacyjne\/rury-oslonowe\/","url":"https:\/\/ugwp.cfolks.pl\/bwb\/wodoszczelne-przejscia-instalacyjne\/rury-oslonowe\/","name":"Wodoszczelne Rury Os\u0142onowe KRASO\u00ae Innowacyjne Produkty","isPartOf":{"@id":"https:\/\/ugwp.cfolks.pl\/bwb\/#website"},"primaryImageOfPage":{"@id":"https:\/\/ugwp.cfolks.pl\/bwb\/wodoszczelne-przejscia-instalacyjne\/rury-oslonowe\/#primaryimage"},"image":{"@id":"https:\/\/ugwp.cfolks.pl\/bwb\/wodoszczelne-przejscia-instalacyjne\/rury-oslonowe\/#primaryimage"},"thumbnailUrl":"https:\/\/ugwp.cfolks.pl\/bwb\/wp-content\/uploads\/Tuleja-rurowa-VA-640x471.jpg","datePublished":"2022-12-19T12:56:29+00:00","dateModified":"2024-10-17T10:38:54+00:00","description":"Wodoszczelne Rury Os\u0142onowe FE z Rdzeniem Wewn\u0119trznym Ko\u0142nierzem Samoprzylepnym ze Stali Nierdzewnej \u015acian\u0105 Tr\u00f3jwarstwow\u0105 Tuleje Rurowe VA Rury Ko\u0142nierzowe","breadcrumb":{"@id":"https:\/\/ugwp.cfolks.pl\/bwb\/wodoszczelne-przejscia-instalacyjne\/rury-oslonowe\/#breadcrumb"},"inLanguage":"pl-PL","potentialAction":[{"@type":"ReadAction","target":["https:\/\/ugwp.cfolks.pl\/bwb\/wodoszczelne-przejscia-instalacyjne\/rury-oslonowe\/"]}]},{"@type":"ImageObject","inLanguage":"pl-PL","@id":"https:\/\/ugwp.cfolks.pl\/bwb\/wodoszczelne-przejscia-instalacyjne\/rury-oslonowe\/#primaryimage","url":"https:\/\/ugwp.cfolks.pl\/bwb\/wp-content\/uploads\/Tuleja-rurowa-VA.jpg","contentUrl":"https:\/\/ugwp.cfolks.pl\/bwb\/wp-content\/uploads\/Tuleja-rurowa-VA.jpg","width":1100,"height":810,"caption":"Tuleja rurowa VA"},{"@type":"BreadcrumbList","@id":"https:\/\/ugwp.cfolks.pl\/bwb\/wodoszczelne-przejscia-instalacyjne\/rury-oslonowe\/#breadcrumb","itemListElement":[{"@type":"ListItem","position":1,"name":"Strona g\u0142\u00f3wna","item":"https:\/\/ugwp.cfolks.pl\/bwb\/"},{"@type":"ListItem","position":2,"name":"Wodoszczelne Przej\u015bcia Instalacyjne","item":"https:\/\/ugwp.cfolks.pl\/bwb\/wodoszczelne-przejscia-instalacyjne\/"},{"@type":"ListItem","position":3,"name":"Rury os\u0142onowe"}]},{"@type":"WebSite","@id":"https:\/\/ugwp.cfolks.pl\/bwb\/#website","url":"https:\/\/ugwp.cfolks.pl\/bwb\/","name":"BWB technology","description":"Kolejna witryna oparta na WordPressie","potentialAction":[{"@type":"SearchAction","target":{"@type":"EntryPoint","urlTemplate":"https:\/\/ugwp.cfolks.pl\/bwb\/?s={search_term_string}"},"query-input":{"@type":"PropertyValueSpecification","valueRequired":true,"valueName":"search_term_string"}}],"inLanguage":"pl-PL"}]}},"_links":{"self":[{"href":"https:\/\/ugwp.cfolks.pl\/bwb\/wp-json\/wp\/v2\/pages\/2837","targetHints":{"allow":["GET"]}}],"collection":[{"href":"https:\/\/ugwp.cfolks.pl\/bwb\/wp-json\/wp\/v2\/pages"}],"about":[{"href":"https:\/\/ugwp.cfolks.pl\/bwb\/wp-json\/wp\/v2\/types\/page"}],"author":[{"embeddable":true,"href":"https:\/\/ugwp.cfolks.pl\/bwb\/wp-json\/wp\/v2\/users\/1"}],"replies":[{"embeddable":true,"href":"https:\/\/ugwp.cfolks.pl\/bwb\/wp-json\/wp\/v2\/comments?post=2837"}],"version-history":[{"count":7,"href":"https:\/\/ugwp.cfolks.pl\/bwb\/wp-json\/wp\/v2\/pages\/2837\/revisions"}],"predecessor-version":[{"id":6909,"href":"https:\/\/ugwp.cfolks.pl\/bwb\/wp-json\/wp\/v2\/pages\/2837\/revisions\/6909"}],"up":[{"embeddable":true,"href":"https:\/\/ugwp.cfolks.pl\/bwb\/wp-json\/wp\/v2\/pages\/2111"}],"wp:attachment":[{"href":"https:\/\/ugwp.cfolks.pl\/bwb\/wp-json\/wp\/v2\/media?parent=2837"}],"curies":[{"name":"wp","href":"https:\/\/api.w.org\/{rel}","templated":true}]}}