{"id":2765,"date":"2022-12-05T16:25:55","date_gmt":"2022-12-05T15:25:55","guid":{"rendered":"https:\/\/ugwp.cfolks.pl\/bwb\/?page_id=2765"},"modified":"2024-10-17T12:35:52","modified_gmt":"2024-10-17T10:35:52","slug":"wklady-uszczelniajace","status":"publish","type":"page","link":"https:\/\/ugwp.cfolks.pl\/bwb\/wodoszczelne-przejscia-instalacyjne\/wklady-uszczelniajace\/","title":{"rendered":"Wk\u0142ady uszczelniaj\u0105ce"},"content":{"rendered":"<div class=\"row kategoria-produktow\">\n<div class=\"col-lg-3\"><a href=\"https:\/\/ugwp.cfolks.pl\/bwb\/produkt\/wklad-uszczelniajacy-kraso-typ-uniwersalny-dd\/\" ><img width=\"100%\" height=\"auto\" src=\"https:\/\/ugwp.cfolks.pl\/bwb\/wp-content\/uploads\/Wklad-uszczelniajacy-KRASO\u00ae-typ-Uniwersalny-150-DD-1-640x471.jpg\"  alt=\"Wk\u0142ad uszczelniaj\u0105cy KRASO\u00ae typ Uniwersalny 150 DD\" decoding=\"async\" loading=\"lazy\" srcset=\"https:\/\/ugwp.cfolks.pl\/bwb\/wp-content\/uploads\/Wklad-uszczelniajacy-KRASO\u00ae-typ-Uniwersalny-150-DD-1-640x471.jpg 640w, https:\/\/ugwp.cfolks.pl\/bwb\/wp-content\/uploads\/Wklad-uszczelniajacy-KRASO\u00ae-typ-Uniwersalny-150-DD-1-300x221.jpg 300w, https:\/\/ugwp.cfolks.pl\/bwb\/wp-content\/uploads\/Wklad-uszczelniajacy-KRASO\u00ae-typ-Uniwersalny-150-DD-1-1024x754.jpg 1024w, https:\/\/ugwp.cfolks.pl\/bwb\/wp-content\/uploads\/Wklad-uszczelniajacy-KRASO\u00ae-typ-Uniwersalny-150-DD-1-150x110.jpg 150w, https:\/\/ugwp.cfolks.pl\/bwb\/wp-content\/uploads\/Wklad-uszczelniajacy-KRASO\u00ae-typ-Uniwersalny-150-DD-1-768x566.jpg 768w, https:\/\/ugwp.cfolks.pl\/bwb\/wp-content\/uploads\/Wklad-uszczelniajacy-KRASO\u00ae-typ-Uniwersalny-150-DD-1.jpg 1100w\" sizes=\"auto, (max-width: 640px) 100vw, 640px\" \/><\/p>\n<h2>Wk\u0142ad uszczelniaj\u0105cy KRASO\u00ae typ Uniwersalny DD<\/h2>\n<p><\/a><\/div>\n<div class=\"col-lg-3\"><a href=\"https:\/\/ugwp.cfolks.pl\/bwb\/produkt\/wklad-uszczelniajacy-kraso-typ-uniwersalny-dd-m\/\" ><img width=\"100%\" height=\"auto\" src=\"https:\/\/ugwp.cfolks.pl\/bwb\/wp-content\/uploads\/Wklad-uszczelniajacy-KRASO\u00ae-typ-Uniwersalny-DD-M-640x471.jpg\"  alt=\"Wk\u0142ad uszczelniaj\u0105cy KRASO\u00ae typ Uniwersalny DD\/M\" decoding=\"async\" loading=\"lazy\" srcset=\"https:\/\/ugwp.cfolks.pl\/bwb\/wp-content\/uploads\/Wklad-uszczelniajacy-KRASO\u00ae-typ-Uniwersalny-DD-M-640x471.jpg 640w, https:\/\/ugwp.cfolks.pl\/bwb\/wp-content\/uploads\/Wklad-uszczelniajacy-KRASO\u00ae-typ-Uniwersalny-DD-M-300x221.jpg 300w, https:\/\/ugwp.cfolks.pl\/bwb\/wp-content\/uploads\/Wklad-uszczelniajacy-KRASO\u00ae-typ-Uniwersalny-DD-M-1024x754.jpg 1024w, https:\/\/ugwp.cfolks.pl\/bwb\/wp-content\/uploads\/Wklad-uszczelniajacy-KRASO\u00ae-typ-Uniwersalny-DD-M-150x110.jpg 150w, https:\/\/ugwp.cfolks.pl\/bwb\/wp-content\/uploads\/Wklad-uszczelniajacy-KRASO\u00ae-typ-Uniwersalny-DD-M-768x566.jpg 768w, https:\/\/ugwp.cfolks.pl\/bwb\/wp-content\/uploads\/Wklad-uszczelniajacy-KRASO\u00ae-typ-Uniwersalny-DD-M.jpg 1100w\" sizes=\"auto, (max-width: 640px) 100vw, 640px\" \/><\/p>\n<h2>Wk\u0142ad uszczelniaj\u0105cy KRASO\u00ae typ Uniwersalny DD \/ M<\/h2>\n<p><\/a><\/div>\n<div class=\"col-lg-3\"><a href=\"https:\/\/ugwp.cfolks.pl\/bwb\/produkt\/wklad-uszczelniajacy-kraso-typ-ed-dd-vd\/\" ><img width=\"100%\" height=\"auto\" src=\"https:\/\/ugwp.cfolks.pl\/bwb\/wp-content\/uploads\/Wklad-uszczelniajacy-KRASO\u00ae-typ-ED-1-640x471.jpg\"  alt=\"Wk\u0142ad uszczelniaj\u0105cy KRASO\u00ae typ ED\" decoding=\"async\" loading=\"lazy\" srcset=\"https:\/\/ugwp.cfolks.pl\/bwb\/wp-content\/uploads\/Wklad-uszczelniajacy-KRASO\u00ae-typ-ED-1-640x471.jpg 640w, https:\/\/ugwp.cfolks.pl\/bwb\/wp-content\/uploads\/Wklad-uszczelniajacy-KRASO\u00ae-typ-ED-1-300x221.jpg 300w, https:\/\/ugwp.cfolks.pl\/bwb\/wp-content\/uploads\/Wklad-uszczelniajacy-KRASO\u00ae-typ-ED-1-1024x754.jpg 1024w, https:\/\/ugwp.cfolks.pl\/bwb\/wp-content\/uploads\/Wklad-uszczelniajacy-KRASO\u00ae-typ-ED-1-150x110.jpg 150w, https:\/\/ugwp.cfolks.pl\/bwb\/wp-content\/uploads\/Wklad-uszczelniajacy-KRASO\u00ae-typ-ED-1-768x566.jpg 768w, https:\/\/ugwp.cfolks.pl\/bwb\/wp-content\/uploads\/Wklad-uszczelniajacy-KRASO\u00ae-typ-ED-1.jpg 1100w\" sizes=\"auto, (max-width: 640px) 100vw, 640px\" \/><\/p>\n<h2>Wk\u0142ad uszczelniaj\u0105cy KRASO\u00ae typ ED\/ DD\/ VD<\/h2>\n<p><\/a><\/div>\n<div class=\"col-lg-3\"><a href=\"https:\/\/ugwp.cfolks.pl\/bwb\/produkt\/wklad-uszczelniajacy-kraso-typ-m\/\" ><img width=\"100%\" height=\"auto\" src=\"https:\/\/ugwp.cfolks.pl\/bwb\/wp-content\/uploads\/Wklad-uszczelniajacy-KRASO\u00ae-typ-150-M-wersja-1-1-640x471.jpg\"  alt=\"Wk\u0142ad uszczelniaj\u0105cy KRASO\u00ae typ 150 M - wersja 1\" decoding=\"async\" loading=\"lazy\" srcset=\"https:\/\/ugwp.cfolks.pl\/bwb\/wp-content\/uploads\/Wklad-uszczelniajacy-KRASO\u00ae-typ-150-M-wersja-1-1-640x471.jpg 640w, https:\/\/ugwp.cfolks.pl\/bwb\/wp-content\/uploads\/Wklad-uszczelniajacy-KRASO\u00ae-typ-150-M-wersja-1-1-300x221.jpg 300w, https:\/\/ugwp.cfolks.pl\/bwb\/wp-content\/uploads\/Wklad-uszczelniajacy-KRASO\u00ae-typ-150-M-wersja-1-1-1024x754.jpg 1024w, https:\/\/ugwp.cfolks.pl\/bwb\/wp-content\/uploads\/Wklad-uszczelniajacy-KRASO\u00ae-typ-150-M-wersja-1-1-150x110.jpg 150w, https:\/\/ugwp.cfolks.pl\/bwb\/wp-content\/uploads\/Wklad-uszczelniajacy-KRASO\u00ae-typ-150-M-wersja-1-1-768x566.jpg 768w, https:\/\/ugwp.cfolks.pl\/bwb\/wp-content\/uploads\/Wklad-uszczelniajacy-KRASO\u00ae-typ-150-M-wersja-1-1.jpg 1100w\" sizes=\"auto, (max-width: 640px) 100vw, 640px\" \/><\/p>\n<h2>Wk\u0142ad uszczelniaj\u0105cy KRASO\u00ae typ M<\/h2>\n<p><\/a><\/div>\n<div class=\"col-lg-3\"><a href=\"https:\/\/ugwp.cfolks.pl\/bwb\/produkt\/wklad-uszczelniajacy-kraso-typ-sd\/\" ><img width=\"100%\" height=\"auto\" src=\"https:\/\/ugwp.cfolks.pl\/bwb\/wp-content\/uploads\/Wklad-uszczelniajacy-KRASO\u00ae-typ-SD-30-640x471.jpg\"  alt=\"Wk\u0142ad uszczelniaj\u0105cy KRASO\u00ae typ SD 30\" decoding=\"async\" loading=\"lazy\" srcset=\"https:\/\/ugwp.cfolks.pl\/bwb\/wp-content\/uploads\/Wklad-uszczelniajacy-KRASO\u00ae-typ-SD-30-640x471.jpg 640w, https:\/\/ugwp.cfolks.pl\/bwb\/wp-content\/uploads\/Wklad-uszczelniajacy-KRASO\u00ae-typ-SD-30-300x221.jpg 300w, https:\/\/ugwp.cfolks.pl\/bwb\/wp-content\/uploads\/Wklad-uszczelniajacy-KRASO\u00ae-typ-SD-30-1024x754.jpg 1024w, https:\/\/ugwp.cfolks.pl\/bwb\/wp-content\/uploads\/Wklad-uszczelniajacy-KRASO\u00ae-typ-SD-30-150x110.jpg 150w, https:\/\/ugwp.cfolks.pl\/bwb\/wp-content\/uploads\/Wklad-uszczelniajacy-KRASO\u00ae-typ-SD-30-768x566.jpg 768w, https:\/\/ugwp.cfolks.pl\/bwb\/wp-content\/uploads\/Wklad-uszczelniajacy-KRASO\u00ae-typ-SD-30.jpg 1100w\" sizes=\"auto, (max-width: 640px) 100vw, 640px\" \/><\/p>\n<h2>Wk\u0142ad uszczelniaj\u0105cy KRASO\u00ae typ SD<\/h2>\n<p><\/a><\/div>\n<div class=\"col-lg-3\"><a href=\"https:\/\/ugwp.cfolks.pl\/bwb\/produkt\/wklad-uszczelniajacy-kraso-typ-uniwersalny-dzielony\/\"><img decoding=\"async\" width=\"100%\" height=\"auto\" src=\"https:\/\/ugwp.cfolks.pl\/bwb\/wp-content\/uploads\/Wklad-uszczelniajacy-KRASO%C2%AE-Typ-Uniwersalny-%E2%80%93-dzielony-1.jpg\" alt=\"Wk\u0142ad uszczelniaj\u0105cy KRASO\u00ae Typ Uniwersalny \u2013 dzielony\"><\/p>\n<h2>Wk\u0142ad uszczelniaj\u0105cy KRASO\u00ae Typ Uniwersalny \u2013 dzielony<\/h2>\n<p><\/a><\/div>\n<div class=\"col-lg-3\"><a href=\"https:\/\/ugwp.cfolks.pl\/bwb\/produkt\/wklad-uszczelniajacy-kraso-gr\/\" ><img width=\"100%\" height=\"auto\" src=\"https:\/\/ugwp.cfolks.pl\/bwb\/wp-content\/uploads\/Wklad-uszczelniajacy-KRASO\u00ae-DD-GR-640x471.jpg\"  alt=\"Wk\u0142ad uszczelniaj\u0105cy KRASO\u00ae DD \/ GR\" decoding=\"async\" loading=\"lazy\" srcset=\"https:\/\/ugwp.cfolks.pl\/bwb\/wp-content\/uploads\/Wklad-uszczelniajacy-KRASO\u00ae-DD-GR-640x471.jpg 640w, https:\/\/ugwp.cfolks.pl\/bwb\/wp-content\/uploads\/Wklad-uszczelniajacy-KRASO\u00ae-DD-GR-300x221.jpg 300w, https:\/\/ugwp.cfolks.pl\/bwb\/wp-content\/uploads\/Wklad-uszczelniajacy-KRASO\u00ae-DD-GR-1024x754.jpg 1024w, https:\/\/ugwp.cfolks.pl\/bwb\/wp-content\/uploads\/Wklad-uszczelniajacy-KRASO\u00ae-DD-GR-150x110.jpg 150w, https:\/\/ugwp.cfolks.pl\/bwb\/wp-content\/uploads\/Wklad-uszczelniajacy-KRASO\u00ae-DD-GR-768x566.jpg 768w, https:\/\/ugwp.cfolks.pl\/bwb\/wp-content\/uploads\/Wklad-uszczelniajacy-KRASO\u00ae-DD-GR.jpg 1100w\" sizes=\"auto, (max-width: 640px) 100vw, 640px\" \/><\/p>\n<h2>Wk\u0142ad uszczelniaj\u0105cy KRASO\u00ae typ GR<\/h2>\n<p><\/a><\/div>\n<div class=\"col-lg-3\"><a href=\"https:\/\/ugwp.cfolks.pl\/bwb\/produkt\/wklad-uszczelniajacy-kraso-typ-in-gr\/\"><img decoding=\"async\" width=\"100%\" height=\"auto\" src=\"https:\/\/ugwp.cfolks.pl\/bwb\/wp-content\/uploads\/Wklad-uszczelniajacy-KRASO%C2%AE-typ-IN-GR.jpg\" alt=\"Wk\u0142ad uszczelniaj\u0105cy KRASO\u00ae typ IN-GR\"><\/p>\n<h2>Wk\u0142ad uszczelniaj\u0105cy KRASO\u00ae typ IN-GR<\/h2>\n<p><\/a><\/div>\n<div class=\"col-lg-3\"><a href=\"https:\/\/ugwp.cfolks.pl\/bwb\/produkt\/wklad-uszczelniajacy-kraso-typ-td-x\/\" ><img width=\"100%\" height=\"auto\" src=\"https:\/\/ugwp.cfolks.pl\/bwb\/wp-content\/uploads\/Wklad-uszczelniajacy-KRASO\u00ae-typ-TD-X-640x471.jpg\"  alt=\"Wk\u0142ad uszczelniaj\u0105cy KRASO\u00ae typ TD-X\" decoding=\"async\" loading=\"lazy\" srcset=\"https:\/\/ugwp.cfolks.pl\/bwb\/wp-content\/uploads\/Wklad-uszczelniajacy-KRASO\u00ae-typ-TD-X-640x471.jpg 640w, https:\/\/ugwp.cfolks.pl\/bwb\/wp-content\/uploads\/Wklad-uszczelniajacy-KRASO\u00ae-typ-TD-X-300x221.jpg 300w, https:\/\/ugwp.cfolks.pl\/bwb\/wp-content\/uploads\/Wklad-uszczelniajacy-KRASO\u00ae-typ-TD-X-1024x754.jpg 1024w, https:\/\/ugwp.cfolks.pl\/bwb\/wp-content\/uploads\/Wklad-uszczelniajacy-KRASO\u00ae-typ-TD-X-150x110.jpg 150w, https:\/\/ugwp.cfolks.pl\/bwb\/wp-content\/uploads\/Wklad-uszczelniajacy-KRASO\u00ae-typ-TD-X-768x566.jpg 768w, https:\/\/ugwp.cfolks.pl\/bwb\/wp-content\/uploads\/Wklad-uszczelniajacy-KRASO\u00ae-typ-TD-X.jpg 1100w\" sizes=\"auto, (max-width: 640px) 100vw, 640px\" \/><\/p>\n<h2>Wk\u0142ad uszczelniaj\u0105cy KRASO\u00ae typ TD-X<\/h2>\n<p><\/a><\/div>\n<div class=\"col-lg-3\"><a href=\"https:\/\/ugwp.cfolks.pl\/bwb\/produkt\/wklad-uszczelniajacy-kraso-typ-fix\/\" ><img width=\"100%\" height=\"auto\" src=\"https:\/\/ugwp.cfolks.pl\/bwb\/wp-content\/uploads\/Wklad-uszczelniajacy-KRASO\u00ae-typ-FIX-640x471.jpg\"  alt=\"Wk\u0142ad uszczelniaj\u0105cy KRASO\u00ae typ FIX\" decoding=\"async\" loading=\"lazy\" srcset=\"https:\/\/ugwp.cfolks.pl\/bwb\/wp-content\/uploads\/Wklad-uszczelniajacy-KRASO\u00ae-typ-FIX-640x471.jpg 640w, https:\/\/ugwp.cfolks.pl\/bwb\/wp-content\/uploads\/Wklad-uszczelniajacy-KRASO\u00ae-typ-FIX-300x221.jpg 300w, https:\/\/ugwp.cfolks.pl\/bwb\/wp-content\/uploads\/Wklad-uszczelniajacy-KRASO\u00ae-typ-FIX-1024x754.jpg 1024w, https:\/\/ugwp.cfolks.pl\/bwb\/wp-content\/uploads\/Wklad-uszczelniajacy-KRASO\u00ae-typ-FIX-150x110.jpg 150w, https:\/\/ugwp.cfolks.pl\/bwb\/wp-content\/uploads\/Wklad-uszczelniajacy-KRASO\u00ae-typ-FIX-768x566.jpg 768w, https:\/\/ugwp.cfolks.pl\/bwb\/wp-content\/uploads\/Wklad-uszczelniajacy-KRASO\u00ae-typ-FIX.jpg 1100w\" sizes=\"auto, (max-width: 640px) 100vw, 640px\" \/><\/p>\n<h2>Wk\u0142ad uszczelniaj\u0105cy KRASO\u00ae typ FIX<\/h2>\n<p><\/a><\/div>\n<div class=\"col-lg-3\"><a href=\"https:\/\/ugwp.cfolks.pl\/bwb\/produkt\/wklad-uszczelniajacy-kraso-typ-slepy-ed-dd-vd\/\" ><img width=\"100%\" height=\"auto\" src=\"https:\/\/ugwp.cfolks.pl\/bwb\/wp-content\/uploads\/Wklad-uszczelniajacy-KRASO\u00ae-typ-Slepy-ED-640x471.jpg\"  alt=\"Wk\u0142ad uszczelniaj\u0105cy KRASO\u00ae typ \u015alepy ED\" decoding=\"async\" loading=\"lazy\" srcset=\"https:\/\/ugwp.cfolks.pl\/bwb\/wp-content\/uploads\/Wklad-uszczelniajacy-KRASO\u00ae-typ-Slepy-ED-640x471.jpg 640w, https:\/\/ugwp.cfolks.pl\/bwb\/wp-content\/uploads\/Wklad-uszczelniajacy-KRASO\u00ae-typ-Slepy-ED-300x221.jpg 300w, https:\/\/ugwp.cfolks.pl\/bwb\/wp-content\/uploads\/Wklad-uszczelniajacy-KRASO\u00ae-typ-Slepy-ED-1024x754.jpg 1024w, https:\/\/ugwp.cfolks.pl\/bwb\/wp-content\/uploads\/Wklad-uszczelniajacy-KRASO\u00ae-typ-Slepy-ED-150x110.jpg 150w, https:\/\/ugwp.cfolks.pl\/bwb\/wp-content\/uploads\/Wklad-uszczelniajacy-KRASO\u00ae-typ-Slepy-ED-768x566.jpg 768w, https:\/\/ugwp.cfolks.pl\/bwb\/wp-content\/uploads\/Wklad-uszczelniajacy-KRASO\u00ae-typ-Slepy-ED.jpg 1100w\" sizes=\"auto, (max-width: 640px) 100vw, 640px\" \/><\/p>\n<h2>Wk\u0142ad uszczelniaj\u0105cy KRASO\u00ae typ \u015alepy ED\/ DD\/ VD<\/h2>\n<p><\/a><\/div>\n<div class=\"col-lg-3\"><a href=\"https:\/\/ugwp.cfolks.pl\/bwb\/produkt\/wklad-uszczelniajacy-kraso-typ-fbv-gf\/\"><img decoding=\"async\" width=\"100%\" height=\"auto\" src=\"https:\/\/ugwp.cfolks.pl\/bwb\/wp-content\/uploads\/Wklad-uszczelniajacy-KRASO%C2%AE-typ-FBV-GF.jpg\" alt=\"Wk\u0142ad uszczelniaj\u0105cy KRASO\u00ae typ FBV\/GF\"\/><\/p>\n<h2>Wk\u0142ad uszczelniaj\u0105cy KRASO\u00ae typ FBV\/GF<\/h2>\n<p><\/a><\/div>\n","protected":false},"excerpt":{"rendered":"<p>Wk\u0142ad uszczelniaj\u0105cy KRASO\u00ae typ Uniwersalny DD Wk\u0142ad uszczelniaj\u0105cy KRASO\u00ae typ Uniwersalny DD \/ M Wk\u0142ad uszczelniaj\u0105cy KRASO\u00ae typ ED\/ DD\/ VD Wk\u0142ad uszczelniaj\u0105cy KRASO\u00ae typ M Wk\u0142ad uszczelniaj\u0105cy KRASO\u00ae typ SD Wk\u0142ad uszczelniaj\u0105cy KRASO\u00ae Typ Uniwersalny \u2013 dzielony Wk\u0142ad uszczelniaj\u0105cy KRASO\u00ae typ GR Wk\u0142ad uszczelniaj\u0105cy KRASO\u00ae typ IN-GR Wk\u0142ad uszczelniaj\u0105cy KRASO\u00ae typ TD-X Wk\u0142ad uszczelniaj\u0105cy [&hellip;]<\/p>\n","protected":false},"author":1,"featured_media":0,"parent":2111,"menu_order":0,"comment_status":"closed","ping_status":"closed","template":"page-kategoria-produktow.php","meta":{"_acf_changed":false,"footnotes":""},"class_list":["post-2765","page","type-page","status-publish","hentry"],"acf":[],"yoast_head":"<!-- This site is optimized with the Yoast SEO plugin v27.3 - https:\/\/yoast.com\/product\/yoast-seo-wordpress\/ -->\n<title>Szczelne Wk\u0142ady Uszczelniaj\u0105ce KRASO\u00ae Innowacyjne Produkty<\/title>\n<meta name=\"description\" content=\"Wodoszczelne Wk\u0142ady Uszczelniaj\u0105ce KRASO z Mieszanki Gumowej i Stali Nierdzewnej V2A Uniwersalne Typ \u015alepy Uszczelnienie Podw\u00f3jne Poczw\u00f3rne Gazoszczelne\" \/>\n<meta name=\"robots\" content=\"noindex, follow, max-snippet:-1, max-image-preview:large, max-video-preview:-1\" \/>\n<meta property=\"og:locale\" content=\"pl_PL\" \/>\n<meta property=\"og:type\" content=\"article\" \/>\n<meta property=\"og:title\" content=\"Szczelne Wk\u0142ady Uszczelniaj\u0105ce KRASO\u00ae Innowacyjne Produkty\" \/>\n<meta property=\"og:description\" content=\"Wodoszczelne Wk\u0142ady Uszczelniaj\u0105ce KRASO z Mieszanki Gumowej i Stali Nierdzewnej V2A Uniwersalne Typ \u015alepy Uszczelnienie Podw\u00f3jne Poczw\u00f3rne Gazoszczelne\" \/>\n<meta property=\"og:url\" content=\"https:\/\/ugwp.cfolks.pl\/bwb\/wodoszczelne-przejscia-instalacyjne\/wklady-uszczelniajace\/\" \/>\n<meta property=\"og:site_name\" content=\"BWB technology\" \/>\n<meta property=\"article:modified_time\" content=\"2024-10-17T10:35:52+00:00\" \/>\n<meta property=\"og:image\" content=\"https:\/\/ugwp.cfolks.pl\/bwb\/wp-content\/uploads\/Wklad-uszczelniajacy-KRASO%C2%AE-Typ-Uniwersalny-%E2%80%93-dzielony-1.jpg\" \/>\n<meta name=\"twitter:card\" content=\"summary_large_image\" \/>\n<meta name=\"twitter:label1\" content=\"Szacowany czas czytania\" \/>\n\t<meta name=\"twitter:data1\" content=\"4 minuty\" \/>\n<script type=\"application\/ld+json\" class=\"yoast-schema-graph\">{\"@context\":\"https:\\\/\\\/schema.org\",\"@graph\":[{\"@type\":\"WebPage\",\"@id\":\"https:\\\/\\\/ugwp.cfolks.pl\\\/bwb\\\/wodoszczelne-przejscia-instalacyjne\\\/wklady-uszczelniajace\\\/\",\"url\":\"https:\\\/\\\/ugwp.cfolks.pl\\\/bwb\\\/wodoszczelne-przejscia-instalacyjne\\\/wklady-uszczelniajace\\\/\",\"name\":\"Szczelne Wk\u0142ady Uszczelniaj\u0105ce KRASO\u00ae Innowacyjne Produkty\",\"isPartOf\":{\"@id\":\"https:\\\/\\\/ugwp.cfolks.pl\\\/bwb\\\/#website\"},\"primaryImageOfPage\":{\"@id\":\"https:\\\/\\\/ugwp.cfolks.pl\\\/bwb\\\/wodoszczelne-przejscia-instalacyjne\\\/wklady-uszczelniajace\\\/#primaryimage\"},\"image\":{\"@id\":\"https:\\\/\\\/ugwp.cfolks.pl\\\/bwb\\\/wodoszczelne-przejscia-instalacyjne\\\/wklady-uszczelniajace\\\/#primaryimage\"},\"thumbnailUrl\":\"https:\\\/\\\/ugwp.cfolks.pl\\\/bwb\\\/wp-content\\\/uploads\\\/Wklad-uszczelniajacy-KRASO%C2%AE-Typ-Uniwersalny-%E2%80%93-dzielony-1.jpg\",\"datePublished\":\"2022-12-05T15:25:55+00:00\",\"dateModified\":\"2024-10-17T10:35:52+00:00\",\"description\":\"Wodoszczelne Wk\u0142ady Uszczelniaj\u0105ce KRASO z Mieszanki Gumowej i Stali Nierdzewnej V2A Uniwersalne Typ \u015alepy Uszczelnienie Podw\u00f3jne Poczw\u00f3rne Gazoszczelne\",\"breadcrumb\":{\"@id\":\"https:\\\/\\\/ugwp.cfolks.pl\\\/bwb\\\/wodoszczelne-przejscia-instalacyjne\\\/wklady-uszczelniajace\\\/#breadcrumb\"},\"inLanguage\":\"pl-PL\",\"potentialAction\":[{\"@type\":\"ReadAction\",\"target\":[\"https:\\\/\\\/ugwp.cfolks.pl\\\/bwb\\\/wodoszczelne-przejscia-instalacyjne\\\/wklady-uszczelniajace\\\/\"]}]},{\"@type\":\"ImageObject\",\"inLanguage\":\"pl-PL\",\"@id\":\"https:\\\/\\\/ugwp.cfolks.pl\\\/bwb\\\/wodoszczelne-przejscia-instalacyjne\\\/wklady-uszczelniajace\\\/#primaryimage\",\"url\":\"https:\\\/\\\/ugwp.cfolks.pl\\\/bwb\\\/wp-content\\\/uploads\\\/Wklad-uszczelniajacy-KRASO%C2%AE-Typ-Uniwersalny-%E2%80%93-dzielony-1.jpg\",\"contentUrl\":\"https:\\\/\\\/ugwp.cfolks.pl\\\/bwb\\\/wp-content\\\/uploads\\\/Wklad-uszczelniajacy-KRASO%C2%AE-Typ-Uniwersalny-%E2%80%93-dzielony-1.jpg\"},{\"@type\":\"BreadcrumbList\",\"@id\":\"https:\\\/\\\/ugwp.cfolks.pl\\\/bwb\\\/wodoszczelne-przejscia-instalacyjne\\\/wklady-uszczelniajace\\\/#breadcrumb\",\"itemListElement\":[{\"@type\":\"ListItem\",\"position\":1,\"name\":\"Strona g\u0142\u00f3wna\",\"item\":\"https:\\\/\\\/ugwp.cfolks.pl\\\/bwb\\\/\"},{\"@type\":\"ListItem\",\"position\":2,\"name\":\"Wodoszczelne Przej\u015bcia Instalacyjne\",\"item\":\"https:\\\/\\\/ugwp.cfolks.pl\\\/bwb\\\/wodoszczelne-przejscia-instalacyjne\\\/\"},{\"@type\":\"ListItem\",\"position\":3,\"name\":\"Wk\u0142ady uszczelniaj\u0105ce\"}]},{\"@type\":\"WebSite\",\"@id\":\"https:\\\/\\\/ugwp.cfolks.pl\\\/bwb\\\/#website\",\"url\":\"https:\\\/\\\/ugwp.cfolks.pl\\\/bwb\\\/\",\"name\":\"BWB technology\",\"description\":\"Kolejna witryna oparta na WordPressie\",\"potentialAction\":[{\"@type\":\"SearchAction\",\"target\":{\"@type\":\"EntryPoint\",\"urlTemplate\":\"https:\\\/\\\/ugwp.cfolks.pl\\\/bwb\\\/?s={search_term_string}\"},\"query-input\":{\"@type\":\"PropertyValueSpecification\",\"valueRequired\":true,\"valueName\":\"search_term_string\"}}],\"inLanguage\":\"pl-PL\"}]}<\/script>\n<!-- \/ Yoast SEO plugin. -->","yoast_head_json":{"title":"Szczelne Wk\u0142ady Uszczelniaj\u0105ce KRASO\u00ae Innowacyjne Produkty","description":"Wodoszczelne Wk\u0142ady Uszczelniaj\u0105ce KRASO z Mieszanki Gumowej i Stali Nierdzewnej V2A Uniwersalne Typ \u015alepy Uszczelnienie Podw\u00f3jne Poczw\u00f3rne Gazoszczelne","robots":{"index":"noindex","follow":"follow","max-snippet":"max-snippet:-1","max-image-preview":"max-image-preview:large","max-video-preview":"max-video-preview:-1"},"og_locale":"pl_PL","og_type":"article","og_title":"Szczelne Wk\u0142ady Uszczelniaj\u0105ce KRASO\u00ae Innowacyjne Produkty","og_description":"Wodoszczelne Wk\u0142ady Uszczelniaj\u0105ce KRASO z Mieszanki Gumowej i Stali Nierdzewnej V2A Uniwersalne Typ \u015alepy Uszczelnienie Podw\u00f3jne Poczw\u00f3rne Gazoszczelne","og_url":"https:\/\/ugwp.cfolks.pl\/bwb\/wodoszczelne-przejscia-instalacyjne\/wklady-uszczelniajace\/","og_site_name":"BWB technology","article_modified_time":"2024-10-17T10:35:52+00:00","og_image":[{"url":"https:\/\/ugwp.cfolks.pl\/bwb\/wp-content\/uploads\/Wklad-uszczelniajacy-KRASO%C2%AE-Typ-Uniwersalny-%E2%80%93-dzielony-1.jpg","type":"","width":"","height":""}],"twitter_card":"summary_large_image","twitter_misc":{"Szacowany czas czytania":"4 minuty"},"schema":{"@context":"https:\/\/schema.org","@graph":[{"@type":"WebPage","@id":"https:\/\/ugwp.cfolks.pl\/bwb\/wodoszczelne-przejscia-instalacyjne\/wklady-uszczelniajace\/","url":"https:\/\/ugwp.cfolks.pl\/bwb\/wodoszczelne-przejscia-instalacyjne\/wklady-uszczelniajace\/","name":"Szczelne Wk\u0142ady Uszczelniaj\u0105ce KRASO\u00ae Innowacyjne Produkty","isPartOf":{"@id":"https:\/\/ugwp.cfolks.pl\/bwb\/#website"},"primaryImageOfPage":{"@id":"https:\/\/ugwp.cfolks.pl\/bwb\/wodoszczelne-przejscia-instalacyjne\/wklady-uszczelniajace\/#primaryimage"},"image":{"@id":"https:\/\/ugwp.cfolks.pl\/bwb\/wodoszczelne-przejscia-instalacyjne\/wklady-uszczelniajace\/#primaryimage"},"thumbnailUrl":"https:\/\/ugwp.cfolks.pl\/bwb\/wp-content\/uploads\/Wklad-uszczelniajacy-KRASO%C2%AE-Typ-Uniwersalny-%E2%80%93-dzielony-1.jpg","datePublished":"2022-12-05T15:25:55+00:00","dateModified":"2024-10-17T10:35:52+00:00","description":"Wodoszczelne Wk\u0142ady Uszczelniaj\u0105ce KRASO z Mieszanki Gumowej i Stali Nierdzewnej V2A Uniwersalne Typ \u015alepy Uszczelnienie Podw\u00f3jne Poczw\u00f3rne Gazoszczelne","breadcrumb":{"@id":"https:\/\/ugwp.cfolks.pl\/bwb\/wodoszczelne-przejscia-instalacyjne\/wklady-uszczelniajace\/#breadcrumb"},"inLanguage":"pl-PL","potentialAction":[{"@type":"ReadAction","target":["https:\/\/ugwp.cfolks.pl\/bwb\/wodoszczelne-przejscia-instalacyjne\/wklady-uszczelniajace\/"]}]},{"@type":"ImageObject","inLanguage":"pl-PL","@id":"https:\/\/ugwp.cfolks.pl\/bwb\/wodoszczelne-przejscia-instalacyjne\/wklady-uszczelniajace\/#primaryimage","url":"https:\/\/ugwp.cfolks.pl\/bwb\/wp-content\/uploads\/Wklad-uszczelniajacy-KRASO%C2%AE-Typ-Uniwersalny-%E2%80%93-dzielony-1.jpg","contentUrl":"https:\/\/ugwp.cfolks.pl\/bwb\/wp-content\/uploads\/Wklad-uszczelniajacy-KRASO%C2%AE-Typ-Uniwersalny-%E2%80%93-dzielony-1.jpg"},{"@type":"BreadcrumbList","@id":"https:\/\/ugwp.cfolks.pl\/bwb\/wodoszczelne-przejscia-instalacyjne\/wklady-uszczelniajace\/#breadcrumb","itemListElement":[{"@type":"ListItem","position":1,"name":"Strona g\u0142\u00f3wna","item":"https:\/\/ugwp.cfolks.pl\/bwb\/"},{"@type":"ListItem","position":2,"name":"Wodoszczelne Przej\u015bcia Instalacyjne","item":"https:\/\/ugwp.cfolks.pl\/bwb\/wodoszczelne-przejscia-instalacyjne\/"},{"@type":"ListItem","position":3,"name":"Wk\u0142ady uszczelniaj\u0105ce"}]},{"@type":"WebSite","@id":"https:\/\/ugwp.cfolks.pl\/bwb\/#website","url":"https:\/\/ugwp.cfolks.pl\/bwb\/","name":"BWB technology","description":"Kolejna witryna oparta na WordPressie","potentialAction":[{"@type":"SearchAction","target":{"@type":"EntryPoint","urlTemplate":"https:\/\/ugwp.cfolks.pl\/bwb\/?s={search_term_string}"},"query-input":{"@type":"PropertyValueSpecification","valueRequired":true,"valueName":"search_term_string"}}],"inLanguage":"pl-PL"}]}},"_links":{"self":[{"href":"https:\/\/ugwp.cfolks.pl\/bwb\/wp-json\/wp\/v2\/pages\/2765","targetHints":{"allow":["GET"]}}],"collection":[{"href":"https:\/\/ugwp.cfolks.pl\/bwb\/wp-json\/wp\/v2\/pages"}],"about":[{"href":"https:\/\/ugwp.cfolks.pl\/bwb\/wp-json\/wp\/v2\/types\/page"}],"author":[{"embeddable":true,"href":"https:\/\/ugwp.cfolks.pl\/bwb\/wp-json\/wp\/v2\/users\/1"}],"replies":[{"embeddable":true,"href":"https:\/\/ugwp.cfolks.pl\/bwb\/wp-json\/wp\/v2\/comments?post=2765"}],"version-history":[{"count":31,"href":"https:\/\/ugwp.cfolks.pl\/bwb\/wp-json\/wp\/v2\/pages\/2765\/revisions"}],"predecessor-version":[{"id":6907,"href":"https:\/\/ugwp.cfolks.pl\/bwb\/wp-json\/wp\/v2\/pages\/2765\/revisions\/6907"}],"up":[{"embeddable":true,"href":"https:\/\/ugwp.cfolks.pl\/bwb\/wp-json\/wp\/v2\/pages\/2111"}],"wp:attachment":[{"href":"https:\/\/ugwp.cfolks.pl\/bwb\/wp-json\/wp\/v2\/media?parent=2765"}],"curies":[{"name":"wp","href":"https:\/\/api.w.org\/{rel}","templated":true}]}}