{"id":2663,"date":"2022-11-28T19:06:41","date_gmt":"2022-11-28T18:06:41","guid":{"rendered":"https:\/\/ugwp.cfolks.pl\/bwb\/?page_id=2663"},"modified":"2024-08-19T14:17:03","modified_gmt":"2024-08-19T12:17:03","slug":"centry-i-listwy-pozycjonujace","status":"publish","type":"page","link":"https:\/\/ugwp.cfolks.pl\/bwb\/akcesoria-szalunkowe\/centry-i-listwy-pozycjonujace\/","title":{"rendered":"Centry i listwy pozycjonuj\u0105ce"},"content":{"rendered":"<div class=\"row kategoria-produktow\">\n<div class=\"col-lg-3\"><a href=\"https:\/\/ugwp.cfolks.pl\/bwb\/produkt\/listwa-szalunkowa-sl\/\"><img decoding=\"async\" width=\"100%\" height=\"auto\" src=\"https:\/\/ugwp.cfolks.pl\/bwb\/wp-content\/uploads\/Listwa-szalunkowa-%E2%80%93-SL.jpg\" alt=\"Listwa szalunkowa \u2013 SL\"\/><\/p>\n<h2>Listwa szalunkowa \u2013 SL<\/h2>\n<p><\/a><\/div>\n<div class=\"col-lg-3\"><a href=\"https:\/\/ugwp.cfolks.pl\/bwb\/produkt\/dystans-szalunkowy-sal\/\"><img decoding=\"async\" width=\"100%\" height=\"auto\" src=\"https:\/\/ugwp.cfolks.pl\/bwb\/wp-content\/uploads\/Dystans-szalunkowy-%E2%80%93-SAL-1.jpg\" alt=\"Dystans szalunkowy \u2013 SAL\"\/><\/p>\n<h2>Dystans szalunkowy \u2013 SAL<\/h2>\n<p><\/a><\/div>\n<div class=\"col-lg-3\"><a href=\"https:\/\/ugwp.cfolks.pl\/bwb\/produkt\/center-do-deskowan-san\/\"><img decoding=\"async\" width=\"100%\" height=\"auto\" src=\"https:\/\/ugwp.cfolks.pl\/bwb\/wp-content\/uploads\/Center-do-deskowan-%E2%80%93-SAN.jpg\" alt=\"Center do deskowa\u0144 \u2013 SAN\"\/><\/p>\n<h2>Center do deskowa\u0144 \u2013 SAN<\/h2>\n<p><\/a> <\/div>\n<div class=\"col-lg-3\"><a href=\"https:\/\/ugwp.cfolks.pl\/bwb\/produkt\/center-do-deskowan-sa\/\" ><img decoding=\"async\" width=\"100%\" height=\"auto\" src=\"https:\/\/ugwp.cfolks.pl\/bwb\/wp-content\/uploads\/Center-do-deskowan-%E2%80%93-SA-1.jpg\" alt=\"Center do deskowa\u0144 \u2013 SA\"\/><\/p>\n<h2>Center do deskowa\u0144 \u2013 SA<\/h2>\n<p><\/a> <\/div>\n<\/div>\n","protected":false},"excerpt":{"rendered":"<p>Listwa szalunkowa \u2013 SL Dystans szalunkowy \u2013 SAL Center do deskowa\u0144 \u2013 SAN Center do deskowa\u0144 \u2013 SA<\/p>\n","protected":false},"author":1,"featured_media":0,"parent":2654,"menu_order":0,"comment_status":"closed","ping_status":"closed","template":"page-kategoria-produktow.php","meta":{"_acf_changed":false,"footnotes":""},"class_list":["post-2663","page","type-page","status-publish","hentry"],"acf":[],"yoast_head":"<!-- This site is optimized with the Yoast SEO plugin v27.3 - https:\/\/yoast.com\/product\/yoast-seo-wordpress\/ -->\n<title>Szalunkowe Centry i Listwy Pozycjonuj\u0105ce Innowacyjne Produkty<\/title>\n<meta name=\"description\" content=\"Centry Do Deskowa\u0144 z Zamontowanym Gwo\u017adziem SA SAN Dystansy z Otworami Na Gwo\u017adzie SAL Listwy Szalunkowe SL z Tworzywa Sztucznego Do Przybijania\" \/>\n<meta name=\"robots\" content=\"noindex, follow, max-snippet:-1, max-image-preview:large, max-video-preview:-1\" \/>\n<meta property=\"og:locale\" content=\"pl_PL\" \/>\n<meta property=\"og:type\" content=\"article\" \/>\n<meta property=\"og:title\" content=\"Szalunkowe Centry i Listwy Pozycjonuj\u0105ce Innowacyjne Produkty\" \/>\n<meta property=\"og:description\" content=\"Centry Do Deskowa\u0144 z Zamontowanym Gwo\u017adziem SA SAN Dystansy z Otworami Na Gwo\u017adzie SAL Listwy Szalunkowe SL z Tworzywa Sztucznego Do Przybijania\" \/>\n<meta property=\"og:url\" content=\"https:\/\/ugwp.cfolks.pl\/bwb\/akcesoria-szalunkowe\/centry-i-listwy-pozycjonujace\/\" \/>\n<meta property=\"og:site_name\" content=\"BWB technology\" \/>\n<meta property=\"article:modified_time\" content=\"2024-08-19T12:17:03+00:00\" \/>\n<meta property=\"og:image\" content=\"https:\/\/ugwp.cfolks.pl\/bwb\/wp-content\/uploads\/Listwa-szalunkowa-%E2%80%93-SL.jpg\" \/>\n<meta name=\"twitter:card\" content=\"summary_large_image\" \/>\n<meta name=\"twitter:label1\" content=\"Szacowany czas czytania\" \/>\n\t<meta name=\"twitter:data1\" content=\"1 minuta\" \/>\n<script type=\"application\/ld+json\" class=\"yoast-schema-graph\">{\"@context\":\"https:\\\/\\\/schema.org\",\"@graph\":[{\"@type\":\"WebPage\",\"@id\":\"https:\\\/\\\/ugwp.cfolks.pl\\\/bwb\\\/akcesoria-szalunkowe\\\/centry-i-listwy-pozycjonujace\\\/\",\"url\":\"https:\\\/\\\/ugwp.cfolks.pl\\\/bwb\\\/akcesoria-szalunkowe\\\/centry-i-listwy-pozycjonujace\\\/\",\"name\":\"Szalunkowe Centry i Listwy Pozycjonuj\u0105ce Innowacyjne Produkty\",\"isPartOf\":{\"@id\":\"https:\\\/\\\/ugwp.cfolks.pl\\\/bwb\\\/#website\"},\"primaryImageOfPage\":{\"@id\":\"https:\\\/\\\/ugwp.cfolks.pl\\\/bwb\\\/akcesoria-szalunkowe\\\/centry-i-listwy-pozycjonujace\\\/#primaryimage\"},\"image\":{\"@id\":\"https:\\\/\\\/ugwp.cfolks.pl\\\/bwb\\\/akcesoria-szalunkowe\\\/centry-i-listwy-pozycjonujace\\\/#primaryimage\"},\"thumbnailUrl\":\"https:\\\/\\\/ugwp.cfolks.pl\\\/bwb\\\/wp-content\\\/uploads\\\/Listwa-szalunkowa-%E2%80%93-SL.jpg\",\"datePublished\":\"2022-11-28T18:06:41+00:00\",\"dateModified\":\"2024-08-19T12:17:03+00:00\",\"description\":\"Centry Do Deskowa\u0144 z Zamontowanym Gwo\u017adziem SA SAN Dystansy z Otworami Na Gwo\u017adzie SAL Listwy Szalunkowe SL z Tworzywa Sztucznego Do Przybijania\",\"breadcrumb\":{\"@id\":\"https:\\\/\\\/ugwp.cfolks.pl\\\/bwb\\\/akcesoria-szalunkowe\\\/centry-i-listwy-pozycjonujace\\\/#breadcrumb\"},\"inLanguage\":\"pl-PL\",\"potentialAction\":[{\"@type\":\"ReadAction\",\"target\":[\"https:\\\/\\\/ugwp.cfolks.pl\\\/bwb\\\/akcesoria-szalunkowe\\\/centry-i-listwy-pozycjonujace\\\/\"]}]},{\"@type\":\"ImageObject\",\"inLanguage\":\"pl-PL\",\"@id\":\"https:\\\/\\\/ugwp.cfolks.pl\\\/bwb\\\/akcesoria-szalunkowe\\\/centry-i-listwy-pozycjonujace\\\/#primaryimage\",\"url\":\"https:\\\/\\\/ugwp.cfolks.pl\\\/bwb\\\/wp-content\\\/uploads\\\/Listwa-szalunkowa-%E2%80%93-SL.jpg\",\"contentUrl\":\"https:\\\/\\\/ugwp.cfolks.pl\\\/bwb\\\/wp-content\\\/uploads\\\/Listwa-szalunkowa-%E2%80%93-SL.jpg\"},{\"@type\":\"BreadcrumbList\",\"@id\":\"https:\\\/\\\/ugwp.cfolks.pl\\\/bwb\\\/akcesoria-szalunkowe\\\/centry-i-listwy-pozycjonujace\\\/#breadcrumb\",\"itemListElement\":[{\"@type\":\"ListItem\",\"position\":1,\"name\":\"Strona g\u0142\u00f3wna\",\"item\":\"https:\\\/\\\/ugwp.cfolks.pl\\\/bwb\\\/\"},{\"@type\":\"ListItem\",\"position\":2,\"name\":\"Akcesoria Szalunkowe\",\"item\":\"https:\\\/\\\/ugwp.cfolks.pl\\\/bwb\\\/akcesoria-szalunkowe\\\/\"},{\"@type\":\"ListItem\",\"position\":3,\"name\":\"Centry i listwy pozycjonuj\u0105ce\"}]},{\"@type\":\"WebSite\",\"@id\":\"https:\\\/\\\/ugwp.cfolks.pl\\\/bwb\\\/#website\",\"url\":\"https:\\\/\\\/ugwp.cfolks.pl\\\/bwb\\\/\",\"name\":\"BWB technology\",\"description\":\"Kolejna witryna oparta na WordPressie\",\"potentialAction\":[{\"@type\":\"SearchAction\",\"target\":{\"@type\":\"EntryPoint\",\"urlTemplate\":\"https:\\\/\\\/ugwp.cfolks.pl\\\/bwb\\\/?s={search_term_string}\"},\"query-input\":{\"@type\":\"PropertyValueSpecification\",\"valueRequired\":true,\"valueName\":\"search_term_string\"}}],\"inLanguage\":\"pl-PL\"}]}<\/script>\n<!-- \/ Yoast SEO plugin. -->","yoast_head_json":{"title":"Szalunkowe Centry i Listwy Pozycjonuj\u0105ce Innowacyjne Produkty","description":"Centry Do Deskowa\u0144 z Zamontowanym Gwo\u017adziem SA SAN Dystansy z Otworami Na Gwo\u017adzie SAL Listwy Szalunkowe SL z Tworzywa Sztucznego Do Przybijania","robots":{"index":"noindex","follow":"follow","max-snippet":"max-snippet:-1","max-image-preview":"max-image-preview:large","max-video-preview":"max-video-preview:-1"},"og_locale":"pl_PL","og_type":"article","og_title":"Szalunkowe Centry i Listwy Pozycjonuj\u0105ce Innowacyjne Produkty","og_description":"Centry Do Deskowa\u0144 z Zamontowanym Gwo\u017adziem SA SAN Dystansy z Otworami Na Gwo\u017adzie SAL Listwy Szalunkowe SL z Tworzywa Sztucznego Do Przybijania","og_url":"https:\/\/ugwp.cfolks.pl\/bwb\/akcesoria-szalunkowe\/centry-i-listwy-pozycjonujace\/","og_site_name":"BWB technology","article_modified_time":"2024-08-19T12:17:03+00:00","og_image":[{"url":"https:\/\/ugwp.cfolks.pl\/bwb\/wp-content\/uploads\/Listwa-szalunkowa-%E2%80%93-SL.jpg","type":"","width":"","height":""}],"twitter_card":"summary_large_image","twitter_misc":{"Szacowany czas czytania":"1 minuta"},"schema":{"@context":"https:\/\/schema.org","@graph":[{"@type":"WebPage","@id":"https:\/\/ugwp.cfolks.pl\/bwb\/akcesoria-szalunkowe\/centry-i-listwy-pozycjonujace\/","url":"https:\/\/ugwp.cfolks.pl\/bwb\/akcesoria-szalunkowe\/centry-i-listwy-pozycjonujace\/","name":"Szalunkowe Centry i Listwy Pozycjonuj\u0105ce Innowacyjne Produkty","isPartOf":{"@id":"https:\/\/ugwp.cfolks.pl\/bwb\/#website"},"primaryImageOfPage":{"@id":"https:\/\/ugwp.cfolks.pl\/bwb\/akcesoria-szalunkowe\/centry-i-listwy-pozycjonujace\/#primaryimage"},"image":{"@id":"https:\/\/ugwp.cfolks.pl\/bwb\/akcesoria-szalunkowe\/centry-i-listwy-pozycjonujace\/#primaryimage"},"thumbnailUrl":"https:\/\/ugwp.cfolks.pl\/bwb\/wp-content\/uploads\/Listwa-szalunkowa-%E2%80%93-SL.jpg","datePublished":"2022-11-28T18:06:41+00:00","dateModified":"2024-08-19T12:17:03+00:00","description":"Centry Do Deskowa\u0144 z Zamontowanym Gwo\u017adziem SA SAN Dystansy z Otworami Na Gwo\u017adzie SAL Listwy Szalunkowe SL z Tworzywa Sztucznego Do Przybijania","breadcrumb":{"@id":"https:\/\/ugwp.cfolks.pl\/bwb\/akcesoria-szalunkowe\/centry-i-listwy-pozycjonujace\/#breadcrumb"},"inLanguage":"pl-PL","potentialAction":[{"@type":"ReadAction","target":["https:\/\/ugwp.cfolks.pl\/bwb\/akcesoria-szalunkowe\/centry-i-listwy-pozycjonujace\/"]}]},{"@type":"ImageObject","inLanguage":"pl-PL","@id":"https:\/\/ugwp.cfolks.pl\/bwb\/akcesoria-szalunkowe\/centry-i-listwy-pozycjonujace\/#primaryimage","url":"https:\/\/ugwp.cfolks.pl\/bwb\/wp-content\/uploads\/Listwa-szalunkowa-%E2%80%93-SL.jpg","contentUrl":"https:\/\/ugwp.cfolks.pl\/bwb\/wp-content\/uploads\/Listwa-szalunkowa-%E2%80%93-SL.jpg"},{"@type":"BreadcrumbList","@id":"https:\/\/ugwp.cfolks.pl\/bwb\/akcesoria-szalunkowe\/centry-i-listwy-pozycjonujace\/#breadcrumb","itemListElement":[{"@type":"ListItem","position":1,"name":"Strona g\u0142\u00f3wna","item":"https:\/\/ugwp.cfolks.pl\/bwb\/"},{"@type":"ListItem","position":2,"name":"Akcesoria Szalunkowe","item":"https:\/\/ugwp.cfolks.pl\/bwb\/akcesoria-szalunkowe\/"},{"@type":"ListItem","position":3,"name":"Centry i listwy pozycjonuj\u0105ce"}]},{"@type":"WebSite","@id":"https:\/\/ugwp.cfolks.pl\/bwb\/#website","url":"https:\/\/ugwp.cfolks.pl\/bwb\/","name":"BWB technology","description":"Kolejna witryna oparta na WordPressie","potentialAction":[{"@type":"SearchAction","target":{"@type":"EntryPoint","urlTemplate":"https:\/\/ugwp.cfolks.pl\/bwb\/?s={search_term_string}"},"query-input":{"@type":"PropertyValueSpecification","valueRequired":true,"valueName":"search_term_string"}}],"inLanguage":"pl-PL"}]}},"_links":{"self":[{"href":"https:\/\/ugwp.cfolks.pl\/bwb\/wp-json\/wp\/v2\/pages\/2663","targetHints":{"allow":["GET"]}}],"collection":[{"href":"https:\/\/ugwp.cfolks.pl\/bwb\/wp-json\/wp\/v2\/pages"}],"about":[{"href":"https:\/\/ugwp.cfolks.pl\/bwb\/wp-json\/wp\/v2\/types\/page"}],"author":[{"embeddable":true,"href":"https:\/\/ugwp.cfolks.pl\/bwb\/wp-json\/wp\/v2\/users\/1"}],"replies":[{"embeddable":true,"href":"https:\/\/ugwp.cfolks.pl\/bwb\/wp-json\/wp\/v2\/comments?post=2663"}],"version-history":[{"count":9,"href":"https:\/\/ugwp.cfolks.pl\/bwb\/wp-json\/wp\/v2\/pages\/2663\/revisions"}],"predecessor-version":[{"id":5922,"href":"https:\/\/ugwp.cfolks.pl\/bwb\/wp-json\/wp\/v2\/pages\/2663\/revisions\/5922"}],"up":[{"embeddable":true,"href":"https:\/\/ugwp.cfolks.pl\/bwb\/wp-json\/wp\/v2\/pages\/2654"}],"wp:attachment":[{"href":"https:\/\/ugwp.cfolks.pl\/bwb\/wp-json\/wp\/v2\/media?parent=2663"}],"curies":[{"name":"wp","href":"https:\/\/api.w.org\/{rel}","templated":true}]}}