{"id":2657,"date":"2022-11-28T19:05:24","date_gmt":"2022-11-28T18:05:24","guid":{"rendered":"https:\/\/ugwp.cfolks.pl\/bwb\/?page_id=2657"},"modified":"2024-10-30T15:12:21","modified_gmt":"2024-10-30T14:12:21","slug":"rurki-dystansowe","status":"publish","type":"page","link":"https:\/\/ugwp.cfolks.pl\/bwb\/akcesoria-szalunkowe\/rurki-dystansowe\/","title":{"rendered":"Rurki Dystansowe"},"content":{"rendered":"<div class=\"row kategoria-produktow\">\n<div class=\"col-lg-3\"><a href=\"https:\/\/ugwp.cfolks.pl\/bwb\/produkt\/rurka-dystansowa-wb\/\"><img decoding=\"async\" width=\"100%\" height=\"auto\" src=\"https:\/\/ugwp.cfolks.pl\/bwb\/wp-content\/uploads\/BLANK-640x471.jpg\"     srcset=\"https:\/\/ugwp.cfolks.pl\/bwb\/wp-content\/uploads\/BLANK-640x471.jpg 640w, https:\/\/ugwp.cfolks.pl\/bwb\/wp-content\/uploads\/BLANK-300x221.jpg 300w, https:\/\/ugwp.cfolks.pl\/bwb\/wp-content\/uploads\/BLANK-1024x754.jpg 1024w, https:\/\/ugwp.cfolks.pl\/bwb\/wp-content\/uploads\/BLANK-150x110.jpg 150w, https:\/\/ugwp.cfolks.pl\/bwb\/wp-content\/uploads\/BLANK-768x566.jpg 768w, https:\/\/ugwp.cfolks.pl\/bwb\/wp-content\/uploads\/BLANK.jpg 1100w\" sizes=\"(max-width: 640px) 100vw, 640px\" \/><\/p>\n<h2>Rurka dystansowa \u2013 WB<\/h2>\n<p><\/a><\/div>\n<div class=\"col-lg-3\"><a href=\"https:\/\/ugwp.cfolks.pl\/bwb\/produkt\/kolnierz-peczniejacy-bm\/\"><img decoding=\"async\" width=\"100%\" height=\"auto\" src=\"https:\/\/ugwp.cfolks.pl\/bwb\/wp-content\/uploads\/Kolnierz-peczniejacy-%E2%80%93-BM.jpg\"\/><\/p>\n<h2>Ko\u0142nierz p\u0119czniej\u0105cy \u2013 BM<\/h2>\n<p><\/a><\/div>\n<div class=\"col-lg-3\"><a href=\"https:\/\/ugwp.cfolks.pl\/bwb\/produkt\/rurka-dystansowa-fsx\/\"><img decoding=\"async\" width=\"100%\" height=\"auto\" src=\"https:\/\/ugwp.cfolks.pl\/bwb\/wp-content\/uploads\/Rurka-dystansowa-%E2%80%93-FSX.jpg\" alt=\"Rurka dystansowa \u2013 FSX\"><\/p>\n<h2>Rurka dystansowa \u2013 FSX<\/h2>\n<p><\/a><\/div>\n<div class=\"col-lg-3\"><a href=\"https:\/\/ugwp.cfolks.pl\/bwb\/produkt\/rurka-dystansowa-fsg\/\"><img decoding=\"async\" width=\"100%\" height=\"auto\" src=\"https:\/\/ugwp.cfolks.pl\/bwb\/wp-content\/uploads\/Rurka-dystansowa-%E2%80%93-FSG-1.jpg\" alt=\"Rurka dystansowa \u2013 FSG\"><\/p>\n<h2>Rurka dystansowa \u2013 FSG<\/h2>\n<p><\/a><\/div>\n<div class=\"col-lg-3\"><a href=\"https:\/\/ugwp.cfolks.pl\/bwb\/produkt\/rurka-dystansowa-fsk\/\"><img decoding=\"async\" width=\"100%\" height=\"auto\" src=\"https:\/\/ugwp.cfolks.pl\/bwb\/wp-content\/uploads\/Rurka-dystansowa-%E2%80%93-FSK-1.jpg\" alt=\"Rurka dystansowa \u2013 FSK\"><\/p>\n<h2>Rurka dystansowa \u2013 FSK<\/h2>\n<p><\/a><\/div>\n<div class=\"col-lg-3\"><a href=\"https:\/\/ugwp.cfolks.pl\/bwb\/produkt\/rurka-dystansowa-rkf-d\/\"><img decoding=\"async\" width=\"100%\" height=\"auto\" src=\"https:\/\/ugwp.cfolks.pl\/bwb\/wp-content\/uploads\/Rurka-dystansowa-%E2%80%93-RKF-D.jpg\" alt=\"Rurka dystansowa\u2013 RKF D\" \/><\/p>\n<h2>Rurka dystansowa\u2013 RKF D<\/h2>\n<p><\/a><\/div>\n<div class=\"col-lg-3\"><a href=\"https:\/\/ugwp.cfolks.pl\/bwb\/produkt\/rurka-dystansowa-rkf\/\"><img decoding=\"async\" width=\"100%\" height=\"auto\" src=\"https:\/\/ugwp.cfolks.pl\/bwb\/wp-content\/uploads\/Rurka-dystansowa-%E2%80%93-RKF-1.jpg\" alt=\"Rurka dystansowa\u2013 RKF\"><\/p>\n<h2>Rurka dystansowa\u2013 RKF<\/h2>\n<p><\/a><\/div>\n<div class=\"col-lg-3\"><a href=\"https:\/\/ugwp.cfolks.pl\/bwb\/produkt\/rurka-dystansowa-skf-dr\/\"><img decoding=\"async\" width=\"100%\" height=\"auto\" src=\"https:\/\/ugwp.cfolks.pl\/bwb\/wp-content\/uploads\/Rurka-dystansowa-%E2%80%93-SKF-DR.jpg\" alt=\"Rurka dystansowa \u2013 SKF DR\" \/><\/p>\n<h2>Rurka dystansowa \u2013 SKF DR<\/h2>\n<p><\/a><\/div>\n<div class=\"col-lg-3\"><a href=\"https:\/\/ugwp.cfolks.pl\/bwb\/produkt\/rurka-dystansowa-skf\/\"><img decoding=\"async\" width=\"100%\" height=\"auto\" src=\"https:\/\/ugwp.cfolks.pl\/bwb\/wp-content\/uploads\/Rurka-dystansowa-%E2%80%93-SKF.jpg\" alt=\"Rurka dystansowa \u2013 SKF\"><\/p>\n<h2>Rurka dystansowa \u2013 SKF<\/h2>\n<p><\/a><\/div>\n<div class=\"col-lg-3\"><a href=\"https:\/\/ugwp.cfolks.pl\/bwb\/produkt\/rurka-dystansowa-rs\/\"><img decoding=\"async\" width=\"100%\" height=\"auto\" src=\"https:\/\/ugwp.cfolks.pl\/bwb\/wp-content\/uploads\/Rurka-dystansowa-%E2%80%93-RS.jpg\" alt=\"Rurka dystansowa \u2013 RS\"><\/p>\n<h2>Rurka dystansowa \u2013 RS<\/h2>\n<p><\/a><\/div>\n<div class=\"col-lg-3\"><a href=\"https:\/\/ugwp.cfolks.pl\/bwb\/produkt\/rurka-dystansowa-rsr\/\"><img decoding=\"async\" width=\"100%\" height=\"auto\" src=\"https:\/\/ugwp.cfolks.pl\/bwb\/wp-content\/uploads\/Rurka-dystansowa-%E2%80%93-RSR.jpg\" alt=\"Rurka dystansowa \u2013 RSR\"><\/p>\n<h2>Rurka dystansowa \u2013 RSR<\/h2>\n<p><\/a><\/div>\n<div class=\"col-lg-3\"><a href=\"https:\/\/ugwp.cfolks.pl\/bwb\/produkt\/rurka-dystansowa-kraso-dws\/\"><img decoding=\"async\" width=\"100%\" height=\"auto\" src=\"https:\/\/ugwp.cfolks.pl\/bwb\/wp-content\/uploads\/Rurka-dystansowa-KRASO%C2%AE-DWS.jpg\" alt=\"Rurka dystansowa KRASO\u00ae DWS\" \/><\/p>\n<h2>Rurka dystansowa KRASO\u00ae DWS<\/h2>\n<p><\/a><\/div>\n<\/div>\n","protected":false},"excerpt":{"rendered":"<p>Rurka dystansowa \u2013 WB Ko\u0142nierz p\u0119czniej\u0105cy \u2013 BM Rurka dystansowa \u2013 FSX Rurka dystansowa \u2013 FSG Rurka dystansowa \u2013 FSK Rurka dystansowa\u2013 RKF D Rurka dystansowa\u2013 RKF Rurka dystansowa \u2013 SKF DR Rurka dystansowa \u2013 SKF Rurka dystansowa \u2013 RS Rurka dystansowa \u2013 RSR Rurka dystansowa KRASO\u00ae DWS<\/p>\n","protected":false},"author":1,"featured_media":0,"parent":2654,"menu_order":0,"comment_status":"closed","ping_status":"closed","template":"page-kategoria-produktow.php","meta":{"_acf_changed":false,"footnotes":""},"class_list":["post-2657","page","type-page","status-publish","hentry"],"acf":[],"yoast_head":"<!-- This site is optimized with the Yoast SEO plugin v27.3 - https:\/\/yoast.com\/product\/yoast-seo-wordpress\/ -->\n<title>Rurki Dystansowe Do Szalunk\u00f3w Pionowych Innowacyjne Produkty<\/title>\n<meta name=\"description\" content=\"Rurki Dystansowe Szalunkowe Element Os\u0142onowy z W\u0142\u00f3knobetonu Tworzywa Sztucznego o G\u0142adkiej i Chropowatej Powierzchni Ochrona Przed Wod\u0105 i D\u017awi\u0119kiem\" \/>\n<meta name=\"robots\" content=\"noindex, follow, max-snippet:-1, max-image-preview:large, max-video-preview:-1\" \/>\n<meta property=\"og:locale\" content=\"pl_PL\" \/>\n<meta property=\"og:type\" content=\"article\" \/>\n<meta property=\"og:title\" content=\"Rurki Dystansowe Do Szalunk\u00f3w Pionowych Innowacyjne Produkty\" \/>\n<meta property=\"og:description\" content=\"Rurki Dystansowe Szalunkowe Element Os\u0142onowy z W\u0142\u00f3knobetonu Tworzywa Sztucznego o G\u0142adkiej i Chropowatej Powierzchni Ochrona Przed Wod\u0105 i D\u017awi\u0119kiem\" \/>\n<meta property=\"og:url\" content=\"https:\/\/ugwp.cfolks.pl\/bwb\/akcesoria-szalunkowe\/rurki-dystansowe\/\" \/>\n<meta property=\"og:site_name\" content=\"BWB technology\" \/>\n<meta property=\"article:modified_time\" content=\"2024-10-30T14:12:21+00:00\" \/>\n<meta property=\"og:image\" content=\"https:\/\/ugwp.cfolks.pl\/bwb\/wp-content\/uploads\/BLANK-640x471.jpg\" \/>\n<meta name=\"twitter:card\" content=\"summary_large_image\" \/>\n<meta name=\"twitter:label1\" content=\"Szacowany czas czytania\" \/>\n\t<meta name=\"twitter:data1\" content=\"3 minuty\" \/>\n<script type=\"application\/ld+json\" class=\"yoast-schema-graph\">{\"@context\":\"https:\\\/\\\/schema.org\",\"@graph\":[{\"@type\":\"WebPage\",\"@id\":\"https:\\\/\\\/ugwp.cfolks.pl\\\/bwb\\\/akcesoria-szalunkowe\\\/rurki-dystansowe\\\/\",\"url\":\"https:\\\/\\\/ugwp.cfolks.pl\\\/bwb\\\/akcesoria-szalunkowe\\\/rurki-dystansowe\\\/\",\"name\":\"Rurki Dystansowe Do Szalunk\u00f3w Pionowych Innowacyjne Produkty\",\"isPartOf\":{\"@id\":\"https:\\\/\\\/ugwp.cfolks.pl\\\/bwb\\\/#website\"},\"primaryImageOfPage\":{\"@id\":\"https:\\\/\\\/ugwp.cfolks.pl\\\/bwb\\\/akcesoria-szalunkowe\\\/rurki-dystansowe\\\/#primaryimage\"},\"image\":{\"@id\":\"https:\\\/\\\/ugwp.cfolks.pl\\\/bwb\\\/akcesoria-szalunkowe\\\/rurki-dystansowe\\\/#primaryimage\"},\"thumbnailUrl\":\"https:\\\/\\\/ugwp.cfolks.pl\\\/bwb\\\/wp-content\\\/uploads\\\/BLANK-640x471.jpg\",\"datePublished\":\"2022-11-28T18:05:24+00:00\",\"dateModified\":\"2024-10-30T14:12:21+00:00\",\"description\":\"Rurki Dystansowe Szalunkowe Element Os\u0142onowy z W\u0142\u00f3knobetonu Tworzywa Sztucznego o G\u0142adkiej i Chropowatej Powierzchni Ochrona Przed Wod\u0105 i D\u017awi\u0119kiem\",\"breadcrumb\":{\"@id\":\"https:\\\/\\\/ugwp.cfolks.pl\\\/bwb\\\/akcesoria-szalunkowe\\\/rurki-dystansowe\\\/#breadcrumb\"},\"inLanguage\":\"pl-PL\",\"potentialAction\":[{\"@type\":\"ReadAction\",\"target\":[\"https:\\\/\\\/ugwp.cfolks.pl\\\/bwb\\\/akcesoria-szalunkowe\\\/rurki-dystansowe\\\/\"]}]},{\"@type\":\"ImageObject\",\"inLanguage\":\"pl-PL\",\"@id\":\"https:\\\/\\\/ugwp.cfolks.pl\\\/bwb\\\/akcesoria-szalunkowe\\\/rurki-dystansowe\\\/#primaryimage\",\"url\":\"https:\\\/\\\/ugwp.cfolks.pl\\\/bwb\\\/wp-content\\\/uploads\\\/BLANK.jpg\",\"contentUrl\":\"https:\\\/\\\/ugwp.cfolks.pl\\\/bwb\\\/wp-content\\\/uploads\\\/BLANK.jpg\",\"width\":1100,\"height\":810},{\"@type\":\"BreadcrumbList\",\"@id\":\"https:\\\/\\\/ugwp.cfolks.pl\\\/bwb\\\/akcesoria-szalunkowe\\\/rurki-dystansowe\\\/#breadcrumb\",\"itemListElement\":[{\"@type\":\"ListItem\",\"position\":1,\"name\":\"Strona g\u0142\u00f3wna\",\"item\":\"https:\\\/\\\/ugwp.cfolks.pl\\\/bwb\\\/\"},{\"@type\":\"ListItem\",\"position\":2,\"name\":\"Akcesoria Szalunkowe\",\"item\":\"https:\\\/\\\/ugwp.cfolks.pl\\\/bwb\\\/akcesoria-szalunkowe\\\/\"},{\"@type\":\"ListItem\",\"position\":3,\"name\":\"Rurki Dystansowe\"}]},{\"@type\":\"WebSite\",\"@id\":\"https:\\\/\\\/ugwp.cfolks.pl\\\/bwb\\\/#website\",\"url\":\"https:\\\/\\\/ugwp.cfolks.pl\\\/bwb\\\/\",\"name\":\"BWB technology\",\"description\":\"Kolejna witryna oparta na WordPressie\",\"potentialAction\":[{\"@type\":\"SearchAction\",\"target\":{\"@type\":\"EntryPoint\",\"urlTemplate\":\"https:\\\/\\\/ugwp.cfolks.pl\\\/bwb\\\/?s={search_term_string}\"},\"query-input\":{\"@type\":\"PropertyValueSpecification\",\"valueRequired\":true,\"valueName\":\"search_term_string\"}}],\"inLanguage\":\"pl-PL\"}]}<\/script>\n<!-- \/ Yoast SEO plugin. -->","yoast_head_json":{"title":"Rurki Dystansowe Do Szalunk\u00f3w Pionowych Innowacyjne Produkty","description":"Rurki Dystansowe Szalunkowe Element Os\u0142onowy z W\u0142\u00f3knobetonu Tworzywa Sztucznego o G\u0142adkiej i Chropowatej Powierzchni Ochrona Przed Wod\u0105 i D\u017awi\u0119kiem","robots":{"index":"noindex","follow":"follow","max-snippet":"max-snippet:-1","max-image-preview":"max-image-preview:large","max-video-preview":"max-video-preview:-1"},"og_locale":"pl_PL","og_type":"article","og_title":"Rurki Dystansowe Do Szalunk\u00f3w Pionowych Innowacyjne Produkty","og_description":"Rurki Dystansowe Szalunkowe Element Os\u0142onowy z W\u0142\u00f3knobetonu Tworzywa Sztucznego o G\u0142adkiej i Chropowatej Powierzchni Ochrona Przed Wod\u0105 i D\u017awi\u0119kiem","og_url":"https:\/\/ugwp.cfolks.pl\/bwb\/akcesoria-szalunkowe\/rurki-dystansowe\/","og_site_name":"BWB technology","article_modified_time":"2024-10-30T14:12:21+00:00","og_image":[{"url":"https:\/\/ugwp.cfolks.pl\/bwb\/wp-content\/uploads\/BLANK-640x471.jpg","type":"","width":"","height":""}],"twitter_card":"summary_large_image","twitter_misc":{"Szacowany czas czytania":"3 minuty"},"schema":{"@context":"https:\/\/schema.org","@graph":[{"@type":"WebPage","@id":"https:\/\/ugwp.cfolks.pl\/bwb\/akcesoria-szalunkowe\/rurki-dystansowe\/","url":"https:\/\/ugwp.cfolks.pl\/bwb\/akcesoria-szalunkowe\/rurki-dystansowe\/","name":"Rurki Dystansowe Do Szalunk\u00f3w Pionowych Innowacyjne Produkty","isPartOf":{"@id":"https:\/\/ugwp.cfolks.pl\/bwb\/#website"},"primaryImageOfPage":{"@id":"https:\/\/ugwp.cfolks.pl\/bwb\/akcesoria-szalunkowe\/rurki-dystansowe\/#primaryimage"},"image":{"@id":"https:\/\/ugwp.cfolks.pl\/bwb\/akcesoria-szalunkowe\/rurki-dystansowe\/#primaryimage"},"thumbnailUrl":"https:\/\/ugwp.cfolks.pl\/bwb\/wp-content\/uploads\/BLANK-640x471.jpg","datePublished":"2022-11-28T18:05:24+00:00","dateModified":"2024-10-30T14:12:21+00:00","description":"Rurki Dystansowe Szalunkowe Element Os\u0142onowy z W\u0142\u00f3knobetonu Tworzywa Sztucznego o G\u0142adkiej i Chropowatej Powierzchni Ochrona Przed Wod\u0105 i D\u017awi\u0119kiem","breadcrumb":{"@id":"https:\/\/ugwp.cfolks.pl\/bwb\/akcesoria-szalunkowe\/rurki-dystansowe\/#breadcrumb"},"inLanguage":"pl-PL","potentialAction":[{"@type":"ReadAction","target":["https:\/\/ugwp.cfolks.pl\/bwb\/akcesoria-szalunkowe\/rurki-dystansowe\/"]}]},{"@type":"ImageObject","inLanguage":"pl-PL","@id":"https:\/\/ugwp.cfolks.pl\/bwb\/akcesoria-szalunkowe\/rurki-dystansowe\/#primaryimage","url":"https:\/\/ugwp.cfolks.pl\/bwb\/wp-content\/uploads\/BLANK.jpg","contentUrl":"https:\/\/ugwp.cfolks.pl\/bwb\/wp-content\/uploads\/BLANK.jpg","width":1100,"height":810},{"@type":"BreadcrumbList","@id":"https:\/\/ugwp.cfolks.pl\/bwb\/akcesoria-szalunkowe\/rurki-dystansowe\/#breadcrumb","itemListElement":[{"@type":"ListItem","position":1,"name":"Strona g\u0142\u00f3wna","item":"https:\/\/ugwp.cfolks.pl\/bwb\/"},{"@type":"ListItem","position":2,"name":"Akcesoria Szalunkowe","item":"https:\/\/ugwp.cfolks.pl\/bwb\/akcesoria-szalunkowe\/"},{"@type":"ListItem","position":3,"name":"Rurki Dystansowe"}]},{"@type":"WebSite","@id":"https:\/\/ugwp.cfolks.pl\/bwb\/#website","url":"https:\/\/ugwp.cfolks.pl\/bwb\/","name":"BWB technology","description":"Kolejna witryna oparta na WordPressie","potentialAction":[{"@type":"SearchAction","target":{"@type":"EntryPoint","urlTemplate":"https:\/\/ugwp.cfolks.pl\/bwb\/?s={search_term_string}"},"query-input":{"@type":"PropertyValueSpecification","valueRequired":true,"valueName":"search_term_string"}}],"inLanguage":"pl-PL"}]}},"_links":{"self":[{"href":"https:\/\/ugwp.cfolks.pl\/bwb\/wp-json\/wp\/v2\/pages\/2657","targetHints":{"allow":["GET"]}}],"collection":[{"href":"https:\/\/ugwp.cfolks.pl\/bwb\/wp-json\/wp\/v2\/pages"}],"about":[{"href":"https:\/\/ugwp.cfolks.pl\/bwb\/wp-json\/wp\/v2\/types\/page"}],"author":[{"embeddable":true,"href":"https:\/\/ugwp.cfolks.pl\/bwb\/wp-json\/wp\/v2\/users\/1"}],"replies":[{"embeddable":true,"href":"https:\/\/ugwp.cfolks.pl\/bwb\/wp-json\/wp\/v2\/comments?post=2657"}],"version-history":[{"count":13,"href":"https:\/\/ugwp.cfolks.pl\/bwb\/wp-json\/wp\/v2\/pages\/2657\/revisions"}],"predecessor-version":[{"id":6937,"href":"https:\/\/ugwp.cfolks.pl\/bwb\/wp-json\/wp\/v2\/pages\/2657\/revisions\/6937"}],"up":[{"embeddable":true,"href":"https:\/\/ugwp.cfolks.pl\/bwb\/wp-json\/wp\/v2\/pages\/2654"}],"wp:attachment":[{"href":"https:\/\/ugwp.cfolks.pl\/bwb\/wp-json\/wp\/v2\/media?parent=2657"}],"curies":[{"name":"wp","href":"https:\/\/api.w.org\/{rel}","templated":true}]}}