{"id":2184,"date":"2022-11-14T13:17:29","date_gmt":"2022-11-14T12:17:29","guid":{"rendered":"https:\/\/ugwp.cfolks.pl\/bwb\/?page_id=2184"},"modified":"2024-10-10T13:16:42","modified_gmt":"2024-10-10T11:16:42","slug":"odplywy-powierzchniowe","status":"publish","type":"page","link":"https:\/\/ugwp.cfolks.pl\/bwb\/wodoszczelne-przejscia-instalacyjne\/odplywy-powierzchniowe\/","title":{"rendered":"Odp\u0142ywy powierzchniowe"},"content":{"rendered":"<div class=\"row kategoria-produktow\">\n<div class=\"col-lg-3\"><a href=\"https:\/\/ugwp.cfolks.pl\/bwb\/produkt\/odplyw-podlogowy-kraso\/\" ><img decoding=\"async\" width=\"100%\" height=\"auto\" src=\"https:\/\/ugwp.cfolks.pl\/bwb\/wp-content\/uploads\/Odplyw-podlogowy-KRASO-100%xauto.jpg\"  alt=\"Odp\u0142yw pod\u0142ogowy KRASO\u00ae\"  srcset=\"https:\/\/ugwp.cfolks.pl\/bwb\/wp-content\/uploads\/Odplyw-podlogowy-KRASO-100%xauto.jpg 100%w, https:\/\/ugwp.cfolks.pl\/bwb\/wp-content\/uploads\/Odplyw-podlogowy-KRASO-300x221.jpg 300w, https:\/\/ugwp.cfolks.pl\/bwb\/wp-content\/uploads\/Odplyw-podlogowy-KRASO-1024x754.jpg 1024w, https:\/\/ugwp.cfolks.pl\/bwb\/wp-content\/uploads\/Odplyw-podlogowy-KRASO-150x110.jpg 150w, https:\/\/ugwp.cfolks.pl\/bwb\/wp-content\/uploads\/Odplyw-podlogowy-KRASO-768x566.jpg 768w, https:\/\/ugwp.cfolks.pl\/bwb\/wp-content\/uploads\/Odplyw-podlogowy-KRASO.jpg 1100w\" sizes=\"(max-width: 100%px) 100vw, 100%px\" \/><\/p>\n<h2 >Odp\u0142yw pod\u0142ogowy KRASO<sup>\u00ae<\/sup><\/h2>\n<p><\/a><\/div>\n<div class=\"col-lg-3\"><a href=\"https:\/\/ugwp.cfolks.pl\/bwb\/produkt\/odplyw-podlogowy-kraso-kg-2000\/\" ><img decoding=\"async\" width=\"100%\" height=\"auto\" src=\"https:\/\/ugwp.cfolks.pl\/bwb\/wp-content\/uploads\/Odplyw-podlogowy-KRASO\u00ae-KG-2000-100%xauto.jpg\"  alt=\"Odp\u0142yw pod\u0142ogowy KRASO\u00ae - KG 2000\"  srcset=\"https:\/\/ugwp.cfolks.pl\/bwb\/wp-content\/uploads\/Odplyw-podlogowy-KRASO\u00ae-KG-2000-100%xauto.jpg 100%w, https:\/\/ugwp.cfolks.pl\/bwb\/wp-content\/uploads\/Odplyw-podlogowy-KRASO\u00ae-KG-2000-300x221.jpg 300w, https:\/\/ugwp.cfolks.pl\/bwb\/wp-content\/uploads\/Odplyw-podlogowy-KRASO\u00ae-KG-2000-1024x754.jpg 1024w, https:\/\/ugwp.cfolks.pl\/bwb\/wp-content\/uploads\/Odplyw-podlogowy-KRASO\u00ae-KG-2000-150x110.jpg 150w, https:\/\/ugwp.cfolks.pl\/bwb\/wp-content\/uploads\/Odplyw-podlogowy-KRASO\u00ae-KG-2000-768x566.jpg 768w, https:\/\/ugwp.cfolks.pl\/bwb\/wp-content\/uploads\/Odplyw-podlogowy-KRASO\u00ae-KG-2000.jpg 1100w\" sizes=\"(max-width: 100%px) 100vw, 100%px\" \/><\/p>\n<h2 >Odp\u0142yw pod\u0142ogowy KRASO<sup>\u00ae<\/sup> KG 2000<\/h2>\n<p><\/a><\/div>\n<div class=\"col-lg-3\"><a href=\"https:\/\/ugwp.cfolks.pl\/bwb\/produkt\/odplyw-podlogowy-kraso-izolowany-termicznie\/\" ><img decoding=\"async\" width=\"100%\" height=\"auto\" src=\"https:\/\/ugwp.cfolks.pl\/bwb\/wp-content\/uploads\/Odplyw-podlogowy-KRASO\u00ae-izolowany-termicznie-100%xauto.jpg\"  alt=\"Odp\u0142yw pod\u0142ogowy KRASO\u00ae - izolowany termicznie\"  srcset=\"https:\/\/ugwp.cfolks.pl\/bwb\/wp-content\/uploads\/Odplyw-podlogowy-KRASO\u00ae-izolowany-termicznie-100%xauto.jpg 100%w, https:\/\/ugwp.cfolks.pl\/bwb\/wp-content\/uploads\/Odplyw-podlogowy-KRASO\u00ae-izolowany-termicznie-300x221.jpg 300w, https:\/\/ugwp.cfolks.pl\/bwb\/wp-content\/uploads\/Odplyw-podlogowy-KRASO\u00ae-izolowany-termicznie-1024x754.jpg 1024w, https:\/\/ugwp.cfolks.pl\/bwb\/wp-content\/uploads\/Odplyw-podlogowy-KRASO\u00ae-izolowany-termicznie-150x110.jpg 150w, https:\/\/ugwp.cfolks.pl\/bwb\/wp-content\/uploads\/Odplyw-podlogowy-KRASO\u00ae-izolowany-termicznie-768x566.jpg 768w, https:\/\/ugwp.cfolks.pl\/bwb\/wp-content\/uploads\/Odplyw-podlogowy-KRASO\u00ae-izolowany-termicznie.jpg 1100w\" sizes=\"(max-width: 100%px) 100vw, 100%px\" \/><\/p>\n<h2 >Odp\u0142yw pod\u0142ogowy KRASO<sup>\u00ae<\/sup> &#8211; izolowany termicznie<\/h2>\n<p><\/a><\/div>\n<div class=\"col-lg-3\"><a href=\"https:\/\/ugwp.cfolks.pl\/bwb\/produkt\/odplyw-podlogowy-kraso-typ-fs-mrozoodporny\/\" ><img decoding=\"async\" width=\"100%\" height=\"auto\" src=\"https:\/\/ugwp.cfolks.pl\/bwb\/wp-content\/uploads\/Odplyw-podlogowy-KRASO\u00ae-typ-FS-mrozoodporny-100%xauto.jpg\"  alt=\"Odp\u0142yw pod\u0142ogowy KRASO\u00ae typ FS - mrozoodporny\"  srcset=\"https:\/\/ugwp.cfolks.pl\/bwb\/wp-content\/uploads\/Odplyw-podlogowy-KRASO\u00ae-typ-FS-mrozoodporny-100%xauto.jpg 100%w, https:\/\/ugwp.cfolks.pl\/bwb\/wp-content\/uploads\/Odplyw-podlogowy-KRASO\u00ae-typ-FS-mrozoodporny-300x221.jpg 300w, https:\/\/ugwp.cfolks.pl\/bwb\/wp-content\/uploads\/Odplyw-podlogowy-KRASO\u00ae-typ-FS-mrozoodporny-1024x754.jpg 1024w, https:\/\/ugwp.cfolks.pl\/bwb\/wp-content\/uploads\/Odplyw-podlogowy-KRASO\u00ae-typ-FS-mrozoodporny-150x110.jpg 150w, https:\/\/ugwp.cfolks.pl\/bwb\/wp-content\/uploads\/Odplyw-podlogowy-KRASO\u00ae-typ-FS-mrozoodporny-768x566.jpg 768w, https:\/\/ugwp.cfolks.pl\/bwb\/wp-content\/uploads\/Odplyw-podlogowy-KRASO\u00ae-typ-FS-mrozoodporny.jpg 1100w\" sizes=\"(max-width: 100%px) 100vw, 100%px\" \/><\/p>\n<h2 >Odp\u0142yw pod\u0142ogowy KRASO<sup>\u00ae<\/sup> typ FS &#8211; mrozoodporny<\/h2>\n<p><\/a><\/div>\n<div class=\"col-lg-3\"><a href=\"https:\/\/ugwp.cfolks.pl\/bwb\/produkt\/odplyw-podlogowy-kraso-typ-fs-kg-2000-mrozoodporny\/\" ><img decoding=\"async\" width=\"100%\" height=\"auto\" src=\"https:\/\/ugwp.cfolks.pl\/bwb\/wp-content\/uploads\/Odplyw-podlogowy-KRASO\u00ae-typ-FS-KG-2000-mrozoodporny-100%xauto.jpg\"  alt=\"Odp\u0142yw pod\u0142ogowy KRASO\u00ae typ FS - KG 2000 - mrozoodporny\"  srcset=\"https:\/\/ugwp.cfolks.pl\/bwb\/wp-content\/uploads\/Odplyw-podlogowy-KRASO\u00ae-typ-FS-KG-2000-mrozoodporny-100%xauto.jpg 100%w, https:\/\/ugwp.cfolks.pl\/bwb\/wp-content\/uploads\/Odplyw-podlogowy-KRASO\u00ae-typ-FS-KG-2000-mrozoodporny-300x221.jpg 300w, https:\/\/ugwp.cfolks.pl\/bwb\/wp-content\/uploads\/Odplyw-podlogowy-KRASO\u00ae-typ-FS-KG-2000-mrozoodporny-1024x754.jpg 1024w, https:\/\/ugwp.cfolks.pl\/bwb\/wp-content\/uploads\/Odplyw-podlogowy-KRASO\u00ae-typ-FS-KG-2000-mrozoodporny-150x110.jpg 150w, https:\/\/ugwp.cfolks.pl\/bwb\/wp-content\/uploads\/Odplyw-podlogowy-KRASO\u00ae-typ-FS-KG-2000-mrozoodporny-768x566.jpg 768w, https:\/\/ugwp.cfolks.pl\/bwb\/wp-content\/uploads\/Odplyw-podlogowy-KRASO\u00ae-typ-FS-KG-2000-mrozoodporny.jpg 1100w\" sizes=\"(max-width: 100%px) 100vw, 100%px\" \/><\/p>\n<h2 >Odp\u0142yw pod\u0142ogowy KRASO<sup>\u00ae<\/sup> typ FS &#8211; KG 2000 &#8211; mrozoodporny <\/h2>\n<p><\/a><\/div>\n<div class=\"col-lg-3\"><a href=\"https:\/\/ugwp.cfolks.pl\/bwb\/produkt\/odplyw-podlogowy-kraso-typ-fs-rs-mrozoodporny-zabezpieczajacy-przed-cofaniem-sie-wody\/\" ><img decoding=\"async\" width=\"100%\" height=\"auto\" src=\"https:\/\/ugwp.cfolks.pl\/bwb\/wp-content\/uploads\/Odplyw-podlogowy-KRASO\u00ae-typ-FS-RS-mrozoodporny-\u2013-zabezpieczajacy-przed-cofaniem-sie-wody-100%xauto.jpg\"  alt=\"Odp\u0142yw pod\u0142ogowy KRASO\u00ae typ FS - RS - mrozoodporny \u2013 zabezpieczaj\u0105cy przed si\u0119 wody\"  srcset=\"https:\/\/ugwp.cfolks.pl\/bwb\/wp-content\/uploads\/Odplyw-podlogowy-KRASO\u00ae-typ-FS-RS-mrozoodporny-\u2013-zabezpieczajacy-przed-cofaniem-sie-wody-100%xauto.jpg 100%w, https:\/\/ugwp.cfolks.pl\/bwb\/wp-content\/uploads\/Odplyw-podlogowy-KRASO\u00ae-typ-FS-RS-mrozoodporny-\u2013-zabezpieczajacy-przed-cofaniem-sie-wody-300x221.jpg 300w, https:\/\/ugwp.cfolks.pl\/bwb\/wp-content\/uploads\/Odplyw-podlogowy-KRASO\u00ae-typ-FS-RS-mrozoodporny-\u2013-zabezpieczajacy-przed-cofaniem-sie-wody-1024x754.jpg 1024w, https:\/\/ugwp.cfolks.pl\/bwb\/wp-content\/uploads\/Odplyw-podlogowy-KRASO\u00ae-typ-FS-RS-mrozoodporny-\u2013-zabezpieczajacy-przed-cofaniem-sie-wody-150x110.jpg 150w, https:\/\/ugwp.cfolks.pl\/bwb\/wp-content\/uploads\/Odplyw-podlogowy-KRASO\u00ae-typ-FS-RS-mrozoodporny-\u2013-zabezpieczajacy-przed-cofaniem-sie-wody-768x566.jpg 768w, https:\/\/ugwp.cfolks.pl\/bwb\/wp-content\/uploads\/Odplyw-podlogowy-KRASO\u00ae-typ-FS-RS-mrozoodporny-\u2013-zabezpieczajacy-przed-cofaniem-sie-wody.jpg 1100w\" sizes=\"(max-width: 100%px) 100vw, 100%px\" \/><\/p>\n<h2 >Odp\u0142yw Pod\u0142ogowy KRASO\u00ae typ FS &#8211; RS &#8211; mrozoodporny<\/h2>\n<p><\/a><\/div>\n<div class=\"col-lg-3\"><a href=\"https:\/\/ugwp.cfolks.pl\/bwb\/produkt\/spust-piwniczny-kraso\/\" ><img decoding=\"async\" width=\"100%\" height=\"auto\" src=\"https:\/\/ugwp.cfolks.pl\/bwb\/wp-content\/uploads\/Spust-piwniczny-KRASO\u00ae-100%xauto.jpg\"  alt=\"Spust piwniczny KRASO\u00ae\"  srcset=\"https:\/\/ugwp.cfolks.pl\/bwb\/wp-content\/uploads\/Spust-piwniczny-KRASO\u00ae-100%xauto.jpg 100%w, https:\/\/ugwp.cfolks.pl\/bwb\/wp-content\/uploads\/Spust-piwniczny-KRASO\u00ae-300x221.jpg 300w, https:\/\/ugwp.cfolks.pl\/bwb\/wp-content\/uploads\/Spust-piwniczny-KRASO\u00ae-1024x754.jpg 1024w, https:\/\/ugwp.cfolks.pl\/bwb\/wp-content\/uploads\/Spust-piwniczny-KRASO\u00ae-150x110.jpg 150w, https:\/\/ugwp.cfolks.pl\/bwb\/wp-content\/uploads\/Spust-piwniczny-KRASO\u00ae-768x566.jpg 768w, https:\/\/ugwp.cfolks.pl\/bwb\/wp-content\/uploads\/Spust-piwniczny-KRASO\u00ae.jpg 1100w\" sizes=\"(max-width: 100%px) 100vw, 100%px\" \/><\/p>\n<h2 >Spust piwniczny KRASO<sup>\u00ae<\/sup><\/h2>\n<p><\/a><\/div>\n<div class=\"col-lg-3\"><a href=\"https:\/\/ugwp.cfolks.pl\/bwb\/produkt\/spust-piwniczny-kraso-kg-2000\/\" ><img decoding=\"async\" width=\"100%\" height=\"auto\" src=\"https:\/\/ugwp.cfolks.pl\/bwb\/wp-content\/uploads\/Spust-piwniczny-KRASO\u00ae-KG-2000-100%xauto.jpg\"  alt=\"Spust piwniczny KRASO\u00ae - KG 2000\"  srcset=\"https:\/\/ugwp.cfolks.pl\/bwb\/wp-content\/uploads\/Spust-piwniczny-KRASO\u00ae-KG-2000-100%xauto.jpg 100%w, https:\/\/ugwp.cfolks.pl\/bwb\/wp-content\/uploads\/Spust-piwniczny-KRASO\u00ae-KG-2000-300x221.jpg 300w, https:\/\/ugwp.cfolks.pl\/bwb\/wp-content\/uploads\/Spust-piwniczny-KRASO\u00ae-KG-2000-1024x754.jpg 1024w, https:\/\/ugwp.cfolks.pl\/bwb\/wp-content\/uploads\/Spust-piwniczny-KRASO\u00ae-KG-2000-150x110.jpg 150w, https:\/\/ugwp.cfolks.pl\/bwb\/wp-content\/uploads\/Spust-piwniczny-KRASO\u00ae-KG-2000-768x566.jpg 768w, https:\/\/ugwp.cfolks.pl\/bwb\/wp-content\/uploads\/Spust-piwniczny-KRASO\u00ae-KG-2000.jpg 1100w\" sizes=\"(max-width: 100%px) 100vw, 100%px\" \/><\/p>\n<h2 >Spust piwniczny KRASO<sup>\u00ae<\/sup>&#8211; KG 2000<\/h2>\n<p><\/a><\/div>\n<div class=\"col-lg-3\"><a href=\"https:\/\/ugwp.cfolks.pl\/bwb\/produkt\/odplyw-parkingowy-kraso\/\" ><img decoding=\"async\" width=\"100%\" height=\"auto\" src=\"https:\/\/ugwp.cfolks.pl\/bwb\/wp-content\/uploads\/Odplyw-parkingowy-KRASO\u00ae-100%xauto.jpg\"  alt=\"Odp\u0142yw parkingowy KRASO\u00ae\"  srcset=\"https:\/\/ugwp.cfolks.pl\/bwb\/wp-content\/uploads\/Odplyw-parkingowy-KRASO\u00ae-100%xauto.jpg 100%w, https:\/\/ugwp.cfolks.pl\/bwb\/wp-content\/uploads\/Odplyw-parkingowy-KRASO\u00ae-300x221.jpg 300w, https:\/\/ugwp.cfolks.pl\/bwb\/wp-content\/uploads\/Odplyw-parkingowy-KRASO\u00ae-1024x754.jpg 1024w, https:\/\/ugwp.cfolks.pl\/bwb\/wp-content\/uploads\/Odplyw-parkingowy-KRASO\u00ae-150x110.jpg 150w, https:\/\/ugwp.cfolks.pl\/bwb\/wp-content\/uploads\/Odplyw-parkingowy-KRASO\u00ae-768x566.jpg 768w, https:\/\/ugwp.cfolks.pl\/bwb\/wp-content\/uploads\/Odplyw-parkingowy-KRASO\u00ae.jpg 1100w\" sizes=\"(max-width: 100%px) 100vw, 100%px\" \/><\/p>\n<h2 >Odp\u0142yw parkingowy KRASO<sup>\u00ae<\/sup><\/h2>\n<p><\/a><\/div>\n<div class=\"col-lg-3\"><a href=\"https:\/\/ugwp.cfolks.pl\/bwb\/produkt\/kraso-typ-les-system-odwodnienia-do-betonowych-szybow-swietlnych\/\" ><img decoding=\"async\" width=\"100%\" height=\"auto\" src=\"https:\/\/ugwp.cfolks.pl\/bwb\/wp-content\/uploads\/KRASO\u00ae-Typ-LES-110-100%xauto.jpg\"  alt=\"KRASO\u00ae Typ LES 110\"  srcset=\"https:\/\/ugwp.cfolks.pl\/bwb\/wp-content\/uploads\/KRASO\u00ae-Typ-LES-110-100%xauto.jpg 100%w, https:\/\/ugwp.cfolks.pl\/bwb\/wp-content\/uploads\/KRASO\u00ae-Typ-LES-110-300x221.jpg 300w, https:\/\/ugwp.cfolks.pl\/bwb\/wp-content\/uploads\/KRASO\u00ae-Typ-LES-110-1024x754.jpg 1024w, https:\/\/ugwp.cfolks.pl\/bwb\/wp-content\/uploads\/KRASO\u00ae-Typ-LES-110-150x110.jpg 150w, https:\/\/ugwp.cfolks.pl\/bwb\/wp-content\/uploads\/KRASO\u00ae-Typ-LES-110-768x566.jpg 768w, https:\/\/ugwp.cfolks.pl\/bwb\/wp-content\/uploads\/KRASO\u00ae-Typ-LES-110.jpg 1100w\" sizes=\"(max-width: 100%px) 100vw, 100%px\" \/><\/p>\n<h2>KRASO<sup>\u00ae<\/sup> Typ LES &#8211; system odwodnienia do betonowych [&#8230;]<\/h2>\n<p><\/a><\/div>\n<div class=\"col-lg-3\"><a href=\"https:\/\/ugwp.cfolks.pl\/bwb\/produkt\/odplyw-podlogowy-kraso-akcesoria\/\" ><img decoding=\"async\" width=\"100%\" height=\"auto\" src=\"https:\/\/ugwp.cfolks.pl\/bwb\/wp-content\/uploads\/Przedluzenie-ramy-140-mm-640x471.jpg\" alt=\"Przed\u0142u\u017cenie ramy 140 mm\" srcset=\"https:\/\/ugwp.cfolks.pl\/bwb\/wp-content\/uploads\/Przedluzenie-ramy-140-mm-640x471.jpg 640w, https:\/\/ugwp.cfolks.pl\/bwb\/wp-content\/uploads\/Przedluzenie-ramy-140-mm-300x221.jpg 300w, https:\/\/ugwp.cfolks.pl\/bwb\/wp-content\/uploads\/Przedluzenie-ramy-140-mm-1024x754.jpg 1024w, https:\/\/ugwp.cfolks.pl\/bwb\/wp-content\/uploads\/Przedluzenie-ramy-140-mm-150x110.jpg 150w, https:\/\/ugwp.cfolks.pl\/bwb\/wp-content\/uploads\/Przedluzenie-ramy-140-mm-768x566.jpg 768w, https:\/\/ugwp.cfolks.pl\/bwb\/wp-content\/uploads\/Przedluzenie-ramy-140-mm.jpg 1100w\" sizes=\"(max-width: 640px) 100vw, 640px\" \/><\/p>\n<h2>Odp\u0142yw pod\u0142ogowy KRASO<sup>\u00ae<\/sup> &#8211; Akcesoria<\/h2>\n<p><\/a><\/div>\n<div class=\"col-lg-3\"><a href=\"https:\/\/ugwp.cfolks.pl\/bwb\/produkt\/akcesoria-do-systemu-odwodnienia-do-betonowych-szybow-swietlnych-kraso-typ-les\/\" ><img decoding=\"async\" width=\"100%\" height=\"auto\" src=\"https:\/\/ugwp.cfolks.pl\/bwb\/wp-content\/uploads\/KRASO\u00ae-typ-LES-podstawa-dla-budowli-z-elementow-prefabrykowanych-640x471.jpg\" alt=\"KRASO\u00ae typ LES - podstawa dla budowli z element\u00f3w prefabrykowanych\" srcset=\"https:\/\/ugwp.cfolks.pl\/bwb\/wp-content\/uploads\/KRASO\u00ae-typ-LES-podstawa-dla-budowli-z-elementow-prefabrykowanych-640x471.jpg 640w, https:\/\/ugwp.cfolks.pl\/bwb\/wp-content\/uploads\/KRASO\u00ae-typ-LES-podstawa-dla-budowli-z-elementow-prefabrykowanych-300x221.jpg 300w, https:\/\/ugwp.cfolks.pl\/bwb\/wp-content\/uploads\/KRASO\u00ae-typ-LES-podstawa-dla-budowli-z-elementow-prefabrykowanych-1024x754.jpg 1024w, https:\/\/ugwp.cfolks.pl\/bwb\/wp-content\/uploads\/KRASO\u00ae-typ-LES-podstawa-dla-budowli-z-elementow-prefabrykowanych-150x110.jpg 150w, https:\/\/ugwp.cfolks.pl\/bwb\/wp-content\/uploads\/KRASO\u00ae-typ-LES-podstawa-dla-budowli-z-elementow-prefabrykowanych-768x566.jpg 768w, https:\/\/ugwp.cfolks.pl\/bwb\/wp-content\/uploads\/KRASO\u00ae-typ-LES-podstawa-dla-budowli-z-elementow-prefabrykowanych.jpg 1100w\" sizes=\"(max-width: 640px) 100vw, 640px\" \/><\/p>\n<h2>Akcesoria do systemu odwodnienia do betonowych szyb\u00f3w \u015bwietlnych [&#8230;]<\/h2>\n<p><\/a><\/div>\n<div class=\"col-lg-3\"><a href=\"https:\/\/ugwp.cfolks.pl\/bwb\/produkt\/kraso-pu-50\/\" ><img decoding=\"async\" width=\"100%\" height=\"auto\" src=\"https:\/\/ugwp.cfolks.pl\/bwb\/wp-content\/uploads\/KRASO\u00ae-PU-50-640x471.jpg\" alt=\"KRASO\u00ae PU 50\" srcset=\"https:\/\/ugwp.cfolks.pl\/bwb\/wp-content\/uploads\/KRASO\u00ae-PU-50-640x471.jpg 640w, https:\/\/ugwp.cfolks.pl\/bwb\/wp-content\/uploads\/KRASO\u00ae-PU-50-300x221.jpg 300w, https:\/\/ugwp.cfolks.pl\/bwb\/wp-content\/uploads\/KRASO\u00ae-PU-50-1024x754.jpg 1024w, https:\/\/ugwp.cfolks.pl\/bwb\/wp-content\/uploads\/KRASO\u00ae-PU-50-150x110.jpg 150w, https:\/\/ugwp.cfolks.pl\/bwb\/wp-content\/uploads\/KRASO\u00ae-PU-50-768x566.jpg 768w, https:\/\/ugwp.cfolks.pl\/bwb\/wp-content\/uploads\/KRASO\u00ae-PU-50.jpg 1100w\" sizes=\"(max-width: 640px) 100vw, 640px\" \/><\/p>\n<h2>KRASO<sup>\u00ae<\/sup>PU 50<\/h2>\n<p><\/a><\/div>\n<\/div>\n","protected":false},"excerpt":{"rendered":"<p>Odp\u0142yw pod\u0142ogowy KRASO\u00ae Odp\u0142yw pod\u0142ogowy KRASO\u00ae KG 2000 Odp\u0142yw pod\u0142ogowy KRASO\u00ae &#8211; izolowany termicznie Odp\u0142yw pod\u0142ogowy KRASO\u00ae typ FS &#8211; mrozoodporny Odp\u0142yw pod\u0142ogowy KRASO\u00ae typ FS &#8211; KG 2000 &#8211; mrozoodporny Odp\u0142yw Pod\u0142ogowy KRASO\u00ae typ FS &#8211; RS &#8211; mrozoodporny Spust piwniczny KRASO\u00ae Spust piwniczny KRASO\u00ae&#8211; KG 2000 Odp\u0142yw parkingowy KRASO\u00ae KRASO\u00ae Typ LES &#8211; [&hellip;]<\/p>\n","protected":false},"author":1,"featured_media":0,"parent":2111,"menu_order":0,"comment_status":"closed","ping_status":"closed","template":"page-kategoria-produktow.php","meta":{"_acf_changed":false,"footnotes":""},"class_list":["post-2184","page","type-page","status-publish","hentry"],"acf":[],"yoast_head":"<!-- This site is optimized with the Yoast SEO plugin v27.3 - https:\/\/yoast.com\/product\/yoast-seo-wordpress\/ -->\n<title>Szczelne Odp\u0142ywy Powierzchniowe KRASO\u00ae Innowacyjne Produkty<\/title>\n<meta name=\"description\" content=\"Szczelne Odp\u0142ywy Pod\u0142ogowe Spusty Piwniczne Odp\u0142ywy Parkingowe Systemy Odwodnienia do Betonowych Szyb\u00f3w \u015awietlnych i Akcesoria Do Systemu Odwodnienia\" \/>\n<meta name=\"robots\" content=\"noindex, follow, max-snippet:-1, max-image-preview:large, max-video-preview:-1\" \/>\n<meta property=\"og:locale\" content=\"pl_PL\" \/>\n<meta property=\"og:type\" content=\"article\" \/>\n<meta property=\"og:title\" content=\"Szczelne Odp\u0142ywy Powierzchniowe KRASO\u00ae Innowacyjne Produkty\" \/>\n<meta property=\"og:description\" content=\"Szczelne Odp\u0142ywy Pod\u0142ogowe Spusty Piwniczne Odp\u0142ywy Parkingowe Systemy Odwodnienia do Betonowych Szyb\u00f3w \u015awietlnych i Akcesoria Do Systemu Odwodnienia\" \/>\n<meta property=\"og:url\" content=\"https:\/\/ugwp.cfolks.pl\/bwb\/wodoszczelne-przejscia-instalacyjne\/odplywy-powierzchniowe\/\" \/>\n<meta property=\"og:site_name\" content=\"BWB technology\" \/>\n<meta property=\"article:modified_time\" content=\"2024-10-10T11:16:42+00:00\" \/>\n<meta property=\"og:image\" content=\"https:\/\/ugwp.cfolks.pl\/bwb\/wp-content\/uploads\/Odplyw-podlogowy-KRASO-100%xauto.jpg\" \/>\n<meta name=\"twitter:card\" content=\"summary_large_image\" \/>\n<meta name=\"twitter:label1\" content=\"Szacowany czas czytania\" \/>\n\t<meta name=\"twitter:data1\" content=\"4 minuty\" \/>\n<script type=\"application\/ld+json\" class=\"yoast-schema-graph\">{\"@context\":\"https:\\\/\\\/schema.org\",\"@graph\":[{\"@type\":\"WebPage\",\"@id\":\"https:\\\/\\\/ugwp.cfolks.pl\\\/bwb\\\/wodoszczelne-przejscia-instalacyjne\\\/odplywy-powierzchniowe\\\/\",\"url\":\"https:\\\/\\\/ugwp.cfolks.pl\\\/bwb\\\/wodoszczelne-przejscia-instalacyjne\\\/odplywy-powierzchniowe\\\/\",\"name\":\"Szczelne Odp\u0142ywy Powierzchniowe KRASO\u00ae Innowacyjne Produkty\",\"isPartOf\":{\"@id\":\"https:\\\/\\\/ugwp.cfolks.pl\\\/bwb\\\/#website\"},\"primaryImageOfPage\":{\"@id\":\"https:\\\/\\\/ugwp.cfolks.pl\\\/bwb\\\/wodoszczelne-przejscia-instalacyjne\\\/odplywy-powierzchniowe\\\/#primaryimage\"},\"image\":{\"@id\":\"https:\\\/\\\/ugwp.cfolks.pl\\\/bwb\\\/wodoszczelne-przejscia-instalacyjne\\\/odplywy-powierzchniowe\\\/#primaryimage\"},\"thumbnailUrl\":\"https:\\\/\\\/ugwp.cfolks.pl\\\/bwb\\\/wp-content\\\/uploads\\\/Odplyw-podlogowy-KRASO-100%xauto.jpg\",\"datePublished\":\"2022-11-14T12:17:29+00:00\",\"dateModified\":\"2024-10-10T11:16:42+00:00\",\"description\":\"Szczelne Odp\u0142ywy Pod\u0142ogowe Spusty Piwniczne Odp\u0142ywy Parkingowe Systemy Odwodnienia do Betonowych Szyb\u00f3w \u015awietlnych i Akcesoria Do Systemu Odwodnienia\",\"breadcrumb\":{\"@id\":\"https:\\\/\\\/ugwp.cfolks.pl\\\/bwb\\\/wodoszczelne-przejscia-instalacyjne\\\/odplywy-powierzchniowe\\\/#breadcrumb\"},\"inLanguage\":\"pl-PL\",\"potentialAction\":[{\"@type\":\"ReadAction\",\"target\":[\"https:\\\/\\\/ugwp.cfolks.pl\\\/bwb\\\/wodoszczelne-przejscia-instalacyjne\\\/odplywy-powierzchniowe\\\/\"]}]},{\"@type\":\"ImageObject\",\"inLanguage\":\"pl-PL\",\"@id\":\"https:\\\/\\\/ugwp.cfolks.pl\\\/bwb\\\/wodoszczelne-przejscia-instalacyjne\\\/odplywy-powierzchniowe\\\/#primaryimage\",\"url\":\"https:\\\/\\\/ugwp.cfolks.pl\\\/bwb\\\/wp-content\\\/uploads\\\/Odplyw-podlogowy-KRASO-100%xauto.jpg\",\"contentUrl\":\"https:\\\/\\\/ugwp.cfolks.pl\\\/bwb\\\/wp-content\\\/uploads\\\/Odplyw-podlogowy-KRASO-100%xauto.jpg\"},{\"@type\":\"BreadcrumbList\",\"@id\":\"https:\\\/\\\/ugwp.cfolks.pl\\\/bwb\\\/wodoszczelne-przejscia-instalacyjne\\\/odplywy-powierzchniowe\\\/#breadcrumb\",\"itemListElement\":[{\"@type\":\"ListItem\",\"position\":1,\"name\":\"Strona g\u0142\u00f3wna\",\"item\":\"https:\\\/\\\/ugwp.cfolks.pl\\\/bwb\\\/\"},{\"@type\":\"ListItem\",\"position\":2,\"name\":\"Wodoszczelne Przej\u015bcia Instalacyjne\",\"item\":\"https:\\\/\\\/ugwp.cfolks.pl\\\/bwb\\\/wodoszczelne-przejscia-instalacyjne\\\/\"},{\"@type\":\"ListItem\",\"position\":3,\"name\":\"Odp\u0142ywy powierzchniowe\"}]},{\"@type\":\"WebSite\",\"@id\":\"https:\\\/\\\/ugwp.cfolks.pl\\\/bwb\\\/#website\",\"url\":\"https:\\\/\\\/ugwp.cfolks.pl\\\/bwb\\\/\",\"name\":\"BWB technology\",\"description\":\"Kolejna witryna oparta na WordPressie\",\"potentialAction\":[{\"@type\":\"SearchAction\",\"target\":{\"@type\":\"EntryPoint\",\"urlTemplate\":\"https:\\\/\\\/ugwp.cfolks.pl\\\/bwb\\\/?s={search_term_string}\"},\"query-input\":{\"@type\":\"PropertyValueSpecification\",\"valueRequired\":true,\"valueName\":\"search_term_string\"}}],\"inLanguage\":\"pl-PL\"}]}<\/script>\n<!-- \/ Yoast SEO plugin. -->","yoast_head_json":{"title":"Szczelne Odp\u0142ywy Powierzchniowe KRASO\u00ae Innowacyjne Produkty","description":"Szczelne Odp\u0142ywy Pod\u0142ogowe Spusty Piwniczne Odp\u0142ywy Parkingowe Systemy Odwodnienia do Betonowych Szyb\u00f3w \u015awietlnych i Akcesoria Do Systemu Odwodnienia","robots":{"index":"noindex","follow":"follow","max-snippet":"max-snippet:-1","max-image-preview":"max-image-preview:large","max-video-preview":"max-video-preview:-1"},"og_locale":"pl_PL","og_type":"article","og_title":"Szczelne Odp\u0142ywy Powierzchniowe KRASO\u00ae Innowacyjne Produkty","og_description":"Szczelne Odp\u0142ywy Pod\u0142ogowe Spusty Piwniczne Odp\u0142ywy Parkingowe Systemy Odwodnienia do Betonowych Szyb\u00f3w \u015awietlnych i Akcesoria Do Systemu Odwodnienia","og_url":"https:\/\/ugwp.cfolks.pl\/bwb\/wodoszczelne-przejscia-instalacyjne\/odplywy-powierzchniowe\/","og_site_name":"BWB technology","article_modified_time":"2024-10-10T11:16:42+00:00","og_image":[{"url":"https:\/\/ugwp.cfolks.pl\/bwb\/wp-content\/uploads\/Odplyw-podlogowy-KRASO-100%xauto.jpg","type":"","width":"","height":""}],"twitter_card":"summary_large_image","twitter_misc":{"Szacowany czas czytania":"4 minuty"},"schema":{"@context":"https:\/\/schema.org","@graph":[{"@type":"WebPage","@id":"https:\/\/ugwp.cfolks.pl\/bwb\/wodoszczelne-przejscia-instalacyjne\/odplywy-powierzchniowe\/","url":"https:\/\/ugwp.cfolks.pl\/bwb\/wodoszczelne-przejscia-instalacyjne\/odplywy-powierzchniowe\/","name":"Szczelne Odp\u0142ywy Powierzchniowe KRASO\u00ae Innowacyjne Produkty","isPartOf":{"@id":"https:\/\/ugwp.cfolks.pl\/bwb\/#website"},"primaryImageOfPage":{"@id":"https:\/\/ugwp.cfolks.pl\/bwb\/wodoszczelne-przejscia-instalacyjne\/odplywy-powierzchniowe\/#primaryimage"},"image":{"@id":"https:\/\/ugwp.cfolks.pl\/bwb\/wodoszczelne-przejscia-instalacyjne\/odplywy-powierzchniowe\/#primaryimage"},"thumbnailUrl":"https:\/\/ugwp.cfolks.pl\/bwb\/wp-content\/uploads\/Odplyw-podlogowy-KRASO-100%xauto.jpg","datePublished":"2022-11-14T12:17:29+00:00","dateModified":"2024-10-10T11:16:42+00:00","description":"Szczelne Odp\u0142ywy Pod\u0142ogowe Spusty Piwniczne Odp\u0142ywy Parkingowe Systemy Odwodnienia do Betonowych Szyb\u00f3w \u015awietlnych i Akcesoria Do Systemu Odwodnienia","breadcrumb":{"@id":"https:\/\/ugwp.cfolks.pl\/bwb\/wodoszczelne-przejscia-instalacyjne\/odplywy-powierzchniowe\/#breadcrumb"},"inLanguage":"pl-PL","potentialAction":[{"@type":"ReadAction","target":["https:\/\/ugwp.cfolks.pl\/bwb\/wodoszczelne-przejscia-instalacyjne\/odplywy-powierzchniowe\/"]}]},{"@type":"ImageObject","inLanguage":"pl-PL","@id":"https:\/\/ugwp.cfolks.pl\/bwb\/wodoszczelne-przejscia-instalacyjne\/odplywy-powierzchniowe\/#primaryimage","url":"https:\/\/ugwp.cfolks.pl\/bwb\/wp-content\/uploads\/Odplyw-podlogowy-KRASO-100%xauto.jpg","contentUrl":"https:\/\/ugwp.cfolks.pl\/bwb\/wp-content\/uploads\/Odplyw-podlogowy-KRASO-100%xauto.jpg"},{"@type":"BreadcrumbList","@id":"https:\/\/ugwp.cfolks.pl\/bwb\/wodoszczelne-przejscia-instalacyjne\/odplywy-powierzchniowe\/#breadcrumb","itemListElement":[{"@type":"ListItem","position":1,"name":"Strona g\u0142\u00f3wna","item":"https:\/\/ugwp.cfolks.pl\/bwb\/"},{"@type":"ListItem","position":2,"name":"Wodoszczelne Przej\u015bcia Instalacyjne","item":"https:\/\/ugwp.cfolks.pl\/bwb\/wodoszczelne-przejscia-instalacyjne\/"},{"@type":"ListItem","position":3,"name":"Odp\u0142ywy powierzchniowe"}]},{"@type":"WebSite","@id":"https:\/\/ugwp.cfolks.pl\/bwb\/#website","url":"https:\/\/ugwp.cfolks.pl\/bwb\/","name":"BWB technology","description":"Kolejna witryna oparta na WordPressie","potentialAction":[{"@type":"SearchAction","target":{"@type":"EntryPoint","urlTemplate":"https:\/\/ugwp.cfolks.pl\/bwb\/?s={search_term_string}"},"query-input":{"@type":"PropertyValueSpecification","valueRequired":true,"valueName":"search_term_string"}}],"inLanguage":"pl-PL"}]}},"_links":{"self":[{"href":"https:\/\/ugwp.cfolks.pl\/bwb\/wp-json\/wp\/v2\/pages\/2184","targetHints":{"allow":["GET"]}}],"collection":[{"href":"https:\/\/ugwp.cfolks.pl\/bwb\/wp-json\/wp\/v2\/pages"}],"about":[{"href":"https:\/\/ugwp.cfolks.pl\/bwb\/wp-json\/wp\/v2\/types\/page"}],"author":[{"embeddable":true,"href":"https:\/\/ugwp.cfolks.pl\/bwb\/wp-json\/wp\/v2\/users\/1"}],"replies":[{"embeddable":true,"href":"https:\/\/ugwp.cfolks.pl\/bwb\/wp-json\/wp\/v2\/comments?post=2184"}],"version-history":[{"count":12,"href":"https:\/\/ugwp.cfolks.pl\/bwb\/wp-json\/wp\/v2\/pages\/2184\/revisions"}],"predecessor-version":[{"id":6884,"href":"https:\/\/ugwp.cfolks.pl\/bwb\/wp-json\/wp\/v2\/pages\/2184\/revisions\/6884"}],"up":[{"embeddable":true,"href":"https:\/\/ugwp.cfolks.pl\/bwb\/wp-json\/wp\/v2\/pages\/2111"}],"wp:attachment":[{"href":"https:\/\/ugwp.cfolks.pl\/bwb\/wp-json\/wp\/v2\/media?parent=2184"}],"curies":[{"name":"wp","href":"https:\/\/api.w.org\/{rel}","templated":true}]}}