{"id":1833,"date":"2022-07-10T21:25:26","date_gmt":"2022-07-10T19:25:26","guid":{"rendered":"https:\/\/ugwp.cfolks.pl\/bwb\/?page_id=1833"},"modified":"2024-08-06T16:17:15","modified_gmt":"2024-08-06T14:17:15","slug":"o-firmie","status":"publish","type":"page","link":"https:\/\/ugwp.cfolks.pl\/bwb\/o-firmie\/","title":{"rendered":"O Firmie"},"content":{"rendered":"\t\t<div data-elementor-type=\"wp-page\" data-elementor-id=\"1833\" class=\"elementor elementor-1833\">\n\t\t\t\t\t\t<section class=\"elementor-section elementor-top-section elementor-element elementor-element-80fdbe9 elementor-section-full_width elementor-section-height-default elementor-section-height-default\" data-id=\"80fdbe9\" data-element_type=\"section\">\n\t\t\t\t\t\t<div class=\"elementor-container elementor-column-gap-default\">\n\t\t\t\t\t<div class=\"elementor-column elementor-col-100 elementor-top-column elementor-element elementor-element-beeeb97\" data-id=\"beeeb97\" data-element_type=\"column\">\n\t\t\t<div class=\"elementor-widget-wrap elementor-element-populated\">\n\t\t\t\t\t\t<div class=\"elementor-element elementor-element-98d06b1 elementor-widget elementor-widget-heading\" data-id=\"98d06b1\" data-element_type=\"widget\" data-widget_type=\"heading.default\">\n\t\t\t\t<div class=\"elementor-widget-container\">\n\t\t\t<h2 class=\"elementor-heading-title elementor-size-default\">O firmie<\/h2>\t\t<\/div>\n\t\t\t\t<\/div>\n\t\t\t\t\t<\/div>\n\t\t<\/div>\n\t\t\t\t\t<\/div>\n\t\t<\/section>\n\t\t\t\t<section class=\"elementor-section elementor-top-section elementor-element elementor-element-7afd570 elementor-section-full_width elementor-section-height-default elementor-section-height-default\" data-id=\"7afd570\" data-element_type=\"section\">\n\t\t\t\t\t\t<div class=\"elementor-container elementor-column-gap-default\">\n\t\t\t\t\t<div class=\"elementor-column elementor-col-50 elementor-top-column elementor-element elementor-element-cb535d6\" data-id=\"cb535d6\" data-element_type=\"column\">\n\t\t\t<div class=\"elementor-widget-wrap elementor-element-populated\">\n\t\t\t\t\t\t<div class=\"elementor-element elementor-element-0972cc6 elementor-widget elementor-widget-text-editor\" data-id=\"0972cc6\" data-element_type=\"widget\" data-widget_type=\"text-editor.default\">\n\t\t\t\t<div class=\"elementor-widget-container\">\n\t\t\t\t\t\t\t<h5>Szanowni Pa\u0144stwo,<\/h5><p>firma BWB technology powsta\u0142a na pocz\u0105tku pa\u017adziernika 2016 roku. Swoj\u0105 ofert\u0119 kieruje do projektant\u00f3w, in\u017cynier\u00f3w oraz firm wykonawczych, poszukuj\u0105cych profesjonalnych materia\u0142\u00f3w i technologii budowlanych, stawiaj\u0105c sobie za g\u0142\u00f3wnych cel jako\u015b\u0107, trwa\u0142o\u015b\u0107 i niezawodno\u015b\u0107 stosowanych wyrob\u00f3w oraz technologii budowlanych na swoich inwestycjach.<\/p><p>Mimo \u017ce jeste\u015bmy now\u0105 firm\u0105 na rynku, nasz zesp\u00f3\u0142 posiada kilkunastoletnie do\u015bwiadczenie w zakresie doradztwa oraz obs\u0142ugi bran\u017cy budowlanej, zar\u00f3wno je\u015bli chodzi o wsp\u00f3\u0142prac\u0119 z projektantami jak i firmami wykonawczymi.<\/p><p>Nasi in\u017cynierowie wraz z in\u017cynierami z firm partnerskich rozwi\u0105\u017c\u0105 wszelkie problemy w zakresie \u0142o\u017cyskowania obiekt\u00f3w in\u017cynieryjnych, dylatacji konstrukcyjnych, uszczelnie\u0144 obiekt\u00f3w czy techniki elastomerowej i \u015blizgowej.<\/p><p>Jako przedstawiciel firm niemieckich dzia\u0142aj\u0105cych w bran\u017cy budowlanej, zrzeszonych pod jedn\u0105 wsp\u00f3ln\u0105 mark\u0105 BESAGROUP, jeste\u015bmy przekonani, \u017ce oferowane Pa\u0144stwu produkty s\u0105 najwy\u017cszej \u015bwiatowej marki i z pewno\u015bci\u0105 spe\u0142ni\u0105 Pa\u0144stwa oczekiwania.<\/p><p>Zapraszamy do wsp\u00f3\u0142pracy!<\/p>\t\t\t\t\t\t<\/div>\n\t\t\t\t<\/div>\n\t\t\t\t\t<\/div>\n\t\t<\/div>\n\t\t\t\t<div class=\"elementor-column elementor-col-50 elementor-top-column elementor-element elementor-element-bb80847\" data-id=\"bb80847\" data-element_type=\"column\">\n\t\t\t<div class=\"elementor-widget-wrap\">\n\t\t\t\t\t\t\t<\/div>\n\t\t<\/div>\n\t\t\t\t\t<\/div>\n\t\t<\/section>\n\t\t\t\t<section class=\"elementor-section elementor-top-section elementor-element elementor-element-2463667 elementor-section-full_width elementor-section-height-default elementor-section-height-default\" data-id=\"2463667\" data-element_type=\"section\">\n\t\t\t\t\t\t<div class=\"elementor-container elementor-column-gap-default\">\n\t\t\t\t\t<div class=\"elementor-column elementor-col-100 elementor-top-column elementor-element elementor-element-d602f0e\" data-id=\"d602f0e\" data-element_type=\"column\">\n\t\t\t<div class=\"elementor-widget-wrap elementor-element-populated\">\n\t\t\t\t\t\t<div class=\"elementor-element elementor-element-9babe99 elementor-widget elementor-widget-heading\" data-id=\"9babe99\" data-element_type=\"widget\" data-widget_type=\"heading.default\">\n\t\t\t\t<div class=\"elementor-widget-container\">\n\t\t\t<h2 class=\"elementor-heading-title elementor-size-default\">Dlaczego my?<\/h2>\t\t<\/div>\n\t\t\t\t<\/div>\n\t\t\t\t\t<\/div>\n\t\t<\/div>\n\t\t\t\t\t<\/div>\n\t\t<\/section>\n\t\t\t\t<section class=\"elementor-section elementor-top-section elementor-element elementor-element-c6f7fdc elementor-section-boxed elementor-section-height-default elementor-section-height-default\" data-id=\"c6f7fdc\" data-element_type=\"section\">\n\t\t\t\t\t\t<div class=\"elementor-container elementor-column-gap-default\">\n\t\t\t\t\t<div class=\"elementor-column elementor-col-33 elementor-top-column elementor-element elementor-element-0be4b2f\" data-id=\"0be4b2f\" data-element_type=\"column\">\n\t\t\t<div class=\"elementor-widget-wrap elementor-element-populated\">\n\t\t\t\t\t\t<div class=\"elementor-element elementor-element-b68a23d elementor-view-default elementor-position-top elementor-mobile-position-top elementor-widget elementor-widget-icon-box\" data-id=\"b68a23d\" data-element_type=\"widget\" data-widget_type=\"icon-box.default\">\n\t\t\t\t<div class=\"elementor-widget-container\">\n\t\t\t\t\t<div class=\"elementor-icon-box-wrapper\">\n\n\t\t\t\t\t\t<div class=\"elementor-icon-box-icon\">\n\t\t\t\t<span  class=\"elementor-icon elementor-animation-\">\n\t\t\t\t<i aria-hidden=\"true\" class=\"far fa-calendar-check\"><\/i>\t\t\t\t<\/span>\n\t\t\t<\/div>\n\t\t\t\n\t\t\t\t\t\t<div class=\"elementor-icon-box-content\">\n\n\t\t\t\t\t\t\t\t\t<h3 class=\"elementor-icon-box-title\">\n\t\t\t\t\t\t<span  >\n\t\t\t\t\t\t\tSprawdzeni dostawcy\t\t\t\t\t\t<\/span>\n\t\t\t\t\t<\/h3>\n\t\t\t\t\n\t\t\t\t\t\t\t\t\t<p class=\"elementor-icon-box-description\">\n\t\t\t\t\t\tWsp\u00f3\u0142pracujemy wy\u0142\u0105cznie z zaufanymi dostawcami, aby zagwarantowa\u0107 najwy\u017csz\u0105 jako\u015b\u0107 naszych produkt\u00f3w. DEFLEX, KRASO \u2013 to niekt\u00f3re firmy, kt\u00f3rych jeste\u015bmy przedstawicielem.\t\t\t\t\t<\/p>\n\t\t\t\t\n\t\t\t<\/div>\n\t\t\t\n\t\t<\/div>\n\t\t\t\t<\/div>\n\t\t\t\t<\/div>\n\t\t\t\t\t<\/div>\n\t\t<\/div>\n\t\t\t\t<div class=\"elementor-column elementor-col-33 elementor-top-column elementor-element elementor-element-df0033d\" data-id=\"df0033d\" data-element_type=\"column\">\n\t\t\t<div class=\"elementor-widget-wrap elementor-element-populated\">\n\t\t\t\t\t\t<div class=\"elementor-element elementor-element-3e7e8a8 elementor-view-default elementor-position-top elementor-mobile-position-top elementor-widget elementor-widget-icon-box\" data-id=\"3e7e8a8\" data-element_type=\"widget\" data-widget_type=\"icon-box.default\">\n\t\t\t\t<div class=\"elementor-widget-container\">\n\t\t\t\t\t<div class=\"elementor-icon-box-wrapper\">\n\n\t\t\t\t\t\t<div class=\"elementor-icon-box-icon\">\n\t\t\t\t<span  class=\"elementor-icon elementor-animation-\">\n\t\t\t\t<i aria-hidden=\"true\" class=\"fas fa-user-tie\"><\/i>\t\t\t\t<\/span>\n\t\t\t<\/div>\n\t\t\t\n\t\t\t\t\t\t<div class=\"elementor-icon-box-content\">\n\n\t\t\t\t\t\t\t\t\t<h3 class=\"elementor-icon-box-title\">\n\t\t\t\t\t\t<span  >\n\t\t\t\t\t\t\tDo\u015bwiadczony zesp\u00f3\u0142\t\t\t\t\t\t<\/span>\n\t\t\t\t\t<\/h3>\n\t\t\t\t\n\t\t\t\t\t\t\t\t\t<p class=\"elementor-icon-box-description\">\n\t\t\t\t\t\tNasz zesp\u00f3\u0142 sk\u0142ada si\u0119 z ekspert\u00f3w z wieloletnim do\u015bwiadczeniem w bran\u017cy budowlanej. Z ch\u0119ci\u0105 pomo\u017cemy Ci w wyborze najlepszych produkt\u00f3w na potrzeby dowolnej inwestycji.\t\t\t\t\t<\/p>\n\t\t\t\t\n\t\t\t<\/div>\n\t\t\t\n\t\t<\/div>\n\t\t\t\t<\/div>\n\t\t\t\t<\/div>\n\t\t\t\t\t<\/div>\n\t\t<\/div>\n\t\t\t\t<div class=\"elementor-column elementor-col-33 elementor-top-column elementor-element elementor-element-fca578f\" data-id=\"fca578f\" data-element_type=\"column\">\n\t\t\t<div class=\"elementor-widget-wrap elementor-element-populated\">\n\t\t\t\t\t\t<div class=\"elementor-element elementor-element-2873e7c elementor-view-default elementor-position-top elementor-mobile-position-top elementor-widget elementor-widget-icon-box\" data-id=\"2873e7c\" data-element_type=\"widget\" data-widget_type=\"icon-box.default\">\n\t\t\t\t<div class=\"elementor-widget-container\">\n\t\t\t\t\t<div class=\"elementor-icon-box-wrapper\">\n\n\t\t\t\t\t\t<div class=\"elementor-icon-box-icon\">\n\t\t\t\t<span  class=\"elementor-icon elementor-animation-\">\n\t\t\t\t<i aria-hidden=\"true\" class=\"fas fa-truck\"><\/i>\t\t\t\t<\/span>\n\t\t\t<\/div>\n\t\t\t\n\t\t\t\t\t\t<div class=\"elementor-icon-box-content\">\n\n\t\t\t\t\t\t\t\t\t<h3 class=\"elementor-icon-box-title\">\n\t\t\t\t\t\t<span  >\n\t\t\t\t\t\t\tSzybka dostawa\t\t\t\t\t\t<\/span>\n\t\t\t\t\t<\/h3>\n\t\t\t\t\n\t\t\t\t\t\t\t\t\t<p class=\"elementor-icon-box-description\">\n\t\t\t\t\t\tDbamy o Tw\u00f3j czas, dlatego zapewniamy b\u0142yskawiczn\u0105 dostaw\u0119. Niezale\u017cnie od miejsca, mo\u017cesz liczy\u0107 na szybki i bezproblemowy transport.\t\t\t\t\t<\/p>\n\t\t\t\t\n\t\t\t<\/div>\n\t\t\t\n\t\t<\/div>\n\t\t\t\t<\/div>\n\t\t\t\t<\/div>\n\t\t\t\t\t<\/div>\n\t\t<\/div>\n\t\t\t\t\t<\/div>\n\t\t<\/section>\n\t\t\t\t<section class=\"elementor-section elementor-top-section elementor-element elementor-element-f333f6c elementor-section-full_width elementor-section-height-default elementor-section-height-default\" data-id=\"f333f6c\" data-element_type=\"section\">\n\t\t\t\t\t\t<div class=\"elementor-container elementor-column-gap-default\">\n\t\t\t\t\t<div class=\"elementor-column elementor-col-100 elementor-top-column elementor-element elementor-element-a35f956\" data-id=\"a35f956\" data-element_type=\"column\">\n\t\t\t<div class=\"elementor-widget-wrap elementor-element-populated\">\n\t\t\t\t\t\t<div class=\"elementor-element elementor-element-09a8fc3 elementor-widget elementor-widget-heading\" data-id=\"09a8fc3\" data-element_type=\"widget\" data-widget_type=\"heading.default\">\n\t\t\t\t<div class=\"elementor-widget-container\">\n\t\t\t<h2 class=\"elementor-heading-title elementor-size-default\">Autoryzowany przedstawiciel<\/h2>\t\t<\/div>\n\t\t\t\t<\/div>\n\t\t\t\t\t<\/div>\n\t\t<\/div>\n\t\t\t\t\t<\/div>\n\t\t<\/section>\n\t\t\t\t<section class=\"elementor-section elementor-top-section elementor-element elementor-element-e68bd2e elementor-section-full_width elementor-section-height-default elementor-section-height-default\" data-id=\"e68bd2e\" data-element_type=\"section\">\n\t\t\t\t\t\t<div class=\"elementor-container elementor-column-gap-default\">\n\t\t\t\t\t<div class=\"elementor-column elementor-col-100 elementor-top-column elementor-element elementor-element-7fa08ae\" data-id=\"7fa08ae\" data-element_type=\"column\">\n\t\t\t<div class=\"elementor-widget-wrap elementor-element-populated\">\n\t\t\t\t\t\t<div class=\"elementor-element elementor-element-701f395 elementor-arrows-position-inside elementor-widget elementor-widget-image-carousel\" data-id=\"701f395\" data-element_type=\"widget\" data-settings=\"{&quot;slides_to_show&quot;:&quot;5&quot;,&quot;slides_to_scroll&quot;:&quot;1&quot;,&quot;navigation&quot;:&quot;arrows&quot;,&quot;autoplay&quot;:&quot;yes&quot;,&quot;pause_on_hover&quot;:&quot;yes&quot;,&quot;pause_on_interaction&quot;:&quot;yes&quot;,&quot;autoplay_speed&quot;:5000,&quot;infinite&quot;:&quot;yes&quot;,&quot;speed&quot;:500}\" data-widget_type=\"image-carousel.default\">\n\t\t\t\t<div class=\"elementor-widget-container\">\n\t\t\t\t\t<div class=\"elementor-image-carousel-wrapper swiper\" dir=\"ltr\">\n\t\t\t<div class=\"elementor-image-carousel swiper-wrapper\" aria-live=\"off\">\n\t\t\t\t\t\t\t\t<div class=\"swiper-slide\" role=\"group\" aria-roledescription=\"slide\" aria-label=\"1 z 6\"><figure class=\"swiper-slide-inner\"><img decoding=\"async\" class=\"swiper-slide-image\" src=\"https:\/\/ugwp.cfolks.pl\/bwb\/wp-content\/uploads\/elementor\/thumbs\/BesaGroup_Logo-q3n7fuvtdez8kqvadom2auzm0c4fd52uf3qp0ukco0.jpg\" alt=\"BesaGroup_Logo\" \/><\/figure><\/div><div class=\"swiper-slide\" role=\"group\" aria-roledescription=\"slide\" aria-label=\"2 z 6\"><figure class=\"swiper-slide-inner\"><img decoding=\"async\" class=\"swiper-slide-image\" src=\"https:\/\/ugwp.cfolks.pl\/bwb\/wp-content\/uploads\/elementor\/thumbs\/BesaPlast_Logo-q3n7fuvtdez8kqvadom2auzm0c4fd52uf3qp0ukco0.jpg\" alt=\"BesaPlast_Logo\" \/><\/figure><\/div><div class=\"swiper-slide\" role=\"group\" aria-roledescription=\"slide\" aria-label=\"3 z 6\"><figure class=\"swiper-slide-inner\"><img decoding=\"async\" class=\"swiper-slide-image\" src=\"https:\/\/ugwp.cfolks.pl\/bwb\/wp-content\/uploads\/elementor\/thumbs\/Deflex_Logo-q3n7fvtnk90iwctx870ovcr2lpzsku6kr8e6i4iyhs.jpg\" alt=\"Deflex_Logo\" \/><\/figure><\/div><div class=\"swiper-slide\" role=\"group\" aria-roledescription=\"slide\" aria-label=\"4 z 6\"><figure class=\"swiper-slide-inner\"><img decoding=\"async\" class=\"swiper-slide-image\" src=\"https:\/\/ugwp.cfolks.pl\/bwb\/wp-content\/uploads\/elementor\/thumbs\/Gumba_Logo-q3n7fvtnk90iwctx870ovcr2lpzsku6kr8e6i4iyhs.jpg\" alt=\"Gumba_Logo\" \/><\/figure><\/div><div class=\"swiper-slide\" role=\"group\" aria-roledescription=\"slide\" aria-label=\"5 z 6\"><figure class=\"swiper-slide-inner\"><img decoding=\"async\" class=\"swiper-slide-image\" src=\"https:\/\/ugwp.cfolks.pl\/bwb\/wp-content\/uploads\/elementor\/thumbs\/Kraso_Logo-q3n7fwrhr31t7ysk2pfbfuij73v5sjab3d1nzehkbk.jpg\" alt=\"Kraso_Logo\" \/><\/figure><\/div><div class=\"swiper-slide\" role=\"group\" aria-roledescription=\"slide\" aria-label=\"6 z 6\"><figure class=\"swiper-slide-inner\"><img decoding=\"async\" class=\"swiper-slide-image\" src=\"https:\/\/ugwp.cfolks.pl\/bwb\/wp-content\/uploads\/elementor\/thumbs\/Leshuplast_Logo-q3n7fwrhr31t7ysk2pfbfuij73v5sjab3d1nzehkbk.jpg\" alt=\"Leshuplast_Logo\" \/><\/figure><\/div>\t\t\t<\/div>\n\t\t\t\t\t\t\t\t\t\t\t\t<div class=\"elementor-swiper-button elementor-swiper-button-prev\" role=\"button\" tabindex=\"0\">\n\t\t\t\t\t\t<i aria-hidden=\"true\" class=\"eicon-chevron-left\"><\/i>\t\t\t\t\t<\/div>\n\t\t\t\t\t<div class=\"elementor-swiper-button elementor-swiper-button-next\" role=\"button\" tabindex=\"0\">\n\t\t\t\t\t\t<i aria-hidden=\"true\" class=\"eicon-chevron-right\"><\/i>\t\t\t\t\t<\/div>\n\t\t\t\t\n\t\t\t\t\t\t\t\t\t<\/div>\n\t\t\t\t<\/div>\n\t\t\t\t<\/div>\n\t\t\t\t\t<\/div>\n\t\t<\/div>\n\t\t\t\t\t<\/div>\n\t\t<\/section>\n\t\t\t\t<\/div>\n\t\t","protected":false},"excerpt":{"rendered":"<p>O firmie Szanowni Pa\u0144stwo, firma BWB technology powsta\u0142a na pocz\u0105tku pa\u017adziernika 2016 roku. Swoj\u0105 ofert\u0119 kieruje do projektant\u00f3w, in\u017cynier\u00f3w oraz firm wykonawczych, poszukuj\u0105cych profesjonalnych materia\u0142\u00f3w i technologii budowlanych, stawiaj\u0105c sobie za g\u0142\u00f3wnych cel jako\u015b\u0107, trwa\u0142o\u015b\u0107 i niezawodno\u015b\u0107 stosowanych wyrob\u00f3w oraz technologii budowlanych na swoich inwestycjach. Mimo \u017ce jeste\u015bmy now\u0105 firm\u0105 na rynku, nasz zesp\u00f3\u0142 posiada [&hellip;]<\/p>\n","protected":false},"author":1,"featured_media":0,"parent":0,"menu_order":0,"comment_status":"closed","ping_status":"closed","template":"elementor_header_footer","meta":{"_acf_changed":false,"footnotes":""},"class_list":["post-1833","page","type-page","status-publish","hentry"],"acf":[],"yoast_head":"<!-- This site is optimized with the Yoast SEO plugin v27.3 - https:\/\/yoast.com\/product\/yoast-seo-wordpress\/ -->\n<title>O Firmie - BWB technology<\/title>\n<meta name=\"robots\" content=\"noindex, follow, max-snippet:-1, max-image-preview:large, max-video-preview:-1\" \/>\n<meta property=\"og:locale\" content=\"pl_PL\" \/>\n<meta property=\"og:type\" content=\"article\" \/>\n<meta property=\"og:title\" content=\"O Firmie - BWB technology\" \/>\n<meta property=\"og:description\" content=\"O firmie Szanowni Pa\u0144stwo, firma BWB technology powsta\u0142a na pocz\u0105tku pa\u017adziernika 2016 roku. Swoj\u0105 ofert\u0119 kieruje do projektant\u00f3w, in\u017cynier\u00f3w oraz firm wykonawczych, poszukuj\u0105cych profesjonalnych materia\u0142\u00f3w i technologii budowlanych, stawiaj\u0105c sobie za g\u0142\u00f3wnych cel jako\u015b\u0107, trwa\u0142o\u015b\u0107 i niezawodno\u015b\u0107 stosowanych wyrob\u00f3w oraz technologii budowlanych na swoich inwestycjach. Mimo \u017ce jeste\u015bmy now\u0105 firm\u0105 na rynku, nasz zesp\u00f3\u0142 posiada [&hellip;]\" \/>\n<meta property=\"og:url\" content=\"https:\/\/ugwp.cfolks.pl\/bwb\/o-firmie\/\" \/>\n<meta property=\"og:site_name\" content=\"BWB technology\" \/>\n<meta property=\"article:modified_time\" content=\"2024-08-06T14:17:15+00:00\" \/>\n<meta property=\"og:image\" content=\"https:\/\/ugwp.cfolks.pl\/bwb\/wp-content\/uploads\/elementor\/thumbs\/BesaGroup_Logo-q3n7fuvtdez8kqvadom2auzm0c4fd52uf3qp0ukco0.jpg\" \/>\n<meta name=\"twitter:card\" content=\"summary_large_image\" \/>\n<meta name=\"twitter:label1\" content=\"Szacowany czas czytania\" \/>\n\t<meta name=\"twitter:data1\" content=\"5 minut\" \/>\n<script type=\"application\/ld+json\" class=\"yoast-schema-graph\">{\"@context\":\"https:\\\/\\\/schema.org\",\"@graph\":[{\"@type\":\"WebPage\",\"@id\":\"https:\\\/\\\/ugwp.cfolks.pl\\\/bwb\\\/o-firmie\\\/\",\"url\":\"https:\\\/\\\/ugwp.cfolks.pl\\\/bwb\\\/o-firmie\\\/\",\"name\":\"O Firmie - BWB technology\",\"isPartOf\":{\"@id\":\"https:\\\/\\\/ugwp.cfolks.pl\\\/bwb\\\/#website\"},\"primaryImageOfPage\":{\"@id\":\"https:\\\/\\\/ugwp.cfolks.pl\\\/bwb\\\/o-firmie\\\/#primaryimage\"},\"image\":{\"@id\":\"https:\\\/\\\/ugwp.cfolks.pl\\\/bwb\\\/o-firmie\\\/#primaryimage\"},\"thumbnailUrl\":\"https:\\\/\\\/ugwp.cfolks.pl\\\/bwb\\\/wp-content\\\/uploads\\\/elementor\\\/thumbs\\\/BesaGroup_Logo-q3n7fuvtdez8kqvadom2auzm0c4fd52uf3qp0ukco0.jpg\",\"datePublished\":\"2022-07-10T19:25:26+00:00\",\"dateModified\":\"2024-08-06T14:17:15+00:00\",\"breadcrumb\":{\"@id\":\"https:\\\/\\\/ugwp.cfolks.pl\\\/bwb\\\/o-firmie\\\/#breadcrumb\"},\"inLanguage\":\"pl-PL\",\"potentialAction\":[{\"@type\":\"ReadAction\",\"target\":[\"https:\\\/\\\/ugwp.cfolks.pl\\\/bwb\\\/o-firmie\\\/\"]}]},{\"@type\":\"ImageObject\",\"inLanguage\":\"pl-PL\",\"@id\":\"https:\\\/\\\/ugwp.cfolks.pl\\\/bwb\\\/o-firmie\\\/#primaryimage\",\"url\":\"https:\\\/\\\/ugwp.cfolks.pl\\\/bwb\\\/wp-content\\\/uploads\\\/elementor\\\/thumbs\\\/BesaGroup_Logo-q3n7fuvtdez8kqvadom2auzm0c4fd52uf3qp0ukco0.jpg\",\"contentUrl\":\"https:\\\/\\\/ugwp.cfolks.pl\\\/bwb\\\/wp-content\\\/uploads\\\/elementor\\\/thumbs\\\/BesaGroup_Logo-q3n7fuvtdez8kqvadom2auzm0c4fd52uf3qp0ukco0.jpg\"},{\"@type\":\"BreadcrumbList\",\"@id\":\"https:\\\/\\\/ugwp.cfolks.pl\\\/bwb\\\/o-firmie\\\/#breadcrumb\",\"itemListElement\":[{\"@type\":\"ListItem\",\"position\":1,\"name\":\"Strona g\u0142\u00f3wna\",\"item\":\"https:\\\/\\\/ugwp.cfolks.pl\\\/bwb\\\/\"},{\"@type\":\"ListItem\",\"position\":2,\"name\":\"O Firmie\"}]},{\"@type\":\"WebSite\",\"@id\":\"https:\\\/\\\/ugwp.cfolks.pl\\\/bwb\\\/#website\",\"url\":\"https:\\\/\\\/ugwp.cfolks.pl\\\/bwb\\\/\",\"name\":\"BWB technology\",\"description\":\"Kolejna witryna oparta na WordPressie\",\"potentialAction\":[{\"@type\":\"SearchAction\",\"target\":{\"@type\":\"EntryPoint\",\"urlTemplate\":\"https:\\\/\\\/ugwp.cfolks.pl\\\/bwb\\\/?s={search_term_string}\"},\"query-input\":{\"@type\":\"PropertyValueSpecification\",\"valueRequired\":true,\"valueName\":\"search_term_string\"}}],\"inLanguage\":\"pl-PL\"}]}<\/script>\n<!-- \/ Yoast SEO plugin. -->","yoast_head_json":{"title":"O Firmie - BWB technology","robots":{"index":"noindex","follow":"follow","max-snippet":"max-snippet:-1","max-image-preview":"max-image-preview:large","max-video-preview":"max-video-preview:-1"},"og_locale":"pl_PL","og_type":"article","og_title":"O Firmie - BWB technology","og_description":"O firmie Szanowni Pa\u0144stwo, firma BWB technology powsta\u0142a na pocz\u0105tku pa\u017adziernika 2016 roku. Swoj\u0105 ofert\u0119 kieruje do projektant\u00f3w, in\u017cynier\u00f3w oraz firm wykonawczych, poszukuj\u0105cych profesjonalnych materia\u0142\u00f3w i technologii budowlanych, stawiaj\u0105c sobie za g\u0142\u00f3wnych cel jako\u015b\u0107, trwa\u0142o\u015b\u0107 i niezawodno\u015b\u0107 stosowanych wyrob\u00f3w oraz technologii budowlanych na swoich inwestycjach. Mimo \u017ce jeste\u015bmy now\u0105 firm\u0105 na rynku, nasz zesp\u00f3\u0142 posiada [&hellip;]","og_url":"https:\/\/ugwp.cfolks.pl\/bwb\/o-firmie\/","og_site_name":"BWB technology","article_modified_time":"2024-08-06T14:17:15+00:00","og_image":[{"url":"https:\/\/ugwp.cfolks.pl\/bwb\/wp-content\/uploads\/elementor\/thumbs\/BesaGroup_Logo-q3n7fuvtdez8kqvadom2auzm0c4fd52uf3qp0ukco0.jpg","type":"","width":"","height":""}],"twitter_card":"summary_large_image","twitter_misc":{"Szacowany czas czytania":"5 minut"},"schema":{"@context":"https:\/\/schema.org","@graph":[{"@type":"WebPage","@id":"https:\/\/ugwp.cfolks.pl\/bwb\/o-firmie\/","url":"https:\/\/ugwp.cfolks.pl\/bwb\/o-firmie\/","name":"O Firmie - BWB technology","isPartOf":{"@id":"https:\/\/ugwp.cfolks.pl\/bwb\/#website"},"primaryImageOfPage":{"@id":"https:\/\/ugwp.cfolks.pl\/bwb\/o-firmie\/#primaryimage"},"image":{"@id":"https:\/\/ugwp.cfolks.pl\/bwb\/o-firmie\/#primaryimage"},"thumbnailUrl":"https:\/\/ugwp.cfolks.pl\/bwb\/wp-content\/uploads\/elementor\/thumbs\/BesaGroup_Logo-q3n7fuvtdez8kqvadom2auzm0c4fd52uf3qp0ukco0.jpg","datePublished":"2022-07-10T19:25:26+00:00","dateModified":"2024-08-06T14:17:15+00:00","breadcrumb":{"@id":"https:\/\/ugwp.cfolks.pl\/bwb\/o-firmie\/#breadcrumb"},"inLanguage":"pl-PL","potentialAction":[{"@type":"ReadAction","target":["https:\/\/ugwp.cfolks.pl\/bwb\/o-firmie\/"]}]},{"@type":"ImageObject","inLanguage":"pl-PL","@id":"https:\/\/ugwp.cfolks.pl\/bwb\/o-firmie\/#primaryimage","url":"https:\/\/ugwp.cfolks.pl\/bwb\/wp-content\/uploads\/elementor\/thumbs\/BesaGroup_Logo-q3n7fuvtdez8kqvadom2auzm0c4fd52uf3qp0ukco0.jpg","contentUrl":"https:\/\/ugwp.cfolks.pl\/bwb\/wp-content\/uploads\/elementor\/thumbs\/BesaGroup_Logo-q3n7fuvtdez8kqvadom2auzm0c4fd52uf3qp0ukco0.jpg"},{"@type":"BreadcrumbList","@id":"https:\/\/ugwp.cfolks.pl\/bwb\/o-firmie\/#breadcrumb","itemListElement":[{"@type":"ListItem","position":1,"name":"Strona g\u0142\u00f3wna","item":"https:\/\/ugwp.cfolks.pl\/bwb\/"},{"@type":"ListItem","position":2,"name":"O Firmie"}]},{"@type":"WebSite","@id":"https:\/\/ugwp.cfolks.pl\/bwb\/#website","url":"https:\/\/ugwp.cfolks.pl\/bwb\/","name":"BWB technology","description":"Kolejna witryna oparta na WordPressie","potentialAction":[{"@type":"SearchAction","target":{"@type":"EntryPoint","urlTemplate":"https:\/\/ugwp.cfolks.pl\/bwb\/?s={search_term_string}"},"query-input":{"@type":"PropertyValueSpecification","valueRequired":true,"valueName":"search_term_string"}}],"inLanguage":"pl-PL"}]}},"_links":{"self":[{"href":"https:\/\/ugwp.cfolks.pl\/bwb\/wp-json\/wp\/v2\/pages\/1833","targetHints":{"allow":["GET"]}}],"collection":[{"href":"https:\/\/ugwp.cfolks.pl\/bwb\/wp-json\/wp\/v2\/pages"}],"about":[{"href":"https:\/\/ugwp.cfolks.pl\/bwb\/wp-json\/wp\/v2\/types\/page"}],"author":[{"embeddable":true,"href":"https:\/\/ugwp.cfolks.pl\/bwb\/wp-json\/wp\/v2\/users\/1"}],"replies":[{"embeddable":true,"href":"https:\/\/ugwp.cfolks.pl\/bwb\/wp-json\/wp\/v2\/comments?post=1833"}],"version-history":[{"count":6,"href":"https:\/\/ugwp.cfolks.pl\/bwb\/wp-json\/wp\/v2\/pages\/1833\/revisions"}],"predecessor-version":[{"id":5761,"href":"https:\/\/ugwp.cfolks.pl\/bwb\/wp-json\/wp\/v2\/pages\/1833\/revisions\/5761"}],"wp:attachment":[{"href":"https:\/\/ugwp.cfolks.pl\/bwb\/wp-json\/wp\/v2\/media?parent=1833"}],"curies":[{"name":"wp","href":"https:\/\/api.w.org\/{rel}","templated":true}]}}